-- Table structure for cms_moduls
-- ----------------------------
CREATE TABLE `cms_moduls` (
  `id` int(10) unsigned NOT NULL AUTO_INCREMENT,
  `name` varchar(191) DEFAULT NULL,
  `icon` varchar(191) DEFAULT NULL,
  `path` varchar(191) DEFAULT NULL,
  `table_name` varchar(191) DEFAULT NULL,
  `controller` varchar(191) DEFAULT NULL,
  `is_protected` tinyint(1) NOT NULL DEFAULT 0,
  `is_active` tinyint(1) NOT NULL DEFAULT 0,
  `created_at` timestamp NULL DEFAULT NULL,
  `updated_at` timestamp NULL DEFAULT NULL,
  `deleted_at` timestamp NULL DEFAULT NULL,
  PRIMARY KEY (`id`)
) ENGINE=InnoDB AUTO_INCREMENT=16 DEFAULT CHARSET=utf8mb4 COLLATE=utf8mb4_unicode_ci;

-- ----------------------------
-- Records of cms_moduls
-- ----------------------------
BEGIN;
INSERT INTO `cms_moduls` (`id`, `name`, `icon`, `path`, `table_name`, `controller`, `is_protected`, `is_active`, `created_at`, `updated_at`, `deleted_at`) VALUES (1, 'Notifications', 'fa fa-cog', 'notifications', 'cms_notifications', 'NotificationsController', 1, 1, '2017-11-26 15:48:26', NULL, NULL);
INSERT INTO `cms_moduls` (`id`, `name`, `icon`, `path`, `table_name`, `controller`, `is_protected`, `is_active`, `created_at`, `updated_at`, `deleted_at`) VALUES (2, 'Privileges', 'fa fa-cog', 'privileges', 'cms_privileges', 'PrivilegesController', 1, 1, '2017-11-26 15:48:26', NULL, NULL);
INSERT INTO `cms_moduls` (`id`, `name`, `icon`, `path`, `table_name`, `controller`, `is_protected`, `is_active`, `created_at`, `updated_at`, `deleted_at`) VALUES (3, 'Privileges Roles', 'fa fa-cog', 'privileges_roles', 'cms_privileges_roles', 'PrivilegesRolesController', 1, 1, '2017-11-26 15:48:26', NULL, NULL);
INSERT INTO `cms_moduls` (`id`, `name`, `icon`, `path`, `table_name`, `controller`, `is_protected`, `is_active`, `created_at`, `updated_at`, `deleted_at`) VALUES (4, 'Users Management', 'fa fa-users', 'users', 'cms_users', 'AdminCmsUsersController', 0, 1, '2017-11-26 15:48:26', NULL, NULL);
INSERT INTO `cms_moduls` (`id`, `name`, `icon`, `path`, `table_name`, `controller`, `is_protected`, `is_active`, `created_at`, `updated_at`, `deleted_at`) VALUES (5, 'Settings', 'fa fa-cog', 'settings', 'cms_settings', 'SettingsController', 1, 1, '2017-11-26 15:48:26', NULL, NULL);
INSERT INTO `cms_moduls` (`id`, `name`, `icon`, `path`, `table_name`, `controller`, `is_protected`, `is_active`, `created_at`, `updated_at`, `deleted_at`) VALUES (6, 'Module Generator', 'fa fa-database', 'module_generator', 'cms_moduls', 'ModulsController', 1, 1, '2017-11-26 15:48:26', NULL, NULL);
INSERT INTO `cms_moduls` (`id`, `name`, `icon`, `path`, `table_name`, `controller`, `is_protected`, `is_active`, `created_at`, `updated_at`, `deleted_at`) VALUES (7, 'Menu Management', 'fa fa-bars', 'menu_management', 'cms_menus', 'MenusController', 1, 1, '2017-11-26 15:48:26', NULL, NULL);
INSERT INTO `cms_moduls` (`id`, `name`, `icon`, `path`, `table_name`, `controller`, `is_protected`, `is_active`, `created_at`, `updated_at`, `deleted_at`) VALUES (8, 'Email Templates', 'fa fa-envelope-o', 'email_templates', 'cms_email_templates', 'EmailTemplatesController', 1, 1, '2017-11-26 15:48:26', NULL, NULL);
INSERT INTO `cms_moduls` (`id`, `name`, `icon`, `path`, `table_name`, `controller`, `is_protected`, `is_active`, `created_at`, `updated_at`, `deleted_at`) VALUES (9, 'Statistic Builder', 'fa fa-dashboard', 'statistic_builder', 'cms_statistics', 'StatisticBuilderController', 1, 1, '2017-11-26 15:48:26', NULL, NULL);
INSERT INTO `cms_moduls` (`id`, `name`, `icon`, `path`, `table_name`, `controller`, `is_protected`, `is_active`, `created_at`, `updated_at`, `deleted_at`) VALUES (10, 'API Generator', 'fa fa-cloud-download', 'api_generator', '', 'ApiCustomController', 1, 1, '2017-11-26 15:48:26', NULL, NULL);
INSERT INTO `cms_moduls` (`id`, `name`, `icon`, `path`, `table_name`, `controller`, `is_protected`, `is_active`, `created_at`, `updated_at`, `deleted_at`) VALUES (11, 'Log User Access', 'fa fa-flag-o', 'logs', 'cms_logs', 'LogsController', 1, 1, '2017-11-26 15:48:26', NULL, NULL);
INSERT INTO `cms_moduls` (`id`, `name`, `icon`, `path`, `table_name`, `controller`, `is_protected`, `is_active`, `created_at`, `updated_at`, `deleted_at`) VALUES (12, 'prenotazioni', 'fa fa-star', 'prenotazioni', 'ub_prenotazioni', 'AdminPrenotazioniController', 0, 0, '2017-11-26 17:17:03', NULL, NULL);
INSERT INTO `cms_moduls` (`id`, `name`, `icon`, `path`, `table_name`, `controller`, `is_protected`, `is_active`, `created_at`, `updated_at`, `deleted_at`) VALUES (13, 'Corrispettivi', 'fa fa-heart', 'corrispettivi', 'ub_corrispettivi', 'AdminCorrispettiviController', 0, 0, '2018-01-02 23:06:11', NULL, NULL);
INSERT INTO `cms_moduls` (`id`, `name`, `icon`, `path`, `table_name`, `controller`, `is_protected`, `is_active`, `created_at`, `updated_at`, `deleted_at`) VALUES (14, 'versamenti', 'fa fa-envelope-o', 'versamenti', 'ub_versamenti', 'AdminVersamentiController', 0, 0, '2018-01-08 16:13:17', NULL, NULL);
INSERT INTO `cms_moduls` (`id`, `name`, `icon`, `path`, `table_name`, `controller`, `is_protected`, `is_active`, `created_at`, `updated_at`, `deleted_at`) VALUES (15, 'MovimentiContabili', 'fa fa-glass', 'movimentiContabili', 'ub_movimentiContabili', 'AdminMovimentiContabiliController', 0, 0, '2018-01-08 17:18:54', NULL, NULL);
COMMIT;

-- ----------------------------
-- Table structure for cms_notifications
-- ----------------------------
CREATE TABLE `cms_notifications` (
  `id` int(10) unsigned NOT NULL AUTO_INCREMENT,
  `id_cms_users` int(11) DEFAULT NULL,
  `content` varchar(191) DEFAULT NULL,
  `url` varchar(191) DEFAULT NULL,
  `is_read` tinyint(1) DEFAULT NULL,
  `created_at` timestamp NULL DEFAULT NULL,
  `updated_at` timestamp NULL DEFAULT NULL,
  PRIMARY KEY (`id`)
) ENGINE=InnoDB DEFAULT CHARSET=utf8mb4 COLLATE=utf8mb4_unicode_ci;

-- ----------------------------
-- Records of cms_notifications
-- ----------------------------
BEGIN;
COMMIT;

-- ----------------------------
-- Table structure for cms_privileges
-- ----------------------------
CREATE TABLE `cms_privileges` (
  `id` int(10) unsigned NOT NULL AUTO_INCREMENT,
  `name` varchar(191) DEFAULT NULL,
  `is_superadmin` tinyint(1) DEFAULT NULL,
  `theme_color` varchar(191) DEFAULT NULL,
  `created_at` timestamp NULL DEFAULT NULL,
  `updated_at` timestamp NULL DEFAULT NULL,
  PRIMARY KEY (`id`)
) ENGINE=InnoDB AUTO_INCREMENT=3 DEFAULT CHARSET=utf8mb4 COLLATE=utf8mb4_unicode_ci;

-- ----------------------------
-- Records of cms_privileges
-- ----------------------------
BEGIN;
INSERT INTO `cms_privileges` (`id`, `name`, `is_superadmin`, `theme_color`, `created_at`, `updated_at`) VALUES (1, 'Super Administrator', 1, 'skin-red', '2017-11-26 15:48:26', NULL);
INSERT INTO `cms_privileges` (`id`, `name`, `is_superadmin`, `theme_color`, `created_at`, `updated_at`) VALUES (2, 'dipendente', 0, 'skin-blue', NULL, NULL);
COMMIT;

-- ----------------------------
-- Table structure for cms_privileges_roles
-- ----------------------------
CREATE TABLE `cms_privileges_roles` (
  `id` int(10) unsigned NOT NULL AUTO_INCREMENT,
  `is_visible` tinyint(1) DEFAULT NULL,
  `is_create` tinyint(1) DEFAULT NULL,
  `is_read` tinyint(1) DEFAULT NULL,
  `is_edit` tinyint(1) DEFAULT NULL,
  `is_delete` tinyint(1) DEFAULT NULL,
  `id_cms_privileges` int(11) DEFAULT NULL,
  `id_cms_moduls` int(11) DEFAULT NULL,
  `created_at` timestamp NULL DEFAULT NULL,
  `updated_at` timestamp NULL DEFAULT NULL,
  PRIMARY KEY (`id`)
) ENGINE=InnoDB AUTO_INCREMENT=16 DEFAULT CHARSET=utf8mb4 COLLATE=utf8mb4_unicode_ci;

-- ----------------------------
-- Records of cms_privileges_roles
-- ----------------------------
BEGIN;
INSERT INTO `cms_privileges_roles` (`id`, `is_visible`, `is_create`, `is_read`, `is_edit`, `is_delete`, `id_cms_privileges`, `id_cms_moduls`, `created_at`, `updated_at`) VALUES (1, 1, 0, 0, 0, 0, 1, 1, '2017-11-26 15:48:26', NULL);
INSERT INTO `cms_privileges_roles` (`id`, `is_visible`, `is_create`, `is_read`, `is_edit`, `is_delete`, `id_cms_privileges`, `id_cms_moduls`, `created_at`, `updated_at`) VALUES (2, 1, 1, 1, 1, 1, 1, 2, '2017-11-26 15:48:26', NULL);
INSERT INTO `cms_privileges_roles` (`id`, `is_visible`, `is_create`, `is_read`, `is_edit`, `is_delete`, `id_cms_privileges`, `id_cms_moduls`, `created_at`, `updated_at`) VALUES (3, 0, 1, 1, 1, 1, 1, 3, '2017-11-26 15:48:27', NULL);
INSERT INTO `cms_privileges_roles` (`id`, `is_visible`, `is_create`, `is_read`, `is_edit`, `is_delete`, `id_cms_privileges`, `id_cms_moduls`, `created_at`, `updated_at`) VALUES (4, 1, 1, 1, 1, 1, 1, 4, '2017-11-26 15:48:27', NULL);
INSERT INTO `cms_privileges_roles` (`id`, `is_visible`, `is_create`, `is_read`, `is_edit`, `is_delete`, `id_cms_privileges`, `id_cms_moduls`, `created_at`, `updated_at`) VALUES (5, 1, 1, 1, 1, 1, 1, 5, '2017-11-26 15:48:27', NULL);
INSERT INTO `cms_privileges_roles` (`id`, `is_visible`, `is_create`, `is_read`, `is_edit`, `is_delete`, `id_cms_privileges`, `id_cms_moduls`, `created_at`, `updated_at`) VALUES (6, 1, 1, 1, 1, 1, 1, 6, '2017-11-26 15:48:27', NULL);
INSERT INTO `cms_privileges_roles` (`id`, `is_visible`, `is_create`, `is_read`, `is_edit`, `is_delete`, `id_cms_privileges`, `id_cms_moduls`, `created_at`, `updated_at`) VALUES (7, 1, 1, 1, 1, 1, 1, 7, '2017-11-26 15:48:27', NULL);
INSERT INTO `cms_privileges_roles` (`id`, `is_visible`, `is_create`, `is_read`, `is_edit`, `is_delete`, `id_cms_privileges`, `id_cms_moduls`, `created_at`, `updated_at`) VALUES (8, 1, 1, 1, 1, 1, 1, 8, '2017-11-26 15:48:27', NULL);
INSERT INTO `cms_privileges_roles` (`id`, `is_visible`, `is_create`, `is_read`, `is_edit`, `is_delete`, `id_cms_privileges`, `id_cms_moduls`, `created_at`, `updated_at`) VALUES (9, 1, 1, 1, 1, 1, 1, 9, '2017-11-26 15:48:27', NULL);
INSERT INTO `cms_privileges_roles` (`id`, `is_visible`, `is_create`, `is_read`, `is_edit`, `is_delete`, `id_cms_privileges`, `id_cms_moduls`, `created_at`, `updated_at`) VALUES (10, 1, 1, 1, 1, 1, 1, 10, '2017-11-26 15:48:27', NULL);
INSERT INTO `cms_privileges_roles` (`id`, `is_visible`, `is_create`, `is_read`, `is_edit`, `is_delete`, `id_cms_privileges`, `id_cms_moduls`, `created_at`, `updated_at`) VALUES (11, 1, 0, 1, 0, 1, 1, 11, '2017-11-26 15:48:27', NULL);
INSERT INTO `cms_privileges_roles` (`id`, `is_visible`, `is_create`, `is_read`, `is_edit`, `is_delete`, `id_cms_privileges`, `id_cms_moduls`, `created_at`, `updated_at`) VALUES (12, 1, 1, 1, 1, 1, 1, 12, NULL, NULL);
INSERT INTO `cms_privileges_roles` (`id`, `is_visible`, `is_create`, `is_read`, `is_edit`, `is_delete`, `id_cms_privileges`, `id_cms_moduls`, `created_at`, `updated_at`) VALUES (13, 1, 1, 1, 1, 1, 1, 13, NULL, NULL);
INSERT INTO `cms_privileges_roles` (`id`, `is_visible`, `is_create`, `is_read`, `is_edit`, `is_delete`, `id_cms_privileges`, `id_cms_moduls`, `created_at`, `updated_at`) VALUES (14, 1, 1, 1, 1, 1, 1, 14, NULL, NULL);
INSERT INTO `cms_privileges_roles` (`id`, `is_visible`, `is_create`, `is_read`, `is_edit`, `is_delete`, `id_cms_privileges`, `id_cms_moduls`, `created_at`, `updated_at`) VALUES (15, 1, 1, 1, 1, 1, 1, 15, NULL, NULL);
COMMIT;

-- ----------------------------
-- Table structure for cms_settings
-- ----------------------------
CREATE TABLE `cms_settings` (
  `id` int(10) unsigned NOT NULL AUTO_INCREMENT,
  `name` varchar(191) DEFAULT NULL,
  `content` text DEFAULT NULL,
  `content_input_type` varchar(191) DEFAULT NULL,
  `dataenum` varchar(191) DEFAULT NULL,
  `helper` varchar(191) DEFAULT NULL,
  `created_at` timestamp NULL DEFAULT NULL,
  `updated_at` timestamp NULL DEFAULT NULL,
  `group_setting` varchar(191) DEFAULT NULL,
  `label` varchar(191) DEFAULT NULL,
  PRIMARY KEY (`id`)
) ENGINE=InnoDB AUTO_INCREMENT=17 DEFAULT CHARSET=utf8mb4 COLLATE=utf8mb4_unicode_ci;

-- ----------------------------
-- Records of cms_settings
-- ----------------------------
BEGIN;
INSERT INTO `cms_settings` (`id`, `name`, `content`, `content_input_type`, `dataenum`, `helper`, `created_at`, `updated_at`, `group_setting`, `label`) VALUES (1, 'login_background_color', NULL, 'text', NULL, 'Input hexacode', '2017-11-26 15:48:27', NULL, 'Login Register Style', 'Login Background Color');
INSERT INTO `cms_settings` (`id`, `name`, `content`, `content_input_type`, `dataenum`, `helper`, `created_at`, `updated_at`, `group_setting`, `label`) VALUES (2, 'login_font_color', NULL, 'text', NULL, 'Input hexacode', '2017-11-26 15:48:27', NULL, 'Login Register Style', 'Login Font Color');
INSERT INTO `cms_settings` (`id`, `name`, `content`, `content_input_type`, `dataenum`, `helper`, `created_at`, `updated_at`, `group_setting`, `label`) VALUES (3, 'login_background_image', NULL, 'upload_image', NULL, NULL, '2017-11-26 15:48:27', NULL, 'Login Register Style', 'Login Background Image');
INSERT INTO `cms_settings` (`id`, `name`, `content`, `content_input_type`, `dataenum`, `helper`, `created_at`, `updated_at`, `group_setting`, `label`) VALUES (4, 'email_sender', 'support@crudbooster.com', 'text', NULL, NULL, '2017-11-26 15:48:27', NULL, 'Email Setting', 'Email Sender');
INSERT INTO `cms_settings` (`id`, `name`, `content`, `content_input_type`, `dataenum`, `helper`, `created_at`, `updated_at`, `group_setting`, `label`) VALUES (5, 'smtp_driver', 'mail', 'select', 'smtp,mail,sendmail', NULL, '2017-11-26 15:48:27', NULL, 'Email Setting', 'Mail Driver');
INSERT INTO `cms_settings` (`id`, `name`, `content`, `content_input_type`, `dataenum`, `helper`, `created_at`, `updated_at`, `group_setting`, `label`) VALUES (6, 'smtp_host', '', 'text', NULL, NULL, '2017-11-26 15:48:27', NULL, 'Email Setting', 'SMTP Host');
INSERT INTO `cms_settings` (`id`, `name`, `content`, `content_input_type`, `dataenum`, `helper`, `created_at`, `updated_at`, `group_setting`, `label`) VALUES (7, 'smtp_port', '25', 'text', NULL, 'default 25', '2017-11-26 15:48:27', NULL, 'Email Setting', 'SMTP Port');
INSERT INTO `cms_settings` (`id`, `name`, `content`, `content_input_type`, `dataenum`, `helper`, `created_at`, `updated_at`, `group_setting`, `label`) VALUES (8, 'smtp_username', '', 'text', NULL, NULL, '2017-11-26 15:48:27', NULL, 'Email Setting', 'SMTP Username');
INSERT INTO `cms_settings` (`id`, `name`, `content`, `content_input_type`, `dataenum`, `helper`, `created_at`, `updated_at`, `group_setting`, `label`) VALUES (9, 'smtp_password', '', 'text', NULL, NULL, '2017-11-26 15:48:27', NULL, 'Email Setting', 'SMTP Password');
INSERT INTO `cms_settings` (`id`, `name`, `content`, `content_input_type`, `dataenum`, `helper`, `created_at`, `updated_at`, `group_setting`, `label`) VALUES (10, 'appname', 'Umami Beer Gestione', 'text', NULL, NULL, '2017-11-26 15:48:27', NULL, 'Application Setting', 'Application Name');
INSERT INTO `cms_settings` (`id`, `name`, `content`, `content_input_type`, `dataenum`, `helper`, `created_at`, `updated_at`, `group_setting`, `label`) VALUES (11, 'default_paper_size', 'A4', 'text', NULL, 'Paper size, ex : A4, Legal, etc', '2017-11-26 15:48:27', NULL, 'Application Setting', 'Default Paper Print Size');
INSERT INTO `cms_settings` (`id`, `name`, `content`, `content_input_type`, `dataenum`, `helper`, `created_at`, `updated_at`, `group_setting`, `label`) VALUES (12, 'logo', 'uploads/2017-11/3b238419db69392a266d70dc20e14f2d.jpg', 'upload_image', NULL, NULL, '2017-11-26 15:48:27', NULL, 'Application Setting', 'Logo');
INSERT INTO `cms_settings` (`id`, `name`, `content`, `content_input_type`, `dataenum`, `helper`, `created_at`, `updated_at`, `group_setting`, `label`) VALUES (13, 'favicon', 'uploads/2017-11/90a4c87f77f01e25c430bc258feff853.jpg', 'upload_image', NULL, NULL, '2017-11-26 15:48:27', NULL, 'Application Setting', 'Favicon');
INSERT INTO `cms_settings` (`id`, `name`, `content`, `content_input_type`, `dataenum`, `helper`, `created_at`, `updated_at`, `group_setting`, `label`) VALUES (14, 'api_debug_mode', 'true', 'select', 'true,false', NULL, '2017-11-26 15:48:27', NULL, 'Application Setting', 'API Debug Mode');
INSERT INTO `cms_settings` (`id`, `name`, `content`, `content_input_type`, `dataenum`, `helper`, `created_at`, `updated_at`, `group_setting`, `label`) VALUES (15, 'google_api_key', NULL, 'text', NULL, NULL, '2017-11-26 15:48:27', NULL, 'Application Setting', 'Google API Key');
INSERT INTO `cms_settings` (`id`, `name`, `content`, `content_input_type`, `dataenum`, `helper`, `created_at`, `updated_at`, `group_setting`, `label`) VALUES (16, 'google_fcm_key', NULL, 'text', NULL, NULL, '2017-11-26 15:48:27', NULL, 'Application Setting', 'Google FCM Key');
COMMIT;

-- ----------------------------
-- Table structure for cms_statistic_components
-- ----------------------------
CREATE TABLE `cms_statistic_components` (
  `id` int(10) unsigned NOT NULL AUTO_INCREMENT,
  `id_cms_statistics` int(11) DEFAULT NULL,
  `componentID` varchar(191) DEFAULT NULL,
  `component_name` varchar(191) DEFAULT NULL,
  `area_name` varchar(55) DEFAULT NULL,
  `sorting` int(11) DEFAULT NULL,
  `name` varchar(191) DEFAULT NULL,
  `config` longtext DEFAULT NULL,
  `created_at` timestamp NULL DEFAULT NULL,
  `updated_at` timestamp NULL DEFAULT NULL,
  PRIMARY KEY (`id`)
) ENGINE=InnoDB AUTO_INCREMENT=19 DEFAULT CHARSET=utf8mb4 COLLATE=utf8mb4_unicode_ci;

-- ----------------------------
-- Records of cms_statistic_components
-- ----------------------------
BEGIN;
INSERT INTO `cms_statistic_components` (`id`, `id_cms_statistics`, `componentID`, `component_name`, `area_name`, `sorting`, `name`, `config`, `created_at`, `updated_at`) VALUES (2, 1, 'daf97f030ca2c0a078586503c63065ab', 'table', 'area5', 0, NULL, '{\"name\":\"Analisi Mese corrente\",\"sql\":\"Select\\r\\n  date_add(DATE_SUB(last_day(now()), INTERVAL 1 MONTH),INTERVAL 1 DAY) as dal,\\r\\n  last_day(now()) as al,\\r\\nsum(corrispettivo) as corrispettivi,\\r\\nsum(fatture) as fatture,\\r\\nsum(pos) as pos,\\r\\nsum(totale) as totale,\\r\\nsum(totale) - sum(corrispettivo)-sum(fatture) as delta,\\r\\nround((sum(totale) - sum(corrispettivo)-sum(fatture)) \\/ (sum(corrispettivo)+sum(fatture)) * 100,2) as percDelta,\\r\\n  (select sum(importo) from ub_versamenti where data BETWEEN DATE_ADD(DATE_SUB(last_day(now()), INTERVAL 1 MONTH),INTERVAL 1 DAY) and last_day(now())) as versamenti,\\r\\nsum(corrispettivo)+sum(fatture)-sum(pos)-(select sum(importo) from ub_versamenti where data BETWEEN DATE_ADD(DATE_SUB(last_day(now()), INTERVAL 1 MONTH),INTERVAL 1 DAY) and last_day(now()))\\r\\n-(\\r\\nselect sum(importo) from movimenti contabili where data BETWEEN DATE_ADD(DATE_SUB(last_day(now()), INTERVAL 1 MONTH),INTERVAL 1 DAY) and last_day(now() and cassa = \'Cassa 2\' ) as spazio\\r\\nfrom ub_corrispettivi\\r\\nwhere data BETWEEN DATE_ADD(DATE_SUB(last_day(now()), INTERVAL 1 MONTH),INTERVAL 1 DAY) and last_day(now())\"}', '2018-01-08 17:44:50', NULL);
INSERT INTO `cms_statistic_components` (`id`, `id_cms_statistics`, `componentID`, `component_name`, `area_name`, `sorting`, `name`, `config`, `created_at`, `updated_at`) VALUES (3, 1, 'd540fac8d8a699d2b1260d52386e1841', 'table', 'area5', 1, NULL, '{\"name\":\"Analisi Casse - Spazio\",\"sql\":\"SELECT\\r\\n\\tcorrispettivo.corrispettivo ,\\r\\n\\tcorrispettivo.fatture ,\\r\\n\\tcorrispettivo.fatturatoTotale ,\\r\\n\\tcorrispettivo.totale ,\\r\\n\\tcorrispettivo.pos ,\\r\\n\\tversato.versato ,\\r\\n\\tround(\\r\\n\\t\\tcorrispettivo.pos + versato.versato ,\\r\\n\\t\\t2\\r\\n\\t) AS VersatoTotale ,\\r\\n\\tround(movimentiCassa2.importo , 2) AS movimentiCassa2 ,\\r\\n\\tround(movimentiCassa1.importo , 2) AS movimentiCassa1 ,\\r\\n\\tround(\\r\\n\\t\\t(\\r\\n\\t\\t\\tcorrispettivo.totale - corrispettivo.fatturatoTotale\\r\\n\\t\\t) + movimentiCassa1.importo ,\\r\\n\\t\\t2\\r\\n\\t) AS cassa1 ,\\r\\n\\tcorrispettivo.totale - corrispettivo.fatturatoTotale AS deltaTotale ,\\r\\n\\tround(\\r\\n\\t\\t(\\r\\n\\t\\t\\tcorrispettivo.totale - corrispettivo.fatturatoTotale\\r\\n\\t\\t) \\/ corrispettivo.fatturatoTotale * 100 ,\\r\\n\\t\\t2\\r\\n\\t) AS percDeltaTot ,\\r\\n\\tround(\\r\\n\\t\\tcorrispettivo.fatturatoTotale - corrispettivo.pos - versato.versato + movimentiCassa2.importo ,\\r\\n\\t\\t2\\r\\n\\t) AS spazio\\r\\nFROM\\r\\n\\t(\\r\\n\\t\\t(\\r\\n\\t\\t\\tSELECT\\r\\n\\t\\t\\t\\tsum(corrispettivo) corrispettivo ,\\r\\n\\t\\t\\t\\tsum(pos) pos ,\\r\\n\\t\\t\\t\\tsum(totale) totale ,\\r\\n\\t\\t\\t\\tsum(fatture) fatture ,\\r\\n\\t\\t\\t\\t(\\r\\n\\t\\t\\t\\t\\tsum(corrispettivo) + sum(fatture)\\r\\n\\t\\t\\t\\t) fatturatoTotale\\r\\n\\t\\t\\tFROM\\r\\n\\t\\t\\t\\tub_corrispettivi\\r\\n\\t\\t\\tWHERE\\r\\n\\t\\t\\t\\tDATA BETWEEN \'2019-01-01\'\\r\\n\\t\\t\\tAND \'2019-12-31\'\\r\\n\\t\\t) AS corrispettivo ,\\r\\n\\t\\t(\\r\\n\\t\\t\\tSELECT\\r\\n\\t\\t\\t\\tround(sum(importo),2) AS versato FROM ub_versamenti WHERE DATA BETWEEN \'2019-01-01\' AND \'2019-12-31\'\\r\\n\\t\\t) AS versato ,\\r\\n\\t\\t(\\r\\n\\t\\t\\tSELECT sum(importo) AS importo FROM ub_movimentiContabili WHERE DATA BETWEEN \'2019-01-01\' AND \'2019-12-31\' AND conto = \'cassa 2\'\\r\\n\\t\\t) AS movimentiCassa2 ,\\r\\n\\t\\t(\\r\\n\\t\\t\\tSELECT sum(importo) AS importo FROM ub_movimentiContabili WHERE DATA BETWEEN \'2019-01-01\' AND \'2019-12-31\' AND conto = \'cassa 1\'\\r\\n\\t\\t) AS movimentiCassa1\\r\\n\\t)\"}', '2018-01-08 17:46:08', NULL);
INSERT INTO `cms_statistic_components` (`id`, `id_cms_statistics`, `componentID`, `component_name`, `area_name`, `sorting`, `name`, `config`, `created_at`, `updated_at`) VALUES (10, 1, '8181f10b2c785c067649e41519d75c89', 'table', 'area5', 2, NULL, '{\"name\":\"Corrispespettivi mese\",\"sql\":\"SELECT\\r\\n  date_format(data,\'%d\\/%m\\/%Y\') as data,\\r\\n  corrispettivo,\\r\\n  pos,\\r\\n  fatture\\r\\nfrom ub_corrispettivi\\r\\nWHERE data BETWEEN\\r\\n  \'2019-03-01\'\\r\\n  and\\r\\n  \'2019-03-31\'\\r\\norder by data asc\"}', '2018-01-12 13:54:46', NULL);
INSERT INTO `cms_statistic_components` (`id`, `id_cms_statistics`, `componentID`, `component_name`, `area_name`, `sorting`, `name`, `config`, `created_at`, `updated_at`) VALUES (11, 1, '02cdd0b7fa3a1e0b14de557856eba132', 'table', 'area5', 2, NULL, '{\"name\":\"Analisi mensile\",\"sql\":\"SELECT\\r\\n  \'2019-03-01\'                                                                                          AS dal,\\r\\n  \'2019-03-31\'                                                                                          AS al,\\r\\n  sum(corrispettivo)                                                                                    AS corrispettivi,\\r\\n  sum(fatture)                                                                                          AS fatture,\\r\\n  round(sum(pos), 2)                                                                                    AS pos,\\r\\n  sum(totale)                                                                                           AS totale,\\r\\n  sum(totale) - sum(corrispettivo) - sum(fatture)                                                       AS delta,\\r\\n  round((sum(totale) - sum(corrispettivo) - sum(fatture)) \\/ (sum(corrispettivo) + sum(fatture)) * 100, 2) AS percDelta,\\r\\n  (SELECT sum(importo)\\r\\n   FROM ub_versamenti\\r\\n   WHERE\\r\\n     DATA BETWEEN \'2019-03-01\' AND \'2019-03-31\') AS versamenti,\\r\\n  COUNT(*) AS giorni,\\r\\n  round(sum(totale) \\/ COUNT(*), 1) AS MediaSutotale,\\r\\n  round(sum(corrispettivo)  \\/ COUNT(*), 2) AS MediaCorrispettivi,\\r\\n  round(sum(pos) \\/ COUNT(*), 2) AS MediaPos,\\r\\n  round((sum(totale) - sum(corrispettivo)-sum(fatture) ) \\/ COUNT(*), 2) AS mediaDelta\\r\\nfrom\\r\\n  ub_corrispettivi where DATA BETWEEN \'2019-03-01\' AND \'2019-03-31\'\"}', '2018-01-13 03:04:57', NULL);
INSERT INTO `cms_statistic_components` (`id`, `id_cms_statistics`, `componentID`, `component_name`, `area_name`, `sorting`, `name`, `config`, `created_at`, `updated_at`) VALUES (12, 1, '8603f2b068d77765cf5562d2aa5d83a9', 'table', 'area5', 3, NULL, '{\"name\":\"Analisi Mensile - Stesso mese scorso anno\",\"sql\":\"SELECT\\r\\n  \'2018-03-01\'                                                                                          AS dal,\\r\\n  \'2018-03-31\'                                                                                          AS al,\\r\\n  sum(corrispettivo)                                                                                    AS corrispettivi,\\r\\n  sum(fatture)                                                                                          AS fatture,\\r\\n  round(sum(pos), 2)                                                                                    AS pos,\\r\\n  sum(totale)                                                                                           AS totale,\\r\\n  sum(totale) - sum(corrispettivo) - sum(fatture)                                                       AS delta,\\r\\n  round((sum(totale) - sum(corrispettivo) - sum(fatture)) \\/ (sum(corrispettivo) + sum(fatture)) * 100, 2) AS percDelta,\\r\\n  (SELECT sum(importo)\\r\\n   FROM ub_versamenti\\r\\n   WHERE\\r\\n     DATA BETWEEN \'2018-03-01\' AND \'2018-03-31\') AS versamenti,\\r\\n  COUNT(*) AS giorni,\\r\\n  round(sum(totale) \\/ COUNT(*), 1) AS MediaSutotale,\\r\\n  round(sum(corrispettivo)  \\/ COUNT(*), 2) AS MediaCorrispettivi,\\r\\n  round(sum(pos) \\/ COUNT(*), 2) AS MediaPos,\\r\\n  round((sum(totale) - sum(corrispettivo)-sum(fatture) ) \\/ COUNT(*), 2) AS mediaDelta\\r\\nfrom\\r\\n  ub_corrispettivi where DATA BETWEEN \'2018-03-01\' AND \'2018-03-31\'\"}', '2018-06-05 18:18:59', NULL);
INSERT INTO `cms_statistic_components` (`id`, `id_cms_statistics`, `componentID`, `component_name`, `area_name`, `sorting`, `name`, `config`, `created_at`, `updated_at`) VALUES (13, 1, '645900d709639157515bf4fbd8452dee', 'table', 'area5', 4, NULL, '{\"name\":\"Analisi Mensile - Mese Precedente\",\"sql\":\"SELECT\\r\\n  \'2019-02-01\'                                                                                          AS dal,\\r\\n  \'2019-02-28\'                                                                                          AS al,\\r\\n  sum(corrispettivo)                                                                                    AS corrispettivi,\\r\\n  sum(fatture)                                                                                          AS fatture,\\r\\n  round(sum(pos), 2)                                                                                    AS pos,\\r\\n  sum(totale)                                                                                           AS totale,\\r\\n  sum(totale) - sum(corrispettivo) - sum(fatture)                                                       AS delta,\\r\\n  round((sum(totale) - sum(corrispettivo) - sum(fatture)) \\/ (sum(corrispettivo) + sum(fatture)) * 100, 2) AS percDelta,\\r\\n  (SELECT sum(importo)\\r\\n   FROM ub_versamenti\\r\\n   WHERE\\r\\n     DATA BETWEEN \'2019-02-01\' AND \'2019-02-28\') AS versamenti,\\r\\n  COUNT(*) AS giorni,\\r\\n  round(sum(totale) \\/ COUNT(*), 1) AS MediaSutotale,\\r\\n  round(sum(corrispettivo)  \\/ COUNT(*), 2) AS MediaCorrispettivi,\\r\\n  round(sum(pos) \\/ COUNT(*), 2) AS MediaPos,\\r\\n  round((sum(totale) - sum(corrispettivo)-sum(fatture) ) \\/ COUNT(*), 2) AS mediaDelta\\r\\nfrom\\r\\n  ub_corrispettivi where DATA BETWEEN \'2019-02-01\' AND \'2019-02-28\'\"}', '2018-06-05 18:21:29', NULL);
INSERT INTO `cms_statistic_components` (`id`, `id_cms_statistics`, `componentID`, `component_name`, `area_name`, `sorting`, `name`, `config`, `created_at`, `updated_at`) VALUES (14, 2, '54827545adf984d982699e65f2ace441', 'chartarea', NULL, 0, 'Untitled', NULL, '2019-01-03 00:01:26', NULL);
INSERT INTO `cms_statistic_components` (`id`, `id_cms_statistics`, `componentID`, `component_name`, `area_name`, `sorting`, `name`, `config`, `created_at`, `updated_at`) VALUES (15, 2, '04a0a09179fdf1ece273d9de4ba59f20', 'chartarea', NULL, 0, 'Untitled', NULL, '2019-01-03 00:01:34', NULL);
INSERT INTO `cms_statistic_components` (`id`, `id_cms_statistics`, `componentID`, `component_name`, `area_name`, `sorting`, `name`, `config`, `created_at`, `updated_at`) VALUES (16, 2, '1c428522824883c726f53c5c8d569097', 'panelarea', NULL, 0, 'Untitled', NULL, '2019-01-03 00:01:45', NULL);
INSERT INTO `cms_statistic_components` (`id`, `id_cms_statistics`, `componentID`, `component_name`, `area_name`, `sorting`, `name`, `config`, `created_at`, `updated_at`) VALUES (18, 2, '5c3ac00d003bdacfe53394de46b73c70', 'chartarea', 'area1', 1, 'Untitled', NULL, '2019-01-03 00:02:03', NULL);
COMMIT;

-- ----------------------------
-- Table structure for cms_statistics
-- ----------------------------
CREATE TABLE `cms_statistics` (
  `id` int(10) unsigned NOT NULL AUTO_INCREMENT,
  `name` varchar(191) DEFAULT NULL,
  `slug` varchar(191) DEFAULT NULL,
  `created_at` timestamp NULL DEFAULT NULL,
  `updated_at` timestamp NULL DEFAULT NULL,
  PRIMARY KEY (`id`)
) ENGINE=InnoDB AUTO_INCREMENT=2 DEFAULT CHARSET=utf8mb4 COLLATE=utf8mb4_unicode_ci;

-- ----------------------------
-- Records of cms_statistics
-- ----------------------------
BEGIN;
INSERT INTO `cms_statistics` (`id`, `name`, `slug`, `created_at`, `updated_at`) VALUES (1, 'Corrispettivi Mese', 'corrispettivi-mese', '2018-01-08 16:27:55', '2018-02-03 03:03:19');
COMMIT;

-- ----------------------------
-- Table structure for cms_users
-- ----------------------------
CREATE TABLE `cms_users` (
  `id` int(10) unsigned NOT NULL AUTO_INCREMENT,
  `name` varchar(191) DEFAULT NULL,
  `photo` varchar(191) DEFAULT NULL,
  `email` varchar(191) DEFAULT NULL,
  `password` varchar(191) DEFAULT NULL,
  `id_cms_privileges` int(11) DEFAULT NULL,
  `created_at` timestamp NULL DEFAULT NULL,
  `updated_at` timestamp NULL DEFAULT NULL,
  `status` varchar(50) DEFAULT NULL,
  PRIMARY KEY (`id`)
) ENGINE=InnoDB AUTO_INCREMENT=2 DEFAULT CHARSET=utf8mb4 COLLATE=utf8mb4_unicode_ci;

-- ----------------------------
-- Records of cms_users
-- ----------------------------
BEGIN;
INSERT INTO `cms_users` (`id`, `name`, `photo`, `email`, `password`, `id_cms_privileges`, `created_at`, `updated_at`, `status`) VALUES (1, 'Super Admin', 'uploads/1/2017-11/alebrowar_king_of_hop.jpg', 'amministrazione@umamibeer.it', '$2y$10$IacNkullHqIw/l/3jRSKVuYQGRxKruZ32xj0IZ.3cRKLmzUSNouyC', 1, '2017-11-26 15:48:26', '2017-11-26 18:32:04', 'Active');
COMMIT;

-- ----------------------------
-- Table structure for data_rows
-- ----------------------------
CREATE TABLE `data_rows` (
  `id` int(10) unsigned NOT NULL AUTO_INCREMENT,
  `data_type_id` int(10) unsigned NOT NULL,
  `field` varchar(191) NOT NULL,
  `type` varchar(191) NOT NULL,
  `display_name` varchar(191) NOT NULL,
  `required` tinyint(1) NOT NULL DEFAULT 0,
  `browse` tinyint(1) NOT NULL DEFAULT 1,
  `read` tinyint(1) NOT NULL DEFAULT 1,
  `edit` tinyint(1) NOT NULL DEFAULT 1,
  `add` tinyint(1) NOT NULL DEFAULT 1,
  `delete` tinyint(1) NOT NULL DEFAULT 1,
  `details` text DEFAULT NULL,
  `order` int(11) NOT NULL DEFAULT 1,
  PRIMARY KEY (`id`),
  KEY `data_rows_data_type_id_foreign` (`data_type_id`),
  CONSTRAINT `data_rows_data_type_id_foreign` FOREIGN KEY (`data_type_id`) REFERENCES `data_types` (`id`) ON DELETE CASCADE ON UPDATE CASCADE
) ENGINE=InnoDB AUTO_INCREMENT=199 DEFAULT CHARSET=utf8mb4 COLLATE=utf8mb4_unicode_ci;

-- ----------------------------
-- Records of data_rows
-- ----------------------------
BEGIN;
INSERT INTO `data_rows` (`id`, `data_type_id`, `field`, `type`, `display_name`, `required`, `browse`, `read`, `edit`, `add`, `delete`, `details`, `order`) VALUES (1, 1, 'id', 'number', 'ID', 1, 0, 0, 0, 0, 0, '{}', 1);
INSERT INTO `data_rows` (`id`, `data_type_id`, `field`, `type`, `display_name`, `required`, `browse`, `read`, `edit`, `add`, `delete`, `details`, `order`) VALUES (2, 1, 'name', 'text', 'Name', 1, 1, 1, 1, 1, 1, '{}', 2);
INSERT INTO `data_rows` (`id`, `data_type_id`, `field`, `type`, `display_name`, `required`, `browse`, `read`, `edit`, `add`, `delete`, `details`, `order`) VALUES (3, 1, 'email', 'text', 'Email', 1, 1, 1, 1, 1, 1, '{}', 3);
INSERT INTO `data_rows` (`id`, `data_type_id`, `field`, `type`, `display_name`, `required`, `browse`, `read`, `edit`, `add`, `delete`, `details`, `order`) VALUES (4, 1, 'password', 'password', 'Password', 1, 0, 0, 1, 1, 0, '{}', 4);
INSERT INTO `data_rows` (`id`, `data_type_id`, `field`, `type`, `display_name`, `required`, `browse`, `read`, `edit`, `add`, `delete`, `details`, `order`) VALUES (5, 1, 'remember_token', 'text', 'Remember Token', 0, 0, 0, 0, 0, 0, '{}', 5);
INSERT INTO `data_rows` (`id`, `data_type_id`, `field`, `type`, `display_name`, `required`, `browse`, `read`, `edit`, `add`, `delete`, `details`, `order`) VALUES (6, 1, 'created_at', 'timestamp', 'Created At', 0, 1, 1, 0, 0, 0, '{}', 6);
INSERT INTO `data_rows` (`id`, `data_type_id`, `field`, `type`, `display_name`, `required`, `browse`, `read`, `edit`, `add`, `delete`, `details`, `order`) VALUES (7, 1, 'updated_at', 'timestamp', 'Updated At', 0, 0, 0, 0, 0, 0, '{}', 7);
INSERT INTO `data_rows` (`id`, `data_type_id`, `field`, `type`, `display_name`, `required`, `browse`, `read`, `edit`, `add`, `delete`, `details`, `order`) VALUES (8, 1, 'avatar', 'image', 'Avatar', 0, 1, 1, 1, 1, 1, '{}', 8);
INSERT INTO `data_rows` (`id`, `data_type_id`, `field`, `type`, `display_name`, `required`, `browse`, `read`, `edit`, `add`, `delete`, `details`, `order`) VALUES (9, 1, 'user_belongsto_role_relationship', 'relationship', 'Role', 0, 1, 1, 1, 1, 0, '{\"model\":\"TCG\\\\Voyager\\\\Models\\\\Role\",\"table\":\"roles\",\"type\":\"belongsTo\",\"column\":\"role_id\",\"key\":\"id\",\"label\":\"display_name\",\"pivot_table\":\"roles\",\"pivot\":\"0\",\"taggable\":\"0\"}', 10);
INSERT INTO `data_rows` (`id`, `data_type_id`, `field`, `type`, `display_name`, `required`, `browse`, `read`, `edit`, `add`, `delete`, `details`, `order`) VALUES (10, 1, 'user_belongstomany_role_relationship', 'relationship', 'Roles', 0, 1, 1, 1, 1, 0, '{\"model\":\"TCG\\\\Voyager\\\\Models\\\\Role\",\"table\":\"roles\",\"type\":\"belongsToMany\",\"column\":\"id\",\"key\":\"id\",\"label\":\"display_name\",\"pivot_table\":\"user_roles\",\"pivot\":\"1\",\"taggable\":\"0\"}', 11);
INSERT INTO `data_rows` (`id`, `data_type_id`, `field`, `type`, `display_name`, `required`, `browse`, `read`, `edit`, `add`, `delete`, `details`, `order`) VALUES (12, 1, 'settings', 'hidden', 'Settings', 0, 0, 0, 0, 0, 0, '{}', 12);
INSERT INTO `data_rows` (`id`, `data_type_id`, `field`, `type`, `display_name`, `required`, `browse`, `read`, `edit`, `add`, `delete`, `details`, `order`) VALUES (13, 2, 'id', 'number', 'ID', 1, 0, 0, 0, 0, 0, NULL, 1);
INSERT INTO `data_rows` (`id`, `data_type_id`, `field`, `type`, `display_name`, `required`, `browse`, `read`, `edit`, `add`, `delete`, `details`, `order`) VALUES (14, 2, 'name', 'text', 'Name', 1, 1, 1, 1, 1, 1, NULL, 2);
INSERT INTO `data_rows` (`id`, `data_type_id`, `field`, `type`, `display_name`, `required`, `browse`, `read`, `edit`, `add`, `delete`, `details`, `order`) VALUES (15, 2, 'created_at', 'timestamp', 'Created At', 0, 0, 0, 0, 0, 0, NULL, 3);
INSERT INTO `data_rows` (`id`, `data_type_id`, `field`, `type`, `display_name`, `required`, `browse`, `read`, `edit`, `add`, `delete`, `details`, `order`) VALUES (16, 2, 'updated_at', 'timestamp', 'Updated At', 0, 0, 0, 0, 0, 0, NULL, 4);
INSERT INTO `data_rows` (`id`, `data_type_id`, `field`, `type`, `display_name`, `required`, `browse`, `read`, `edit`, `add`, `delete`, `details`, `order`) VALUES (17, 3, 'id', 'number', 'ID', 1, 0, 0, 0, 0, 0, NULL, 1);
INSERT INTO `data_rows` (`id`, `data_type_id`, `field`, `type`, `display_name`, `required`, `browse`, `read`, `edit`, `add`, `delete`, `details`, `order`) VALUES (18, 3, 'name', 'text', 'Name', 1, 1, 1, 1, 1, 1, NULL, 2);
INSERT INTO `data_rows` (`id`, `data_type_id`, `field`, `type`, `display_name`, `required`, `browse`, `read`, `edit`, `add`, `delete`, `details`, `order`) VALUES (19, 3, 'created_at', 'timestamp', 'Created At', 0, 0, 0, 0, 0, 0, NULL, 3);
INSERT INTO `data_rows` (`id`, `data_type_id`, `field`, `type`, `display_name`, `required`, `browse`, `read`, `edit`, `add`, `delete`, `details`, `order`) VALUES (20, 3, 'updated_at', 'timestamp', 'Updated At', 0, 0, 0, 0, 0, 0, NULL, 4);
INSERT INTO `data_rows` (`id`, `data_type_id`, `field`, `type`, `display_name`, `required`, `browse`, `read`, `edit`, `add`, `delete`, `details`, `order`) VALUES (21, 3, 'display_name', 'text', 'Display Name', 1, 1, 1, 1, 1, 1, NULL, 5);
INSERT INTO `data_rows` (`id`, `data_type_id`, `field`, `type`, `display_name`, `required`, `browse`, `read`, `edit`, `add`, `delete`, `details`, `order`) VALUES (22, 1, 'role_id', 'text', 'Role', 0, 1, 1, 1, 1, 1, '{}', 9);
INSERT INTO `data_rows` (`id`, `data_type_id`, `field`, `type`, `display_name`, `required`, `browse`, `read`, `edit`, `add`, `delete`, `details`, `order`) VALUES (23, 5, 'id', 'number', 'Id', 1, 0, 0, 0, 0, 0, '{}', 1);
INSERT INTO `data_rows` (`id`, `data_type_id`, `field`, `type`, `display_name`, `required`, `browse`, `read`, `edit`, `add`, `delete`, `details`, `order`) VALUES (24, 5, 'nome', 'text', 'Nome', 0, 1, 1, 1, 1, 1, '{}', 2);
INSERT INTO `data_rows` (`id`, `data_type_id`, `field`, `type`, `display_name`, `required`, `browse`, `read`, `edit`, `add`, `delete`, `details`, `order`) VALUES (25, 5, 'stile', 'text', 'Stile', 0, 1, 1, 1, 1, 1, '{}', 3);
INSERT INTO `data_rows` (`id`, `data_type_id`, `field`, `type`, `display_name`, `required`, `browse`, `read`, `edit`, `add`, `delete`, `details`, `order`) VALUES (26, 5, 'birrificio', 'text', 'Birrificio', 0, 1, 1, 1, 1, 1, '{}', 4);
INSERT INTO `data_rows` (`id`, `data_type_id`, `field`, `type`, `display_name`, `required`, `browse`, `read`, `edit`, `add`, `delete`, `details`, `order`) VALUES (27, 5, 'alcol', 'text', 'Alcol', 0, 1, 1, 1, 1, 1, '{}', 5);
INSERT INTO `data_rows` (`id`, `data_type_id`, `field`, `type`, `display_name`, `required`, `browse`, `read`, `edit`, `add`, `delete`, `details`, `order`) VALUES (28, 5, 'prezzo_piccola', 'number', 'Prezzo Piccola', 0, 1, 1, 1, 1, 1, '{}', 6);
INSERT INTO `data_rows` (`id`, `data_type_id`, `field`, `type`, `display_name`, `required`, `browse`, `read`, `edit`, `add`, `delete`, `details`, `order`) VALUES (29, 5, 'prezzo_pinta', 'number', 'Prezzo Pinta', 0, 1, 1, 1, 1, 1, '{}', 7);
INSERT INTO `data_rows` (`id`, `data_type_id`, `field`, `type`, `display_name`, `required`, `browse`, `read`, `edit`, `add`, `delete`, `details`, `order`) VALUES (30, 5, 'created_at', 'timestamp', 'Inserita', 0, 0, 0, 0, 0, 0, '{\"format\":\"%Y-%m-%d HH:mm:ss\"}', 9);
INSERT INTO `data_rows` (`id`, `data_type_id`, `field`, `type`, `display_name`, `required`, `browse`, `read`, `edit`, `add`, `delete`, `details`, `order`) VALUES (31, 5, 'updated_at', 'timestamp', 'Aggiornata', 0, 0, 0, 0, 0, 0, '{\"format\":\"%Y-%m-%d HH:mm:ss\"}', 10);
INSERT INTO `data_rows` (`id`, `data_type_id`, `field`, `type`, `display_name`, `required`, `browse`, `read`, `edit`, `add`, `delete`, `details`, `order`) VALUES (32, 5, 'is_active', 'checkbox', 'Attaccata', 0, 1, 1, 1, 1, 1, '{\"ons\":\"1\",\"off\":\"0\",\"checked\":\"false\"}', 11);
INSERT INTO `data_rows` (`id`, `data_type_id`, `field`, `type`, `display_name`, `required`, `browse`, `read`, `edit`, `add`, `delete`, `details`, `order`) VALUES (33, 5, 'spina', 'number', 'Spina N°', 0, 1, 1, 1, 1, 1, '{}', 8);
INSERT INTO `data_rows` (`id`, `data_type_id`, `field`, `type`, `display_name`, `required`, `browse`, `read`, `edit`, `add`, `delete`, `details`, `order`) VALUES (34, 5, 'is_available', 'checkbox', 'Disponibile', 0, 1, 1, 1, 1, 1, '{\"ons\":\"1\",\"off\":\"0\",\"checked\":\"false\"}', 12);
INSERT INTO `data_rows` (`id`, `data_type_id`, `field`, `type`, `display_name`, `required`, `browse`, `read`, `edit`, `add`, `delete`, `details`, `order`) VALUES (35, 6, 'id', 'number', 'Id', 1, 1, 1, 0, 0, 1, '{}', 1);
INSERT INTO `data_rows` (`id`, `data_type_id`, `field`, `type`, `display_name`, `required`, `browse`, `read`, `edit`, `add`, `delete`, `details`, `order`) VALUES (36, 6, 'day', 'date', 'Giorno', 0, 1, 1, 1, 1, 1, '{\"format\":\"%Y-%m-%d\"}', 2);
INSERT INTO `data_rows` (`id`, `data_type_id`, `field`, `type`, `display_name`, `required`, `browse`, `read`, `edit`, `add`, `delete`, `details`, `order`) VALUES (37, 6, 'sign', 'number', 'Firma', 0, 1, 1, 1, 1, 1, '{}', 3);
INSERT INTO `data_rows` (`id`, `data_type_id`, `field`, `type`, `display_name`, `required`, `browse`, `read`, `edit`, `add`, `delete`, `details`, `order`) VALUES (38, 6, 'start', 'time', 'Inizio', 0, 1, 1, 1, 1, 1, '{\"format\":\"%Y-%m-%d\"}', 4);
INSERT INTO `data_rows` (`id`, `data_type_id`, `field`, `type`, `display_name`, `required`, `browse`, `read`, `edit`, `add`, `delete`, `details`, `order`) VALUES (39, 6, 'pers_status_start', 'number', 'Status Personale Iniziale', 0, 1, 1, 1, 1, 1, '{}', 5);
INSERT INTO `data_rows` (`id`, `data_type_id`, `field`, `type`, `display_name`, `required`, `browse`, `read`, `edit`, `add`, `delete`, `details`, `order`) VALUES (40, 6, 'end', 'time', 'Fine', 0, 1, 1, 1, 1, 1, '{\"format\":\"%Y-%m-%d\"}', 6);
INSERT INTO `data_rows` (`id`, `data_type_id`, `field`, `type`, `display_name`, `required`, `browse`, `read`, `edit`, `add`, `delete`, `details`, `order`) VALUES (41, 6, 'pers_status_end', 'number', 'Status Personale Finale', 0, 1, 1, 1, 1, 1, '{}', 7);
INSERT INTO `data_rows` (`id`, `data_type_id`, `field`, `type`, `display_name`, `required`, `browse`, `read`, `edit`, `add`, `delete`, `details`, `order`) VALUES (42, 6, 'service', 'text', 'Servizio', 0, 1, 1, 1, 1, 1, '{}', 8);
INSERT INTO `data_rows` (`id`, `data_type_id`, `field`, `type`, `display_name`, `required`, `browse`, `read`, `edit`, `add`, `delete`, `details`, `order`) VALUES (43, 6, 'note', 'text', 'Note', 0, 1, 1, 1, 1, 1, '{}', 9);
INSERT INTO `data_rows` (`id`, `data_type_id`, `field`, `type`, `display_name`, `required`, `browse`, `read`, `edit`, `add`, `delete`, `details`, `order`) VALUES (44, 6, 'created_at', 'timestamp', 'Creato', 0, 0, 0, 0, 0, 0, '{\"format\":\"%Y-%m-%d HH:mm:ss\"}', 10);
INSERT INTO `data_rows` (`id`, `data_type_id`, `field`, `type`, `display_name`, `required`, `browse`, `read`, `edit`, `add`, `delete`, `details`, `order`) VALUES (45, 6, 'updated_at', 'timestamp', 'Aggiornato', 0, 0, 0, 0, 0, 0, '{\"format\":\"%Y-%m-%d HH:mm:ss\"}', 11);
INSERT INTO `data_rows` (`id`, `data_type_id`, `field`, `type`, `display_name`, `required`, `browse`, `read`, `edit`, `add`, `delete`, `details`, `order`) VALUES (46, 6, 'is_active', 'number', 'Attivo', 0, 1, 1, 1, 1, 1, '{\"ons\":\"1\",\"off\":\"0\",\"checked\":\"false\"}', 12);
INSERT INTO `data_rows` (`id`, `data_type_id`, `field`, `type`, `display_name`, `required`, `browse`, `read`, `edit`, `add`, `delete`, `details`, `order`) VALUES (48, 7, 'id', 'text', 'Id', 1, 0, 0, 0, 0, 0, '{}', 1);
INSERT INTO `data_rows` (`id`, `data_type_id`, `field`, `type`, `display_name`, `required`, `browse`, `read`, `edit`, `add`, `delete`, `details`, `order`) VALUES (49, 7, 'name', 'text', 'Name', 1, 1, 1, 1, 1, 1, '{}', 2);
INSERT INTO `data_rows` (`id`, `data_type_id`, `field`, `type`, `display_name`, `required`, `browse`, `read`, `edit`, `add`, `delete`, `details`, `order`) VALUES (50, 7, 'username', 'text', 'Username', 1, 1, 1, 1, 1, 1, '{}', 3);
INSERT INTO `data_rows` (`id`, `data_type_id`, `field`, `type`, `display_name`, `required`, `browse`, `read`, `edit`, `add`, `delete`, `details`, `order`) VALUES (51, 7, 'email', 'text', 'Email', 1, 1, 1, 1, 1, 1, '{}', 4);
INSERT INTO `data_rows` (`id`, `data_type_id`, `field`, `type`, `display_name`, `required`, `browse`, `read`, `edit`, `add`, `delete`, `details`, `order`) VALUES (52, 7, 'password', 'text', 'Password', 1, 1, 1, 1, 1, 1, '{}', 5);
INSERT INTO `data_rows` (`id`, `data_type_id`, `field`, `type`, `display_name`, `required`, `browse`, `read`, `edit`, `add`, `delete`, `details`, `order`) VALUES (53, 7, 'block', 'text', 'Block', 1, 1, 1, 1, 1, 1, '{}', 6);
INSERT INTO `data_rows` (`id`, `data_type_id`, `field`, `type`, `display_name`, `required`, `browse`, `read`, `edit`, `add`, `delete`, `details`, `order`) VALUES (54, 7, 'sendEmail', 'text', 'SendEmail', 0, 1, 1, 1, 1, 1, '{}', 7);
INSERT INTO `data_rows` (`id`, `data_type_id`, `field`, `type`, `display_name`, `required`, `browse`, `read`, `edit`, `add`, `delete`, `details`, `order`) VALUES (55, 7, 'registerDate', 'text', 'RegisterDate', 1, 1, 1, 1, 1, 1, '{}', 8);
INSERT INTO `data_rows` (`id`, `data_type_id`, `field`, `type`, `display_name`, `required`, `browse`, `read`, `edit`, `add`, `delete`, `details`, `order`) VALUES (56, 7, 'lastvisitDate', 'text', 'LastvisitDate', 1, 1, 1, 1, 1, 1, '{}', 9);
INSERT INTO `data_rows` (`id`, `data_type_id`, `field`, `type`, `display_name`, `required`, `browse`, `read`, `edit`, `add`, `delete`, `details`, `order`) VALUES (57, 7, 'activation', 'text', 'Activation', 1, 1, 1, 1, 1, 1, '{}', 10);
INSERT INTO `data_rows` (`id`, `data_type_id`, `field`, `type`, `display_name`, `required`, `browse`, `read`, `edit`, `add`, `delete`, `details`, `order`) VALUES (58, 7, 'params', 'text', 'Params', 1, 1, 1, 1, 1, 1, '{}', 11);
INSERT INTO `data_rows` (`id`, `data_type_id`, `field`, `type`, `display_name`, `required`, `browse`, `read`, `edit`, `add`, `delete`, `details`, `order`) VALUES (59, 7, 'lastResetTime', 'text', 'LastResetTime', 1, 1, 1, 1, 1, 1, '{}', 12);
INSERT INTO `data_rows` (`id`, `data_type_id`, `field`, `type`, `display_name`, `required`, `browse`, `read`, `edit`, `add`, `delete`, `details`, `order`) VALUES (60, 7, 'resetCount', 'text', 'ResetCount', 1, 1, 1, 1, 1, 1, '{}', 13);
INSERT INTO `data_rows` (`id`, `data_type_id`, `field`, `type`, `display_name`, `required`, `browse`, `read`, `edit`, `add`, `delete`, `details`, `order`) VALUES (61, 7, 'otpKey', 'text', 'OtpKey', 1, 1, 1, 1, 1, 1, '{}', 14);
INSERT INTO `data_rows` (`id`, `data_type_id`, `field`, `type`, `display_name`, `required`, `browse`, `read`, `edit`, `add`, `delete`, `details`, `order`) VALUES (62, 7, 'otep', 'text', 'Otep', 1, 1, 1, 1, 1, 1, '{}', 15);
INSERT INTO `data_rows` (`id`, `data_type_id`, `field`, `type`, `display_name`, `required`, `browse`, `read`, `edit`, `add`, `delete`, `details`, `order`) VALUES (63, 7, 'requireReset', 'text', 'RequireReset', 1, 1, 1, 1, 1, 1, '{}', 16);
INSERT INTO `data_rows` (`id`, `data_type_id`, `field`, `type`, `display_name`, `required`, `browse`, `read`, `edit`, `add`, `delete`, `details`, `order`) VALUES (64, 7, 'mod789_user_hasmany_mod789_fields_value_relationship', 'relationship', 'PIN', 0, 1, 1, 1, 1, 1, '{\"model\":\"App\\\\UserFieldValues\",\"table\":\"mod789_fields_values\",\"type\":\"hasMany\",\"column\":\"item_id\",\"key\":\"value\",\"label\":\"value\",\"pivot_table\":\"data_rows\",\"pivot\":\"0\",\"taggable\":\"0\"}', 17);
INSERT INTO `data_rows` (`id`, `data_type_id`, `field`, `type`, `display_name`, `required`, `browse`, `read`, `edit`, `add`, `delete`, `details`, `order`) VALUES (65, 7, 'created_at', 'text', 'Created At', 0, 1, 1, 1, 1, 1, '{}', 17);
INSERT INTO `data_rows` (`id`, `data_type_id`, `field`, `type`, `display_name`, `required`, `browse`, `read`, `edit`, `add`, `delete`, `details`, `order`) VALUES (66, 7, 'updated_at', 'text', 'Updated At', 0, 1, 1, 1, 1, 1, '{}', 18);
INSERT INTO `data_rows` (`id`, `data_type_id`, `field`, `type`, `display_name`, `required`, `browse`, `read`, `edit`, `add`, `delete`, `details`, `order`) VALUES (67, 7, 'is_active', 'text', 'Is Active', 0, 1, 1, 1, 1, 1, '{}', 19);
INSERT INTO `data_rows` (`id`, `data_type_id`, `field`, `type`, `display_name`, `required`, `browse`, `read`, `edit`, `add`, `delete`, `details`, `order`) VALUES (69, 6, 'umami_timetrack_belongsto_mod789_user_relationship', 'relationship', 'Nome', 0, 1, 1, 1, 1, 1, '{\"model\":\"App\\\\JoomlaUser\",\"table\":\"mod789_users\",\"type\":\"belongsTo\",\"column\":\"joomla_user_id\",\"key\":\"id\",\"label\":\"name\",\"pivot_table\":\"data_rows\",\"pivot\":\"0\",\"taggable\":\"0\"}', 13);
INSERT INTO `data_rows` (`id`, `data_type_id`, `field`, `type`, `display_name`, `required`, `browse`, `read`, `edit`, `add`, `delete`, `details`, `order`) VALUES (70, 6, 'joomla_user_id', 'number', 'Joomla User Id', 0, 1, 1, 1, 1, 1, '{}', 3);
INSERT INTO `data_rows` (`id`, `data_type_id`, `field`, `type`, `display_name`, `required`, `browse`, `read`, `edit`, `add`, `delete`, `details`, `order`) VALUES (71, 5, 'quantita', 'number', 'Quantita', 0, 1, 1, 1, 1, 1, '{}', 11);
INSERT INTO `data_rows` (`id`, `data_type_id`, `field`, `type`, `display_name`, `required`, `browse`, `read`, `edit`, `add`, `delete`, `details`, `order`) VALUES (72, 9, 'id', 'number', 'Id', 1, 0, 0, 0, 0, 0, '{}', 1);
INSERT INTO `data_rows` (`id`, `data_type_id`, `field`, `type`, `display_name`, `required`, `browse`, `read`, `edit`, `add`, `delete`, `details`, `order`) VALUES (73, 9, 'data', 'date', 'Data', 1, 1, 1, 1, 1, 1, '{\"format\":\"%d\\/%m\\/%Y\"}', 2);
INSERT INTO `data_rows` (`id`, `data_type_id`, `field`, `type`, `display_name`, `required`, `browse`, `read`, `edit`, `add`, `delete`, `details`, `order`) VALUES (74, 9, 'corrispettivo', 'number', 'Corrispettivo', 0, 1, 1, 1, 1, 1, '{}', 3);
INSERT INTO `data_rows` (`id`, `data_type_id`, `field`, `type`, `display_name`, `required`, `browse`, `read`, `edit`, `add`, `delete`, `details`, `order`) VALUES (75, 9, 'pos', 'number', 'Totale POS', 0, 1, 1, 1, 1, 1, '{}', 4);
INSERT INTO `data_rows` (`id`, `data_type_id`, `field`, `type`, `display_name`, `required`, `browse`, `read`, `edit`, `add`, `delete`, `details`, `order`) VALUES (76, 9, 'totale', 'number', 'Totale', 0, 0, 0, 0, 0, 0, '{}', 8);
INSERT INTO `data_rows` (`id`, `data_type_id`, `field`, `type`, `display_name`, `required`, `browse`, `read`, `edit`, `add`, `delete`, `details`, `order`) VALUES (77, 9, 'fatture', 'number', 'Totale Fatture', 0, 1, 1, 1, 1, 1, '{}', 9);
INSERT INTO `data_rows` (`id`, `data_type_id`, `field`, `type`, `display_name`, `required`, `browse`, `read`, `edit`, `add`, `delete`, `details`, `order`) VALUES (78, 9, 'note', 'text', 'Note', 0, 1, 1, 1, 1, 1, '{}', 12);
INSERT INTO `data_rows` (`id`, `data_type_id`, `field`, `type`, `display_name`, `required`, `browse`, `read`, `edit`, `add`, `delete`, `details`, `order`) VALUES (79, 9, 'created_at', 'date', 'Creato il', 0, 1, 1, 0, 0, 0, '{}', 13);
INSERT INTO `data_rows` (`id`, `data_type_id`, `field`, `type`, `display_name`, `required`, `browse`, `read`, `edit`, `add`, `delete`, `details`, `order`) VALUES (80, 9, 'updated_at', 'date', 'Updated At', 0, 0, 0, 0, 0, 0, '{}', 14);
INSERT INTO `data_rows` (`id`, `data_type_id`, `field`, `type`, `display_name`, `required`, `browse`, `read`, `edit`, `add`, `delete`, `details`, `order`) VALUES (81, 9, 'sign', 'text', 'Sign', 0, 1, 1, 1, 1, 1, '{}', 15);
INSERT INTO `data_rows` (`id`, `data_type_id`, `field`, `type`, `display_name`, `required`, `browse`, `read`, `edit`, `add`, `delete`, `details`, `order`) VALUES (82, 9, 'is_active', 'radio_btn', 'Is Active', 0, 0, 0, 1, 1, 0, '{\"default\":\"1\",\"options\":{\"0\":\"Disattivo\",\"1\":\"Attivo\"}}', 16);
INSERT INTO `data_rows` (`id`, `data_type_id`, `field`, `type`, `display_name`, `required`, `browse`, `read`, `edit`, `add`, `delete`, `details`, `order`) VALUES (83, 9, 'ub_corrispettivi_belongsto_user_relationship', 'relationship', 'users', 0, 1, 1, 1, 1, 1, '{\"model\":\"App\\\\User\",\"table\":\"users\",\"type\":\"belongsTo\",\"column\":\"sign\",\"key\":\"id\",\"label\":\"name\",\"pivot_table\":\"_roles\",\"pivot\":\"0\",\"taggable\":\"0\"}', 17);
INSERT INTO `data_rows` (`id`, `data_type_id`, `field`, `type`, `display_name`, `required`, `browse`, `read`, `edit`, `add`, `delete`, `details`, `order`) VALUES (84, 10, 'id', 'text', 'Id', 1, 0, 0, 0, 0, 0, '{}', 1);
INSERT INTO `data_rows` (`id`, `data_type_id`, `field`, `type`, `display_name`, `required`, `browse`, `read`, `edit`, `add`, `delete`, `details`, `order`) VALUES (85, 10, 'tavolo', 'text', 'Tavolo', 0, 1, 1, 1, 1, 1, '{}', 2);
INSERT INTO `data_rows` (`id`, `data_type_id`, `field`, `type`, `display_name`, `required`, `browse`, `read`, `edit`, `add`, `delete`, `details`, `order`) VALUES (86, 10, 'sala', 'text', 'Sala', 0, 1, 1, 1, 1, 1, '{}', 3);
INSERT INTO `data_rows` (`id`, `data_type_id`, `field`, `type`, `display_name`, `required`, `browse`, `read`, `edit`, `add`, `delete`, `details`, `order`) VALUES (87, 10, 'numpaxMin', 'text', 'NumpaxMin', 0, 1, 1, 1, 1, 1, '{}', 4);
INSERT INTO `data_rows` (`id`, `data_type_id`, `field`, `type`, `display_name`, `required`, `browse`, `read`, `edit`, `add`, `delete`, `details`, `order`) VALUES (88, 10, 'numpaxMax', 'text', 'NumpaxMax', 0, 1, 1, 1, 1, 1, '{}', 5);
INSERT INTO `data_rows` (`id`, `data_type_id`, `field`, `type`, `display_name`, `required`, `browse`, `read`, `edit`, `add`, `delete`, `details`, `order`) VALUES (89, 10, 'joinable', 'text', 'Joinable', 0, 1, 1, 1, 1, 1, '{}', 6);
INSERT INTO `data_rows` (`id`, `data_type_id`, `field`, `type`, `display_name`, `required`, `browse`, `read`, `edit`, `add`, `delete`, `details`, `order`) VALUES (90, 10, 'joinWithLose', 'text', 'JoinWithLose', 0, 1, 1, 1, 1, 1, '{}', 7);
INSERT INTO `data_rows` (`id`, `data_type_id`, `field`, `type`, `display_name`, `required`, `browse`, `read`, `edit`, `add`, `delete`, `details`, `order`) VALUES (91, 10, 'splittable', 'text', 'Splittable', 0, 1, 1, 1, 1, 1, '{}', 8);
INSERT INTO `data_rows` (`id`, `data_type_id`, `field`, `type`, `display_name`, `required`, `browse`, `read`, `edit`, `add`, `delete`, `details`, `order`) VALUES (92, 10, 'created_at', 'text', 'Created At', 0, 1, 1, 1, 1, 1, '{}', 9);
INSERT INTO `data_rows` (`id`, `data_type_id`, `field`, `type`, `display_name`, `required`, `browse`, `read`, `edit`, `add`, `delete`, `details`, `order`) VALUES (93, 10, 'updated_at', 'text', 'Updated At', 0, 1, 1, 1, 1, 1, '{}', 10);
INSERT INTO `data_rows` (`id`, `data_type_id`, `field`, `type`, `display_name`, `required`, `browse`, `read`, `edit`, `add`, `delete`, `details`, `order`) VALUES (94, 10, 'is_active', 'text', 'Is Active', 0, 1, 1, 1, 1, 1, '{}', 11);
INSERT INTO `data_rows` (`id`, `data_type_id`, `field`, `type`, `display_name`, `required`, `browse`, `read`, `edit`, `add`, `delete`, `details`, `order`) VALUES (95, 11, 'id', 'text', 'Id', 1, 0, 0, 0, 0, 0, '{}', 1);
INSERT INTO `data_rows` (`id`, `data_type_id`, `field`, `type`, `display_name`, `required`, `browse`, `read`, `edit`, `add`, `delete`, `details`, `order`) VALUES (96, 11, 'nome', 'text', 'Nome', 0, 1, 1, 1, 1, 1, '{}', 2);
INSERT INTO `data_rows` (`id`, `data_type_id`, `field`, `type`, `display_name`, `required`, `browse`, `read`, `edit`, `add`, `delete`, `details`, `order`) VALUES (97, 11, 'telefono', 'text', 'Telefono', 0, 1, 1, 1, 1, 1, '{}', 3);
INSERT INTO `data_rows` (`id`, `data_type_id`, `field`, `type`, `display_name`, `required`, `browse`, `read`, `edit`, `add`, `delete`, `details`, `order`) VALUES (98, 11, 'giorno', 'text', 'Giorno', 0, 1, 1, 1, 1, 1, '{}', 4);
INSERT INTO `data_rows` (`id`, `data_type_id`, `field`, `type`, `display_name`, `required`, `browse`, `read`, `edit`, `add`, `delete`, `details`, `order`) VALUES (99, 11, 'ora', 'text', 'Ora', 0, 1, 1, 1, 1, 1, '{}', 5);
INSERT INTO `data_rows` (`id`, `data_type_id`, `field`, `type`, `display_name`, `required`, `browse`, `read`, `edit`, `add`, `delete`, `details`, `order`) VALUES (100, 11, 'numPax', 'text', 'NumPax', 0, 1, 1, 1, 1, 1, '{}', 6);
INSERT INTO `data_rows` (`id`, `data_type_id`, `field`, `type`, `display_name`, `required`, `browse`, `read`, `edit`, `add`, `delete`, `details`, `order`) VALUES (101, 11, 'id_tavolo', 'text', 'Id Tavolo', 0, 1, 1, 1, 1, 1, '{}', 7);
INSERT INTO `data_rows` (`id`, `data_type_id`, `field`, `type`, `display_name`, `required`, `browse`, `read`, `edit`, `add`, `delete`, `details`, `order`) VALUES (102, 11, 'stato', 'text', 'Stato', 0, 1, 1, 1, 1, 1, '{}', 8);
INSERT INTO `data_rows` (`id`, `data_type_id`, `field`, `type`, `display_name`, `required`, `browse`, `read`, `edit`, `add`, `delete`, `details`, `order`) VALUES (103, 11, 'created_at', 'text', 'Created At', 0, 1, 1, 1, 1, 1, '{}', 9);
INSERT INTO `data_rows` (`id`, `data_type_id`, `field`, `type`, `display_name`, `required`, `browse`, `read`, `edit`, `add`, `delete`, `details`, `order`) VALUES (104, 11, 'updated_at', 'text', 'Updated At', 0, 1, 1, 1, 1, 1, '{}', 10);
INSERT INTO `data_rows` (`id`, `data_type_id`, `field`, `type`, `display_name`, `required`, `browse`, `read`, `edit`, `add`, `delete`, `details`, `order`) VALUES (105, 11, 'is_active', 'text', 'Is Active', 0, 1, 1, 1, 1, 1, '{}', 11);
INSERT INTO `data_rows` (`id`, `data_type_id`, `field`, `type`, `display_name`, `required`, `browse`, `read`, `edit`, `add`, `delete`, `details`, `order`) VALUES (106, 11, 'ub_prenotazioni_belongsto_ub_tavoli_relationship', 'relationship', 'ub_tavoli', 0, 1, 1, 1, 1, 1, '{\"model\":\"App\\\\UbTavoli\",\"table\":\"ub_tavoli\",\"type\":\"belongsTo\",\"column\":\"id_tavolo\",\"key\":\"id\",\"label\":\"tavolo\",\"pivot_table\":\"_mod789_rms_menu_items\",\"pivot\":\"0\",\"taggable\":\"0\"}', 12);
INSERT INTO `data_rows` (`id`, `data_type_id`, `field`, `type`, `display_name`, `required`, `browse`, `read`, `edit`, `add`, `delete`, `details`, `order`) VALUES (107, 1, 'email_verified_at', 'timestamp', 'Email Verified At', 0, 1, 1, 1, 1, 1, '{}', 6);
INSERT INTO `data_rows` (`id`, `data_type_id`, `field`, `type`, `display_name`, `required`, `browse`, `read`, `edit`, `add`, `delete`, `details`, `order`) VALUES (108, 13, 'id', 'number', 'Id', 1, 0, 0, 0, 0, 0, '{}', 1);
INSERT INTO `data_rows` (`id`, `data_type_id`, `field`, `type`, `display_name`, `required`, `browse`, `read`, `edit`, `add`, `delete`, `details`, `order`) VALUES (109, 13, 'importo', 'number', 'Importo', 1, 1, 1, 1, 1, 1, '{}', 2);
INSERT INTO `data_rows` (`id`, `data_type_id`, `field`, `type`, `display_name`, `required`, `browse`, `read`, `edit`, `add`, `delete`, `details`, `order`) VALUES (110, 13, 'data', 'date', 'Data', 1, 1, 1, 1, 1, 1, '{\"format\":\"%d\\/%m\\/%Y\"}', 3);
INSERT INTO `data_rows` (`id`, `data_type_id`, `field`, `type`, `display_name`, `required`, `browse`, `read`, `edit`, `add`, `delete`, `details`, `order`) VALUES (111, 13, 'ora', 'time', 'Ora', 0, 1, 1, 1, 1, 1, '{\"format\":\"%H:%i\"}', 4);
INSERT INTO `data_rows` (`id`, `data_type_id`, `field`, `type`, `display_name`, `required`, `browse`, `read`, `edit`, `add`, `delete`, `details`, `order`) VALUES (112, 13, 'banca', 'radio_btn', 'Banca', 0, 1, 1, 1, 1, 1, '{\"default\":\"Unicredit\",\"options\":{\"Unicredit\":\"Unicredit\",\"Intesa\":\"Intesa\"}}', 5);
INSERT INTO `data_rows` (`id`, `data_type_id`, `field`, `type`, `display_name`, `required`, `browse`, `read`, `edit`, `add`, `delete`, `details`, `order`) VALUES (113, 13, 'note', 'text', 'Note', 0, 1, 1, 1, 1, 1, '{}', 6);
INSERT INTO `data_rows` (`id`, `data_type_id`, `field`, `type`, `display_name`, `required`, `browse`, `read`, `edit`, `add`, `delete`, `details`, `order`) VALUES (114, 13, 'created_at', 'timestamp', 'created At', 0, 0, 0, 0, 0, 0, '{}', 7);
INSERT INTO `data_rows` (`id`, `data_type_id`, `field`, `type`, `display_name`, `required`, `browse`, `read`, `edit`, `add`, `delete`, `details`, `order`) VALUES (115, 13, 'updated_at', 'timestamp', 'updated At', 0, 0, 0, 0, 0, 0, '{}', 8);
INSERT INTO `data_rows` (`id`, `data_type_id`, `field`, `type`, `display_name`, `required`, `browse`, `read`, `edit`, `add`, `delete`, `details`, `order`) VALUES (116, 13, 'sign', 'text', 'Sign', 0, 1, 1, 1, 1, 1, '{}', 9);
INSERT INTO `data_rows` (`id`, `data_type_id`, `field`, `type`, `display_name`, `required`, `browse`, `read`, `edit`, `add`, `delete`, `details`, `order`) VALUES (117, 13, 'is_active', 'radio_btn', 'Is Active', 0, 1, 1, 1, 1, 1, '{\"default\":\"1\",\"options\":{\"0\":\"Disattivo\",\"1\":\"Attivo\"}}', 10);
INSERT INTO `data_rows` (`id`, `data_type_id`, `field`, `type`, `display_name`, `required`, `browse`, `read`, `edit`, `add`, `delete`, `details`, `order`) VALUES (118, 14, 'id', 'number', 'Id', 1, 0, 0, 0, 0, 0, '{}', 1);
INSERT INTO `data_rows` (`id`, `data_type_id`, `field`, `type`, `display_name`, `required`, `browse`, `read`, `edit`, `add`, `delete`, `details`, `order`) VALUES (119, 14, 'data', 'date', 'Data', 0, 1, 1, 1, 1, 1, '{\"format\":\"%d\\/%m\\/%Y\"}', 2);
INSERT INTO `data_rows` (`id`, `data_type_id`, `field`, `type`, `display_name`, `required`, `browse`, `read`, `edit`, `add`, `delete`, `details`, `order`) VALUES (120, 14, 'importo', 'number', 'Importo', 0, 1, 1, 1, 1, 1, '{}', 3);
INSERT INTO `data_rows` (`id`, `data_type_id`, `field`, `type`, `display_name`, `required`, `browse`, `read`, `edit`, `add`, `delete`, `details`, `order`) VALUES (121, 14, 'conto', 'text', 'Conto', 0, 1, 1, 1, 1, 1, '{}', 4);
INSERT INTO `data_rows` (`id`, `data_type_id`, `field`, `type`, `display_name`, `required`, `browse`, `read`, `edit`, `add`, `delete`, `details`, `order`) VALUES (122, 14, 'segno', 'text', 'Segno', 0, 1, 1, 1, 1, 1, '{}', 5);
INSERT INTO `data_rows` (`id`, `data_type_id`, `field`, `type`, `display_name`, `required`, `browse`, `read`, `edit`, `add`, `delete`, `details`, `order`) VALUES (123, 14, 'descrizione', 'text', 'Descrizione', 0, 1, 1, 1, 1, 1, '{}', 6);
INSERT INTO `data_rows` (`id`, `data_type_id`, `field`, `type`, `display_name`, `required`, `browse`, `read`, `edit`, `add`, `delete`, `details`, `order`) VALUES (124, 14, 'tipo', 'text', 'Tipo', 0, 1, 1, 1, 1, 1, '{}', 7);
INSERT INTO `data_rows` (`id`, `data_type_id`, `field`, `type`, `display_name`, `required`, `browse`, `read`, `edit`, `add`, `delete`, `details`, `order`) VALUES (125, 14, 'stato', 'number', 'Stato', 0, 1, 1, 1, 1, 1, '{}', 8);
INSERT INTO `data_rows` (`id`, `data_type_id`, `field`, `type`, `display_name`, `required`, `browse`, `read`, `edit`, `add`, `delete`, `details`, `order`) VALUES (126, 14, 'created_at', 'timestamp', 'Created At', 0, 0, 0, 0, 0, 0, '{}', 9);
INSERT INTO `data_rows` (`id`, `data_type_id`, `field`, `type`, `display_name`, `required`, `browse`, `read`, `edit`, `add`, `delete`, `details`, `order`) VALUES (127, 14, 'updated_at', 'timestamp', 'Updated At', 0, 0, 0, 0, 0, 0, '{}', 10);
INSERT INTO `data_rows` (`id`, `data_type_id`, `field`, `type`, `display_name`, `required`, `browse`, `read`, `edit`, `add`, `delete`, `details`, `order`) VALUES (128, 14, 'sign', 'number', 'Sign', 0, 0, 0, 0, 0, 0, '{}', 11);
INSERT INTO `data_rows` (`id`, `data_type_id`, `field`, `type`, `display_name`, `required`, `browse`, `read`, `edit`, `add`, `delete`, `details`, `order`) VALUES (129, 14, 'is_active', 'checkbox', 'Is Active', 1, 1, 1, 1, 1, 1, '{\"default\":\"1\",\"options\":{\"0\":\"Disattivo\",\"1\":\"Attivo\"}}', 12);
INSERT INTO `data_rows` (`id`, `data_type_id`, `field`, `type`, `display_name`, `required`, `browse`, `read`, `edit`, `add`, `delete`, `details`, `order`) VALUES (130, 15, 'id', 'text', 'Id', 1, 0, 0, 0, 0, 0, '{}', 1);
INSERT INTO `data_rows` (`id`, `data_type_id`, `field`, `type`, `display_name`, `required`, `browse`, `read`, `edit`, `add`, `delete`, `details`, `order`) VALUES (131, 15, 'day', 'date', 'Giorno', 0, 1, 1, 1, 1, 1, '{\"format\":\"%d\\/%m\\/%Y\",\"validation\":{\"rule\":\"required\",\"messages\":{\"required\":\"campo :attribute Obbligatorio.\"}}}', 2);
INSERT INTO `data_rows` (`id`, `data_type_id`, `field`, `type`, `display_name`, `required`, `browse`, `read`, `edit`, `add`, `delete`, `details`, `order`) VALUES (132, 15, 'E10000', 'number', 'Pezzi da 100', 1, 1, 1, 1, 1, 1, '{\"Default\":\"0\",\"validation\":{\"rule\":\"required\",\"messages\":{\"required\":\"campo :attribute Obbligatorio.\"}}}', 4);
INSERT INTO `data_rows` (`id`, `data_type_id`, `field`, `type`, `display_name`, `required`, `browse`, `read`, `edit`, `add`, `delete`, `details`, `order`) VALUES (133, 15, 'E05000', 'number', 'Pezzi da 50', 1, 1, 1, 1, 1, 1, '{\"Default\":\"0\",\"validation\":{\"rule\":\"required\",\"messages\":{\"required\":\"campo :attribute Obbligatorio.\"}}}', 5);
INSERT INTO `data_rows` (`id`, `data_type_id`, `field`, `type`, `display_name`, `required`, `browse`, `read`, `edit`, `add`, `delete`, `details`, `order`) VALUES (134, 15, 'E02000', 'number', 'Pezzi da 20', 1, 1, 1, 1, 1, 1, '{\"Default\":\"0\",\"validation\":{\"rule\":\"required\",\"messages\":{\"required\":\"campo :attribute Obbligatorio.\"}}}', 6);
INSERT INTO `data_rows` (`id`, `data_type_id`, `field`, `type`, `display_name`, `required`, `browse`, `read`, `edit`, `add`, `delete`, `details`, `order`) VALUES (135, 15, 'E01000', 'number', 'Pezzi da 10', 1, 1, 1, 1, 1, 1, '{\"Default\":\"0\",\"validation\":{\"rule\":\"required\",\"messages\":{\"required\":\"campo :attribute Obbligatorio.\"}}}', 7);
INSERT INTO `data_rows` (`id`, `data_type_id`, `field`, `type`, `display_name`, `required`, `browse`, `read`, `edit`, `add`, `delete`, `details`, `order`) VALUES (136, 15, 'E00500', 'number', 'Pezzi da 5', 1, 1, 1, 1, 1, 1, '{\"Default\":\"0\",\"validation\":{\"rule\":\"required\",\"messages\":{\"required\":\"campo :attribute Obbligatorio.\"}}}', 8);
INSERT INTO `data_rows` (`id`, `data_type_id`, `field`, `type`, `display_name`, `required`, `browse`, `read`, `edit`, `add`, `delete`, `details`, `order`) VALUES (137, 15, 'E00200', 'number', 'Pezzi da 2', 1, 1, 1, 1, 1, 1, '{\"Default\":\"0\",\"validation\":{\"rule\":\"required\",\"messages\":{\"required\":\"campo :attribute Obbligatorio.\"}}}', 9);
INSERT INTO `data_rows` (`id`, `data_type_id`, `field`, `type`, `display_name`, `required`, `browse`, `read`, `edit`, `add`, `delete`, `details`, `order`) VALUES (138, 15, 'E00100', 'number', 'Pezzi da 1', 1, 1, 1, 1, 1, 1, '{\"Default\":\"0\",\"validation\":{\"rule\":\"required\",\"messages\":{\"required\":\"campo :attribute Obbligatorio.\"}}}', 10);
INSERT INTO `data_rows` (`id`, `data_type_id`, `field`, `type`, `display_name`, `required`, `browse`, `read`, `edit`, `add`, `delete`, `details`, `order`) VALUES (139, 15, 'E00050', 'number', 'Pezzi da 0,5', 1, 1, 1, 1, 1, 1, '{\"Default\":\"0\",\"validation\":{\"rule\":\"required\",\"messages\":{\"required\":\"campo :attribute Obbligatorio.\"}}}', 11);
INSERT INTO `data_rows` (`id`, `data_type_id`, `field`, `type`, `display_name`, `required`, `browse`, `read`, `edit`, `add`, `delete`, `details`, `order`) VALUES (140, 15, 'E00020', 'number', 'Pezzi da 0,2', 1, 1, 1, 1, 1, 1, '{\"Default\":\"0\",\"validation\":{\"rule\":\"required\",\"messages\":{\"required\":\"campo :attribute Obbligatorio.\"}}}', 12);
INSERT INTO `data_rows` (`id`, `data_type_id`, `field`, `type`, `display_name`, `required`, `browse`, `read`, `edit`, `add`, `delete`, `details`, `order`) VALUES (141, 15, 'E00010', 'number', 'Pezzi da 0,1', 1, 1, 1, 1, 1, 1, '{\"Default\":\"0\",\"validation\":{\"rule\":\"required\",\"messages\":{\"required\":\"campo :attribute Obbligatorio.\"}}}', 13);
INSERT INTO `data_rows` (`id`, `data_type_id`, `field`, `type`, `display_name`, `required`, `browse`, `read`, `edit`, `add`, `delete`, `details`, `order`) VALUES (142, 15, 'E00005', 'number', 'Pezzi da 0,05', 1, 1, 1, 1, 1, 1, '{\"Default\":\"0\",\"validation\":{\"rule\":\"required\",\"messages\":{\"required\":\"campo :attribute Obbligatorio.\"}}}', 14);
INSERT INTO `data_rows` (`id`, `data_type_id`, `field`, `type`, `display_name`, `required`, `browse`, `read`, `edit`, `add`, `delete`, `details`, `order`) VALUES (143, 15, 'created_at', 'timestamp', 'Creato', 0, 1, 1, 0, 0, 0, '{}', 15);
INSERT INTO `data_rows` (`id`, `data_type_id`, `field`, `type`, `display_name`, `required`, `browse`, `read`, `edit`, `add`, `delete`, `details`, `order`) VALUES (144, 15, 'updated_at', 'timestamp', 'Updated At', 0, 0, 0, 0, 0, 0, '{}', 16);
INSERT INTO `data_rows` (`id`, `data_type_id`, `field`, `type`, `display_name`, `required`, `browse`, `read`, `edit`, `add`, `delete`, `details`, `order`) VALUES (145, 15, 'is_active', 'checkbox', 'Attivo', 0, 1, 1, 1, 1, 1, '{\"default\":\"1\",\"options\":{\"0\":\"Disattivo\",\"1\":\"Attivo\"}}', 17);
INSERT INTO `data_rows` (`id`, `data_type_id`, `field`, `type`, `display_name`, `required`, `browse`, `read`, `edit`, `add`, `delete`, `details`, `order`) VALUES (146, 15, 'sign', 'text', 'Firma', 0, 1, 1, 1, 1, 1, '{}', 18);
INSERT INTO `data_rows` (`id`, `data_type_id`, `field`, `type`, `display_name`, `required`, `browse`, `read`, `edit`, `add`, `delete`, `details`, `order`) VALUES (147, 16, 'id', 'number', 'Id', 1, 0, 0, 0, 0, 0, '{}', 1);
INSERT INTO `data_rows` (`id`, `data_type_id`, `field`, `type`, `display_name`, `required`, `browse`, `read`, `edit`, `add`, `delete`, `details`, `order`) VALUES (148, 16, 'day', 'date', 'Giorno', 1, 1, 1, 1, 1, 1, '{\"format\":\"%d\\/%m\\/%Y\",\"validation\":{\"rule\":\"required\",\"messages\":{\"required\":\"campo :attribute Obbligatorio.\"}}}', 2);
INSERT INTO `data_rows` (`id`, `data_type_id`, `field`, `type`, `display_name`, `required`, `browse`, `read`, `edit`, `add`, `delete`, `details`, `order`) VALUES (149, 16, 'E10000', 'number', 'Pz. 100,00', 1, 0, 0, 0, 1, 0, '{\"Default\":\"0\",\"validation\":{\"rule\":\"required\",\"messages\":{\"required\":\"campo :attribute Obbligatorio.\"}}}', 3);
INSERT INTO `data_rows` (`id`, `data_type_id`, `field`, `type`, `display_name`, `required`, `browse`, `read`, `edit`, `add`, `delete`, `details`, `order`) VALUES (150, 16, 'E05000', 'number', 'Pz. 50,00', 1, 0, 0, 0, 1, 0, '{\"Default\":\"0\",\"validation\":{\"rule\":\"required\",\"messages\":{\"required\":\"campo :attribute Obbligatorio.\"}}}', 4);
INSERT INTO `data_rows` (`id`, `data_type_id`, `field`, `type`, `display_name`, `required`, `browse`, `read`, `edit`, `add`, `delete`, `details`, `order`) VALUES (151, 16, 'E02000', 'number', 'Pz. 20,00', 1, 0, 0, 0, 1, 0, '{\"Default\":\"0\",\"validation\":{\"rule\":\"required\",\"messages\":{\"required\":\"campo :attribute Obbligatorio.\"}}}', 5);
INSERT INTO `data_rows` (`id`, `data_type_id`, `field`, `type`, `display_name`, `required`, `browse`, `read`, `edit`, `add`, `delete`, `details`, `order`) VALUES (152, 16, 'E01000', 'number', 'Pz. 10,00', 1, 0, 0, 0, 1, 0, '{\"Default\":\"0\",\"validation\":{\"rule\":\"required\",\"messages\":{\"required\":\"campo :attribute Obbligatorio.\"}}}', 6);
INSERT INTO `data_rows` (`id`, `data_type_id`, `field`, `type`, `display_name`, `required`, `browse`, `read`, `edit`, `add`, `delete`, `details`, `order`) VALUES (153, 16, 'E00500', 'number', 'Pz. 5,00', 1, 0, 0, 0, 1, 0, '{\"Default\":\"0\",\"validation\":{\"rule\":\"required\",\"messages\":{\"required\":\"campo :attribute Obbligatorio.\"}}}', 7);
INSERT INTO `data_rows` (`id`, `data_type_id`, `field`, `type`, `display_name`, `required`, `browse`, `read`, `edit`, `add`, `delete`, `details`, `order`) VALUES (154, 16, 'E00200', 'number', 'Pz. 2,00', 1, 0, 0, 0, 1, 0, '{\"Default\":\"0\",\"validation\":{\"rule\":\"required\",\"messages\":{\"required\":\"campo :attribute Obbligatorio.\"}}}', 8);
INSERT INTO `data_rows` (`id`, `data_type_id`, `field`, `type`, `display_name`, `required`, `browse`, `read`, `edit`, `add`, `delete`, `details`, `order`) VALUES (155, 16, 'E00100', 'number', 'Pz. 1,00', 1, 0, 0, 0, 1, 0, '{\"Default\":\"0\",\"validation\":{\"rule\":\"required\",\"messages\":{\"required\":\"campo :attribute Obbligatorio.\"}}}', 9);
INSERT INTO `data_rows` (`id`, `data_type_id`, `field`, `type`, `display_name`, `required`, `browse`, `read`, `edit`, `add`, `delete`, `details`, `order`) VALUES (156, 16, 'E00050', 'number', 'Pz. 0,50', 1, 0, 0, 0, 1, 0, '{\"Default\":\"0\",\"validation\":{\"rule\":\"required\",\"messages\":{\"required\":\"campo :attribute Obbligatorio.\"}}}', 10);
INSERT INTO `data_rows` (`id`, `data_type_id`, `field`, `type`, `display_name`, `required`, `browse`, `read`, `edit`, `add`, `delete`, `details`, `order`) VALUES (157, 16, 'E00020', 'number', 'Pz. 0,20', 1, 0, 0, 0, 1, 0, '{\"Default\":\"0\",\"validation\":{\"rule\":\"required\",\"messages\":{\"required\":\"campo :attribute Obbligatorio.\"}}}', 11);
INSERT INTO `data_rows` (`id`, `data_type_id`, `field`, `type`, `display_name`, `required`, `browse`, `read`, `edit`, `add`, `delete`, `details`, `order`) VALUES (158, 16, 'E00010', 'number', 'Pz. 0,10', 1, 0, 0, 0, 1, 0, '{\"Default\":\"0\",\"validation\":{\"rule\":\"required\",\"messages\":{\"required\":\"campo :attribute Obbligatorio.\"}}}', 12);
INSERT INTO `data_rows` (`id`, `data_type_id`, `field`, `type`, `display_name`, `required`, `browse`, `read`, `edit`, `add`, `delete`, `details`, `order`) VALUES (159, 16, 'E00005', 'number', 'Pz. 0,05', 1, 0, 0, 0, 1, 0, '{\"Default\":\"0\",\"validation\":{\"rule\":\"required\",\"messages\":{\"required\":\"campo :attribute Obbligatorio.\"}}}', 13);
INSERT INTO `data_rows` (`id`, `data_type_id`, `field`, `type`, `display_name`, `required`, `browse`, `read`, `edit`, `add`, `delete`, `details`, `order`) VALUES (160, 16, 'created_at', 'timestamp', 'Creato', 0, 1, 1, 0, 0, 0, '{}', 14);
INSERT INTO `data_rows` (`id`, `data_type_id`, `field`, `type`, `display_name`, `required`, `browse`, `read`, `edit`, `add`, `delete`, `details`, `order`) VALUES (161, 16, 'updated_at', 'timestamp', 'Aggiornato', 0, 0, 0, 0, 0, 0, '{}', 15);
INSERT INTO `data_rows` (`id`, `data_type_id`, `field`, `type`, `display_name`, `required`, `browse`, `read`, `edit`, `add`, `delete`, `details`, `order`) VALUES (162, 16, 'is_active', 'checkbox', 'Attivo', 0, 1, 1, 1, 1, 1, '{\"default\":\"1\",\"options\":{\"0\":\"Disattivo\",\"1\":\"Attivo\"}}', 16);
INSERT INTO `data_rows` (`id`, `data_type_id`, `field`, `type`, `display_name`, `required`, `browse`, `read`, `edit`, `add`, `delete`, `details`, `order`) VALUES (163, 16, 'sign', 'text', 'Firma', 0, 1, 1, 1, 1, 1, '{}', 17);
INSERT INTO `data_rows` (`id`, `data_type_id`, `field`, `type`, `display_name`, `required`, `browse`, `read`, `edit`, `add`, `delete`, `details`, `order`) VALUES (164, 17, 'id', 'text', 'Id', 1, 0, 0, 0, 0, 0, '{}', 1);
INSERT INTO `data_rows` (`id`, `data_type_id`, `field`, `type`, `display_name`, `required`, `browse`, `read`, `edit`, `add`, `delete`, `details`, `order`) VALUES (165, 17, 'day', 'date', 'Giorno', 0, 1, 1, 1, 1, 1, '{\"format\":\"%d\\/%m\\/%Y\",\"validation\":{\"rule\":\"required\",\"messages\":{\"required\":\"Il campo :attribute \\u00e8 obbligatorio.\"}}}', 2);
INSERT INTO `data_rows` (`id`, `data_type_id`, `field`, `type`, `display_name`, `required`, `browse`, `read`, `edit`, `add`, `delete`, `details`, `order`) VALUES (166, 17, 'ora', 'time', 'Ora', 0, 1, 1, 1, 1, 1, '{}', 3);
INSERT INTO `data_rows` (`id`, `data_type_id`, `field`, `type`, `display_name`, `required`, `browse`, `read`, `edit`, `add`, `delete`, `details`, `order`) VALUES (167, 17, 'E10000', 'number', 'Pz. 100,00', 0, 1, 1, 1, 1, 1, '{\"Default\":\"0\",\"validation\":{\"rule\":\"required\",\"messages\":{\"required\":\"campo :attribute Obbligatorio.\"}}}', 4);
INSERT INTO `data_rows` (`id`, `data_type_id`, `field`, `type`, `display_name`, `required`, `browse`, `read`, `edit`, `add`, `delete`, `details`, `order`) VALUES (168, 17, 'E05000', 'number', 'Pz. 50,00', 0, 1, 1, 1, 1, 1, '{\"Default\":\"0\",\"validation\":{\"rule\":\"required\",\"messages\":{\"required\":\"campo :attribute Obbligatorio.\"}}}', 5);
INSERT INTO `data_rows` (`id`, `data_type_id`, `field`, `type`, `display_name`, `required`, `browse`, `read`, `edit`, `add`, `delete`, `details`, `order`) VALUES (169, 17, 'E02000', 'number', 'Pz. 20,00', 0, 1, 1, 1, 1, 1, '{\"Default\":\"0\",\"validation\":{\"rule\":\"required\",\"messages\":{\"required\":\"campo :attribute Obbligatorio.\"}}}', 6);
INSERT INTO `data_rows` (`id`, `data_type_id`, `field`, `type`, `display_name`, `required`, `browse`, `read`, `edit`, `add`, `delete`, `details`, `order`) VALUES (170, 17, 'E01000', 'number', 'Pz. 10,00', 0, 1, 1, 1, 1, 1, '{\"Default\":\"0\",\"validation\":{\"rule\":\"required\",\"messages\":{\"required\":\"campo :attribute Obbligatorio.\"}}}', 7);
INSERT INTO `data_rows` (`id`, `data_type_id`, `field`, `type`, `display_name`, `required`, `browse`, `read`, `edit`, `add`, `delete`, `details`, `order`) VALUES (171, 17, 'E00500', 'number', 'Pz. 5,00', 0, 1, 1, 1, 1, 1, '{\"Default\":\"0\",\"validation\":{\"rule\":\"required\",\"messages\":{\"required\":\"campo :attribute Obbligatorio.\"}}}', 8);
INSERT INTO `data_rows` (`id`, `data_type_id`, `field`, `type`, `display_name`, `required`, `browse`, `read`, `edit`, `add`, `delete`, `details`, `order`) VALUES (172, 17, 'E00200', 'number', 'Pz. 2,00', 0, 1, 1, 1, 1, 1, '{\"Default\":\"0\",\"validation\":{\"rule\":\"required\",\"messages\":{\"required\":\"campo :attribute Obbligatorio.\"}}}', 9);
INSERT INTO `data_rows` (`id`, `data_type_id`, `field`, `type`, `display_name`, `required`, `browse`, `read`, `edit`, `add`, `delete`, `details`, `order`) VALUES (173, 17, 'E00100', 'number', 'Pz. 1,00', 0, 1, 1, 1, 1, 1, '{\"Default\":\"0\",\"validation\":{\"rule\":\"required\",\"messages\":{\"required\":\"campo :attribute Obbligatorio.\"}}}', 10);
INSERT INTO `data_rows` (`id`, `data_type_id`, `field`, `type`, `display_name`, `required`, `browse`, `read`, `edit`, `add`, `delete`, `details`, `order`) VALUES (174, 17, 'E00050', 'number', 'Pz. 0,50', 0, 1, 1, 1, 1, 1, '{\"Default\":\"0\",\"validation\":{\"rule\":\"required\",\"messages\":{\"required\":\"campo :attribute Obbligatorio.\"}}}', 11);
INSERT INTO `data_rows` (`id`, `data_type_id`, `field`, `type`, `display_name`, `required`, `browse`, `read`, `edit`, `add`, `delete`, `details`, `order`) VALUES (175, 17, 'E00020', 'number', 'Pz. 0,20', 0, 1, 1, 1, 1, 1, '{\"Default\":\"0\",\"validation\":{\"rule\":\"required\",\"messages\":{\"required\":\"campo :attribute Obbligatorio.\"}}}', 12);
INSERT INTO `data_rows` (`id`, `data_type_id`, `field`, `type`, `display_name`, `required`, `browse`, `read`, `edit`, `add`, `delete`, `details`, `order`) VALUES (176, 17, 'E00010', 'number', 'Pz. 0,10', 0, 1, 1, 1, 1, 1, '{\"Default\":\"0\",\"validation\":{\"rule\":\"required\",\"messages\":{\"required\":\"campo :attribute Obbligatorio.\"}}}', 13);
INSERT INTO `data_rows` (`id`, `data_type_id`, `field`, `type`, `display_name`, `required`, `browse`, `read`, `edit`, `add`, `delete`, `details`, `order`) VALUES (177, 17, 'E00005', 'number', 'Pz 0,05', 0, 1, 1, 1, 1, 1, '{\"Default\":\"0\",\"validation\":{\"rule\":\"required\",\"messages\":{\"required\":\"campo :attribute Obbligatorio.\"}}}', 14);
INSERT INTO `data_rows` (`id`, `data_type_id`, `field`, `type`, `display_name`, `required`, `browse`, `read`, `edit`, `add`, `delete`, `details`, `order`) VALUES (178, 17, 'banca', 'checkbox', 'Banca', 0, 1, 1, 1, 1, 1, '{\"default\":\"Unicredit\",\"options\":{\"Unicredit\":\"Unicredit\",\"Intesa\":\"Intesa\"}}', 15);
INSERT INTO `data_rows` (`id`, `data_type_id`, `field`, `type`, `display_name`, `required`, `browse`, `read`, `edit`, `add`, `delete`, `details`, `order`) VALUES (179, 17, 'note', 'text', 'Note', 0, 1, 1, 1, 1, 1, '{}', 16);
INSERT INTO `data_rows` (`id`, `data_type_id`, `field`, `type`, `display_name`, `required`, `browse`, `read`, `edit`, `add`, `delete`, `details`, `order`) VALUES (180, 17, 'created_at', 'timestamp', 'Creato', 0, 1, 1, 0, 0, 0, '{}', 17);
INSERT INTO `data_rows` (`id`, `data_type_id`, `field`, `type`, `display_name`, `required`, `browse`, `read`, `edit`, `add`, `delete`, `details`, `order`) VALUES (181, 17, 'updated_at', 'timestamp', 'Updated At', 0, 0, 0, 0, 0, 0, '{}', 18);
INSERT INTO `data_rows` (`id`, `data_type_id`, `field`, `type`, `display_name`, `required`, `browse`, `read`, `edit`, `add`, `delete`, `details`, `order`) VALUES (182, 17, 'is_active', 'checkbox', 'Attivo', 0, 1, 1, 1, 1, 1, '{\"default\":\"1\",\"options\":{\"0\":\"Disattivo\",\"1\":\"Attivo\"}}', 19);
INSERT INTO `data_rows` (`id`, `data_type_id`, `field`, `type`, `display_name`, `required`, `browse`, `read`, `edit`, `add`, `delete`, `details`, `order`) VALUES (183, 17, 'sign', 'text', 'Sign', 0, 1, 1, 1, 1, 1, '{}', 20);
INSERT INTO `data_rows` (`id`, `data_type_id`, `field`, `type`, `display_name`, `required`, `browse`, `read`, `edit`, `add`, `delete`, `details`, `order`) VALUES (184, 17, 'status', 'checkbox', 'Status', 1, 1, 1, 1, 1, 1, '{\"default\":\"1\",\"options\":{\"0\":\"Da Versare\",\"1\":\"Versato\"}}', 17);
INSERT INTO `data_rows` (`id`, `data_type_id`, `field`, `type`, `display_name`, `required`, `browse`, `read`, `edit`, `add`, `delete`, `details`, `order`) VALUES (186, 18, 'id', 'text', 'Id', 1, 0, 0, 0, 0, 0, '{}', 1);
INSERT INTO `data_rows` (`id`, `data_type_id`, `field`, `type`, `display_name`, `required`, `browse`, `read`, `edit`, `add`, `delete`, `details`, `order`) VALUES (187, 18, 'data', 'date', 'Data', 1, 1, 1, 1, 1, 1, '{\"format\":\"%d\\/%m\\/%Y\",\"validation\":{\"rule\":\"required\",\"messages\":{\"required\":\"Il campo :attribute \\u00e8 obbligatorio.\"}}}', 2);
INSERT INTO `data_rows` (`id`, `data_type_id`, `field`, `type`, `display_name`, `required`, `browse`, `read`, `edit`, `add`, `delete`, `details`, `order`) VALUES (188, 18, 'E02000', 'number', 'N. 20,00', 0, 1, 1, 1, 1, 1, '{\"Default\":\"0\",\"validation\":{\"rule\":\"required\",\"messages\":{\"required\":\"campo :attribute Obbligatorio.\"}}}', 3);
INSERT INTO `data_rows` (`id`, `data_type_id`, `field`, `type`, `display_name`, `required`, `browse`, `read`, `edit`, `add`, `delete`, `details`, `order`) VALUES (189, 18, 'E01000', 'number', 'N. 10,00', 1, 1, 1, 1, 1, 1, '{\"Default\":\"0\",\"validation\":{\"rule\":\"required\",\"messages\":{\"required\":\"campo :attribute Obbligatorio.\"}}}', 4);
INSERT INTO `data_rows` (`id`, `data_type_id`, `field`, `type`, `display_name`, `required`, `browse`, `read`, `edit`, `add`, `delete`, `details`, `order`) VALUES (190, 18, 'E00500', 'number', 'N. 5,00', 1, 1, 1, 1, 1, 1, '{\"Default\":\"0\",\"validation\":{\"rule\":\"required\",\"messages\":{\"required\":\"campo :attribute Obbligatorio.\"}}}', 5);
INSERT INTO `data_rows` (`id`, `data_type_id`, `field`, `type`, `display_name`, `required`, `browse`, `read`, `edit`, `add`, `delete`, `details`, `order`) VALUES (191, 18, 'created_at', 'timestamp', 'Created At', 0, 1, 1, 1, 1, 1, '{}', 6);
INSERT INTO `data_rows` (`id`, `data_type_id`, `field`, `type`, `display_name`, `required`, `browse`, `read`, `edit`, `add`, `delete`, `details`, `order`) VALUES (192, 18, 'updated_at', 'timestamp', 'Updated At', 0, 0, 0, 0, 0, 0, '{}', 7);
INSERT INTO `data_rows` (`id`, `data_type_id`, `field`, `type`, `display_name`, `required`, `browse`, `read`, `edit`, `add`, `delete`, `details`, `order`) VALUES (193, 18, 'is_active', 'checkbox', 'Attivo', 1, 1, 1, 1, 1, 1, '{\"default\":\"1\",\"options\":{\"0\":\"Disattivo\",\"1\":\"Attivo\"}}', 8);
INSERT INTO `data_rows` (`id`, `data_type_id`, `field`, `type`, `display_name`, `required`, `browse`, `read`, `edit`, `add`, `delete`, `details`, `order`) VALUES (194, 9, 'posBanca', 'text', 'POS Banca', 1, 1, 1, 1, 1, 1, '{}', 5);
INSERT INTO `data_rows` (`id`, `data_type_id`, `field`, `type`, `display_name`, `required`, `browse`, `read`, `edit`, `add`, `delete`, `details`, `order`) VALUES (195, 9, 'satispay', 'text', 'Satispay', 1, 1, 1, 1, 1, 1, '{}', 6);
INSERT INTO `data_rows` (`id`, `data_type_id`, `field`, `type`, `display_name`, `required`, `browse`, `read`, `edit`, `add`, `delete`, `details`, `order`) VALUES (196, 9, 'sumup', 'text', 'Sumup', 1, 1, 1, 1, 1, 1, '{}', 7);
INSERT INTO `data_rows` (`id`, `data_type_id`, `field`, `type`, `display_name`, `required`, `browse`, `read`, `edit`, `add`, `delete`, `details`, `order`) VALUES (197, 9, 'fattureContante', 'text', 'Fatture Pagate in Contante', 1, 1, 1, 1, 1, 1, '{}', 10);
INSERT INTO `data_rows` (`id`, `data_type_id`, `field`, `type`, `display_name`, `required`, `browse`, `read`, `edit`, `add`, `delete`, `details`, `order`) VALUES (198, 9, 'fatturePOS', 'text', 'Fatture Pagate con POS', 1, 1, 1, 1, 1, 1, '{}', 11);
COMMIT;

-- ----------------------------
-- Table structure for data_types
-- ----------------------------
CREATE TABLE `data_types` (
  `id` int(10) unsigned NOT NULL AUTO_INCREMENT,
  `name` varchar(191) NOT NULL,
  `slug` varchar(191) NOT NULL,
  `display_name_singular` varchar(191) NOT NULL,
  `display_name_plural` varchar(191) NOT NULL,
  `icon` varchar(191) DEFAULT NULL,
  `model_name` varchar(191) DEFAULT NULL,
  `policy_name` varchar(191) DEFAULT NULL,
  `controller` varchar(191) DEFAULT NULL,
  `description` varchar(191) DEFAULT NULL,
  `generate_permissions` tinyint(1) NOT NULL DEFAULT 0,
  `server_side` tinyint(4) NOT NULL DEFAULT 0,
  `details` text DEFAULT NULL,
  `created_at` timestamp NULL DEFAULT NULL,
  `updated_at` timestamp NULL DEFAULT NULL,
  PRIMARY KEY (`id`),
  UNIQUE KEY `data_types_name_unique` (`name`),
  UNIQUE KEY `data_types_slug_unique` (`slug`)
) ENGINE=InnoDB AUTO_INCREMENT=19 DEFAULT CHARSET=utf8mb4 COLLATE=utf8mb4_unicode_ci;

-- ----------------------------
-- Records of data_types
-- ----------------------------
BEGIN;
INSERT INTO `data_types` (`id`, `name`, `slug`, `display_name_singular`, `display_name_plural`, `icon`, `model_name`, `policy_name`, `controller`, `description`, `generate_permissions`, `server_side`, `details`, `created_at`, `updated_at`) VALUES (1, 'users', 'users', 'User', 'Users', 'voyager-person', 'TCG\\Voyager\\Models\\User', 'TCG\\Voyager\\Policies\\UserPolicy', 'TCG\\Voyager\\Http\\Controllers\\VoyagerUserController', NULL, 1, 0, '{\"order_column\":null,\"order_display_column\":null,\"order_direction\":\"desc\",\"default_search_key\":null,\"scope\":null}', '2018-11-14 19:04:13', '2019-03-21 13:49:29');
INSERT INTO `data_types` (`id`, `name`, `slug`, `display_name_singular`, `display_name_plural`, `icon`, `model_name`, `policy_name`, `controller`, `description`, `generate_permissions`, `server_side`, `details`, `created_at`, `updated_at`) VALUES (2, 'menus', 'menus', 'Menu', 'Menus', 'voyager-list', 'TCG\\Voyager\\Models\\Menu', NULL, '', '', 1, 0, NULL, '2018-11-14 19:04:13', '2018-11-14 19:04:13');
INSERT INTO `data_types` (`id`, `name`, `slug`, `display_name_singular`, `display_name_plural`, `icon`, `model_name`, `policy_name`, `controller`, `description`, `generate_permissions`, `server_side`, `details`, `created_at`, `updated_at`) VALUES (3, 'roles', 'roles', 'Role', 'Roles', 'voyager-lock', 'TCG\\Voyager\\Models\\Role', NULL, '', '', 1, 0, NULL, '2018-11-14 19:04:13', '2018-11-14 19:04:13');
INSERT INTO `data_types` (`id`, `name`, `slug`, `display_name_singular`, `display_name_plural`, `icon`, `model_name`, `policy_name`, `controller`, `description`, `generate_permissions`, `server_side`, `details`, `created_at`, `updated_at`) VALUES (5, 'umami_spine', 'umami-spine', 'Spina', 'Spine', 'voyager-beer', 'App\\UmamiSpine', NULL, NULL, NULL, 1, 1, '{\"order_column\":\"id\",\"order_display_column\":null,\"order_direction\":\"desc\",\"default_search_key\":null,\"scope\":null}', '2018-11-15 20:39:02', '2019-04-07 01:33:04');
INSERT INTO `data_types` (`id`, `name`, `slug`, `display_name_singular`, `display_name_plural`, `icon`, `model_name`, `policy_name`, `controller`, `description`, `generate_permissions`, `server_side`, `details`, `created_at`, `updated_at`) VALUES (6, 'umami_timetrack', 'timetrack', 'Umami Timetrack', 'Umami Timetracks', 'voyager-check', 'App\\Timetrack', NULL, NULL, NULL, 1, 0, '{\"order_column\":null,\"order_display_column\":null}', '2018-11-19 12:19:21', '2018-11-19 14:32:28');
INSERT INTO `data_types` (`id`, `name`, `slug`, `display_name_singular`, `display_name_plural`, `icon`, `model_name`, `policy_name`, `controller`, `description`, `generate_permissions`, `server_side`, `details`, `created_at`, `updated_at`) VALUES (7, 'mod789_users', 'joomla-users', 'JoomlaUser', 'JoomlaUsers', 'voyager-person', 'App\\JoomlaUser', NULL, NULL, NULL, 1, 0, '{\"order_column\":null,\"order_display_column\":null}', '2018-11-19 13:29:38', '2018-11-19 13:49:51');
INSERT INTO `data_types` (`id`, `name`, `slug`, `display_name_singular`, `display_name_plural`, `icon`, `model_name`, `policy_name`, `controller`, `description`, `generate_permissions`, `server_side`, `details`, `created_at`, `updated_at`) VALUES (9, 'ub_corrispettivi', 'corrispettivi', 'Corrispettivi', 'Corrispettivi', 'voyager-treasure', 'App\\Corrispettivi', NULL, NULL, NULL, 1, 1, '{\"order_column\":\"data\",\"order_display_column\":\"data\",\"order_direction\":\"desc\",\"default_search_key\":\"data\",\"scope\":null}', '2019-01-03 02:14:02', '2021-01-24 18:30:53');
INSERT INTO `data_types` (`id`, `name`, `slug`, `display_name_singular`, `display_name_plural`, `icon`, `model_name`, `policy_name`, `controller`, `description`, `generate_permissions`, `server_side`, `details`, `created_at`, `updated_at`) VALUES (10, 'ub_tavoli', 'ub-tavoli', 'Ub Tavoli', 'Ub Tavolis', NULL, 'App\\UbTavoli', NULL, NULL, NULL, 1, 0, '{\"order_column\":null,\"order_display_column\":null,\"order_direction\":\"asc\",\"default_search_key\":null}', '2019-01-19 13:05:21', '2019-01-19 13:05:21');
INSERT INTO `data_types` (`id`, `name`, `slug`, `display_name_singular`, `display_name_plural`, `icon`, `model_name`, `policy_name`, `controller`, `description`, `generate_permissions`, `server_side`, `details`, `created_at`, `updated_at`) VALUES (11, 'ub_prenotazioni', 'prenotazioni', 'Prenotazione', 'Prenotazioni', 'voyager-people', 'App\\UbPrenotazioni', NULL, NULL, NULL, 1, 0, '{\"order_column\":null,\"order_display_column\":null,\"order_direction\":\"asc\",\"default_search_key\":null}', '2019-01-19 13:06:34', '2019-01-19 13:12:44');
INSERT INTO `data_types` (`id`, `name`, `slug`, `display_name_singular`, `display_name_plural`, `icon`, `model_name`, `policy_name`, `controller`, `description`, `generate_permissions`, `server_side`, `details`, `created_at`, `updated_at`) VALUES (13, 'ub_versamenti', 'ub-versamenti', 'Versamento', 'Versamenti', NULL, 'App\\UbVersamenti', NULL, NULL, NULL, 1, 1, '{\"order_column\":null,\"order_display_column\":null,\"order_direction\":\"asc\",\"default_search_key\":null,\"scope\":null}', '2019-04-01 23:05:42', '2019-04-07 01:33:23');
INSERT INTO `data_types` (`id`, `name`, `slug`, `display_name_singular`, `display_name_plural`, `icon`, `model_name`, `policy_name`, `controller`, `description`, `generate_permissions`, `server_side`, `details`, `created_at`, `updated_at`) VALUES (14, 'ub_movimentiContabili', 'ub-movimenticontabili', 'Movimento Contabile', 'Movimenticontabili', NULL, 'App\\UbMovimentiContabili', NULL, NULL, NULL, 1, 1, '{\"order_column\":null,\"order_display_column\":null,\"order_direction\":\"asc\",\"default_search_key\":null,\"scope\":\"notThree\"}', '2019-04-01 23:06:55', '2021-02-02 20:07:27');
INSERT INTO `data_types` (`id`, `name`, `slug`, `display_name_singular`, `display_name_plural`, `icon`, `model_name`, `policy_name`, `controller`, `description`, `generate_permissions`, `server_side`, `details`, `created_at`, `updated_at`) VALUES (15, 'ub_progressivo_cassa', 'progressivo-cassa', 'Cassa', 'Cassa', NULL, 'App\\UbProgressiviCassa', NULL, NULL, 'Progressivi di cassa', 1, 1, '{\"order_column\":null,\"order_display_column\":\"day\",\"order_direction\":\"asc\",\"default_search_key\":null,\"scope\":null}', '2019-04-08 17:03:05', '2019-04-28 01:25:39');
INSERT INTO `data_types` (`id`, `name`, `slug`, `display_name_singular`, `display_name_plural`, `icon`, `model_name`, `policy_name`, `controller`, `description`, `generate_permissions`, `server_side`, `details`, `created_at`, `updated_at`) VALUES (16, 'ub_progressivo_incassi', 'progressivo-incassi', 'Progressivo Incassi', 'Progressivo Incassi', NULL, 'App\\UbProgressivoIncassi', NULL, NULL, NULL, 1, 1, '{\"order_column\":null,\"order_display_column\":null,\"order_direction\":\"asc\",\"default_search_key\":null,\"scope\":null}', '2019-04-23 14:13:44', '2019-06-29 22:38:57');
INSERT INTO `data_types` (`id`, `name`, `slug`, `display_name_singular`, `display_name_plural`, `icon`, `model_name`, `policy_name`, `controller`, `description`, `generate_permissions`, `server_side`, `details`, `created_at`, `updated_at`) VALUES (17, 'ub_progressivo_versamenti', 'progressivo-versamenti', 'Progressivo Versamenti', 'Progressivo Versamenti', NULL, 'App\\UbProgressivoVersamenti', NULL, NULL, NULL, 1, 1, '{\"order_column\":null,\"order_display_column\":null,\"order_direction\":\"asc\",\"default_search_key\":null,\"scope\":null}', '2019-04-23 14:44:41', '2019-04-23 15:22:58');
INSERT INTO `data_types` (`id`, `name`, `slug`, `display_name_singular`, `display_name_plural`, `icon`, `model_name`, `policy_name`, `controller`, `description`, `generate_permissions`, `server_side`, `details`, `created_at`, `updated_at`) VALUES (18, 'ub_fondo_cassa', 'fondo-cassa', 'Fondo Cassa', 'Fondo Cassa', NULL, 'App\\UbFondoCassa', NULL, NULL, NULL, 1, 1, '{\"order_column\":null,\"order_display_column\":null,\"order_direction\":\"asc\",\"default_search_key\":null}', '2019-04-28 00:59:45', '2019-04-28 00:59:45');
COMMIT;

-- ----------------------------
-- Table structure for failed_jobs
-- ----------------------------
CREATE TABLE `failed_jobs` (
  `id` bigint(20) unsigned NOT NULL AUTO_INCREMENT,
  `uuid` varchar(255) DEFAULT NULL,
  `connection` text NOT NULL,
  `queue` text NOT NULL,
  `payload` longtext NOT NULL,
  `exception` longtext NOT NULL,
  `failed_at` timestamp NOT NULL DEFAULT current_timestamp(),
  PRIMARY KEY (`id`)
) ENGINE=InnoDB AUTO_INCREMENT=214 DEFAULT CHARSET=utf8mb4 COLLATE=utf8mb4_unicode_ci;

-- ----------------------------
-- Records of failed_jobs
-- ----------------------------
BEGIN;
INSERT INTO `failed_jobs` (`id`, `uuid`, `connection`, `queue`, `payload`, `exception`, `failed_at`) VALUES (213, NULL, 'database', 'default', '{\"displayName\":\"App\\\\Jobs\\\\stampaComanda\",\"job\":\"Illuminate\\\\Queue\\\\CallQueuedHandler@call\",\"maxTries\":8,\"delay\":null,\"timeout\":120,\"timeoutAt\":1748714322,\"data\":{\"commandName\":\"App\\\\Jobs\\\\stampaComanda\",\"command\":\"O:22:\\\"App\\\\Jobs\\\\stampaComanda\\\":14:{s:9:\\\"\\u0000*\\u0000ordine\\\";O:45:\\\"Illuminate\\\\Contracts\\\\Database\\\\ModelIdentifier\\\":4:{s:5:\\\"class\\\";s:17:\\\"App\\\\DeliveryOrder\\\";s:2:\\\"id\\\";i:10169;s:9:\\\"relations\\\";a:0:{}s:10:\\\"connection\\\";s:5:\\\"mysql\\\";}s:9:\\\"\\u0000*\\u0000tavolo\\\";s:6:\\\"ASPO 2\\\";s:11:\\\"\\u0000*\\u0000dettagli\\\";O:45:\\\"Illuminate\\\\Contracts\\\\Database\\\\ModelIdentifier\\\":4:{s:5:\\\"class\\\";s:23:\\\"App\\\\DeliveryOrderDetail\\\";s:2:\\\"id\\\";a:3:{i:0;i:10028877;i:1;i:10028878;i:2;i:10028879;}s:9:\\\"relations\\\";a:0:{}s:10:\\\"connection\\\";s:5:\\\"mysql\\\";}s:9:\\\"\\u0000*\\u0000notify\\\";b:0;s:5:\\\"tries\\\";i:8;s:7:\\\"timeout\\\";i:120;s:6:\\\"\\u0000*\\u0000job\\\";N;s:10:\\\"connection\\\";N;s:5:\\\"queue\\\";N;s:15:\\\"chainConnection\\\";N;s:10:\\\"chainQueue\\\";N;s:5:\\\"delay\\\";N;s:10:\\\"middleware\\\";a:0:{}s:7:\\\"chained\\\";a:0:{}}\"}}', 'Exception: Cannot initialise NetworkPrintConnector: No route to host in /www/wwwroot/man.umamibeer.it/vendor/mike42/escpos-php/src/Mike42/Escpos/PrintConnectors/NetworkPrintConnector.php:38\nStack trace:\n#0 /www/wwwroot/man.umamibeer.it/app/Jobs/stampaComanda.php(113): Mike42\\Escpos\\PrintConnectors\\NetworkPrintConnector->__construct()\n#1 /www/wwwroot/man.umamibeer.it/vendor/laravel/framework/src/Illuminate/Container/BoundMethod.php(36): App\\Jobs\\stampaComanda->handle()\n#2 /www/wwwroot/man.umamibeer.it/vendor/laravel/framework/src/Illuminate/Container/Util.php(37): Illuminate\\Container\\BoundMethod::Illuminate\\Container\\{closure}()\n#3 /www/wwwroot/man.umamibeer.it/vendor/laravel/framework/src/Illuminate/Container/BoundMethod.php(93): Illuminate\\Container\\Util::unwrapIfClosure()\n#4 /www/wwwroot/man.umamibeer.it/vendor/laravel/framework/src/Illuminate/Container/BoundMethod.php(37): Illuminate\\Container\\BoundMethod::callBoundMethod()\n#5 /www/wwwroot/man.umamibeer.it/vendor/laravel/framework/src/Illuminate/Container/Container.php(590): Illuminate\\Container\\BoundMethod::call()\n#6 /www/wwwroot/man.umamibeer.it/vendor/laravel/framework/src/Illuminate/Bus/Dispatcher.php(94): Illuminate\\Container\\Container->call()\n#7 /www/wwwroot/man.umamibeer.it/vendor/laravel/framework/src/Illuminate/Pipeline/Pipeline.php(130): Illuminate\\Bus\\Dispatcher->Illuminate\\Bus\\{closure}()\n#8 /www/wwwroot/man.umamibeer.it/vendor/laravel/framework/src/Illuminate/Pipeline/Pipeline.php(105): Illuminate\\Pipeline\\Pipeline->Illuminate\\Pipeline\\{closure}()\n#9 /www/wwwroot/man.umamibeer.it/vendor/laravel/framework/src/Illuminate/Bus/Dispatcher.php(98): Illuminate\\Pipeline\\Pipeline->then()\n#10 /www/wwwroot/man.umamibeer.it/vendor/laravel/framework/src/Illuminate/Queue/CallQueuedHandler.php(83): Illuminate\\Bus\\Dispatcher->dispatchNow()\n#11 /www/wwwroot/man.umamibeer.it/vendor/laravel/framework/src/Illuminate/Pipeline/Pipeline.php(130): Illuminate\\Queue\\CallQueuedHandler->Illuminate\\Queue\\{closure}()\n#12 /www/wwwroot/man.umamibeer.it/vendor/laravel/framework/src/Illuminate/Pipeline/Pipeline.php(105): Illuminate\\Pipeline\\Pipeline->Illuminate\\Pipeline\\{closure}()\n#13 /www/wwwroot/man.umamibeer.it/vendor/laravel/framework/src/Illuminate/Queue/CallQueuedHandler.php(85): Illuminate\\Pipeline\\Pipeline->then()\n#14 /www/wwwroot/man.umamibeer.it/vendor/laravel/framework/src/Illuminate/Queue/CallQueuedHandler.php(59): Illuminate\\Queue\\CallQueuedHandler->dispatchThroughMiddleware()\n#15 /www/wwwroot/man.umamibeer.it/vendor/laravel/framework/src/Illuminate/Queue/Jobs/Job.php(88): Illuminate\\Queue\\CallQueuedHandler->call()\n#16 /www/wwwroot/man.umamibeer.it/vendor/laravel/framework/src/Illuminate/Queue/Worker.php(368): Illuminate\\Queue\\Jobs\\Job->fire()\n#17 /www/wwwroot/man.umamibeer.it/vendor/laravel/framework/src/Illuminate/Queue/Worker.php(314): Illuminate\\Queue\\Worker->process()\n#18 /www/wwwroot/man.umamibeer.it/vendor/laravel/framework/src/Illuminate/Queue/Worker.php(134): Illuminate\\Queue\\Worker->runJob()\n#19 /www/wwwroot/man.umamibeer.it/vendor/laravel/framework/src/Illuminate/Queue/Console/WorkCommand.php(112): Illuminate\\Queue\\Worker->daemon()\n#20 /www/wwwroot/man.umamibeer.it/vendor/laravel/framework/src/Illuminate/Queue/Console/WorkCommand.php(96): Illuminate\\Queue\\Console\\WorkCommand->runWorker()\n#21 /www/wwwroot/man.umamibeer.it/vendor/laravel/framework/src/Illuminate/Container/BoundMethod.php(36): Illuminate\\Queue\\Console\\WorkCommand->handle()\n#22 /www/wwwroot/man.umamibeer.it/vendor/laravel/framework/src/Illuminate/Container/Util.php(37): Illuminate\\Container\\BoundMethod::Illuminate\\Container\\{closure}()\n#23 /www/wwwroot/man.umamibeer.it/vendor/laravel/framework/src/Illuminate/Container/BoundMethod.php(93): Illuminate\\Container\\Util::unwrapIfClosure()\n#24 /www/wwwroot/man.umamibeer.it/vendor/laravel/framework/src/Illuminate/Container/BoundMethod.php(37): Illuminate\\Container\\BoundMethod::callBoundMethod()\n#25 /www/wwwroot/man.umamibeer.it/vendor/laravel/framework/src/Illuminate/Container/Container.php(590): Illuminate\\Container\\BoundMethod::call()\n#26 /www/wwwroot/man.umamibeer.it/vendor/laravel/framework/src/Illuminate/Console/Command.php(134): Illuminate\\Container\\Container->call()\n#27 /www/wwwroot/man.umamibeer.it/vendor/symfony/console/Command/Command.php(255): Illuminate\\Console\\Command->execute()\n#28 /www/wwwroot/man.umamibeer.it/vendor/laravel/framework/src/Illuminate/Console/Command.php(121): Symfony\\Component\\Console\\Command\\Command->run()\n#29 /www/wwwroot/man.umamibeer.it/vendor/symfony/console/Application.php(1009): Illuminate\\Console\\Command->run()\n#30 /www/wwwroot/man.umamibeer.it/vendor/symfony/console/Application.php(273): Symfony\\Component\\Console\\Application->doRunCommand()\n#31 /www/wwwroot/man.umamibeer.it/vendor/symfony/console/Application.php(149): Symfony\\Component\\Console\\Application->doRun()\n#32 /www/wwwroot/man.umamibeer.it/vendor/laravel/framework/src/Illuminate/Console/Application.php(93): Symfony\\Component\\Console\\Application->run()\n#33 /www/wwwroot/man.umamibeer.it/vendor/laravel/framework/src/Illuminate/Foundation/Console/Kernel.php(131): Illuminate\\Console\\Application->run()\n#34 /www/wwwroot/man.umamibeer.it/artisan(37): Illuminate\\Foundation\\Console\\Kernel->handle()\n#35 {main}', '2025-05-31 19:58:54');
COMMIT;

-- ----------------------------
-- Table structure for jobs
-- ----------------------------
CREATE TABLE `jobs` (
  `id` bigint(20) unsigned NOT NULL AUTO_INCREMENT,
  `uuid` varchar(255) DEFAULT NULL,
  `queue` varchar(255) NOT NULL,
  `payload` longtext NOT NULL,
  `attempts` tinyint(3) unsigned NOT NULL,
  `reserved_at` int(10) unsigned DEFAULT NULL,
  `available_at` int(10) unsigned NOT NULL,
  `created_at` int(10) unsigned NOT NULL,
  PRIMARY KEY (`id`),
  KEY `jobs_queue_index` (`queue`)
) ENGINE=InnoDB AUTO_INCREMENT=17648 DEFAULT CHARSET=utf8mb4 COLLATE=utf8mb4_unicode_ci;

-- ----------------------------
-- Records of jobs
-- ----------------------------
BEGIN;
COMMIT;

-- ----------------------------
-- Table structure for menu_items
-- ----------------------------
CREATE TABLE `menu_items` (
  `id` int(10) unsigned NOT NULL AUTO_INCREMENT,
  `menu_id` int(10) unsigned DEFAULT NULL,
  `title` varchar(191) NOT NULL,
  `url` varchar(191) NOT NULL,
  `target` varchar(191) NOT NULL DEFAULT '_self',
  `icon_class` varchar(191) DEFAULT NULL,
  `color` varchar(191) DEFAULT NULL,
  `parent_id` int(11) DEFAULT NULL,
  `order` int(11) NOT NULL,
  `created_at` timestamp NULL DEFAULT NULL,
  `updated_at` timestamp NULL DEFAULT NULL,
  `route` varchar(191) DEFAULT NULL,
  `parameters` text DEFAULT NULL,
  PRIMARY KEY (`id`),
  KEY `menu_items_menu_id_foreign` (`menu_id`),
  CONSTRAINT `menu_items_menu_id_foreign` FOREIGN KEY (`menu_id`) REFERENCES `menus` (`id`) ON DELETE CASCADE
) ENGINE=InnoDB AUTO_INCREMENT=28 DEFAULT CHARSET=utf8mb4 COLLATE=utf8mb4_unicode_ci;

-- ----------------------------
-- Records of menu_items
-- ----------------------------
BEGIN;
INSERT INTO `menu_items` (`id`, `menu_id`, `title`, `url`, `target`, `icon_class`, `color`, `parent_id`, `order`, `created_at`, `updated_at`, `route`, `parameters`) VALUES (1, 1, 'Dashboard', '', '_self', 'voyager-boat', NULL, NULL, 1, '2018-11-14 19:04:16', '2018-11-14 19:04:16', 'voyager.dashboard', NULL);
INSERT INTO `menu_items` (`id`, `menu_id`, `title`, `url`, `target`, `icon_class`, `color`, `parent_id`, `order`, `created_at`, `updated_at`, `route`, `parameters`) VALUES (2, 1, 'Media', '', '_self', 'voyager-images', NULL, NULL, 5, '2018-11-14 19:04:16', '2018-11-14 19:04:16', 'voyager.media.index', NULL);
INSERT INTO `menu_items` (`id`, `menu_id`, `title`, `url`, `target`, `icon_class`, `color`, `parent_id`, `order`, `created_at`, `updated_at`, `route`, `parameters`) VALUES (3, 1, 'Users', '', '_self', 'voyager-person', NULL, NULL, 3, '2018-11-14 19:04:16', '2018-11-14 19:04:16', 'voyager.users.index', NULL);
INSERT INTO `menu_items` (`id`, `menu_id`, `title`, `url`, `target`, `icon_class`, `color`, `parent_id`, `order`, `created_at`, `updated_at`, `route`, `parameters`) VALUES (4, 1, 'Roles', '', '_self', 'voyager-lock', NULL, NULL, 2, '2018-11-14 19:04:16', '2018-11-14 19:04:16', 'voyager.roles.index', NULL);
INSERT INTO `menu_items` (`id`, `menu_id`, `title`, `url`, `target`, `icon_class`, `color`, `parent_id`, `order`, `created_at`, `updated_at`, `route`, `parameters`) VALUES (5, 1, 'Tools', '', '_self', 'voyager-tools', NULL, NULL, 9, '2018-11-14 19:04:16', '2018-11-14 19:04:16', NULL, NULL);
INSERT INTO `menu_items` (`id`, `menu_id`, `title`, `url`, `target`, `icon_class`, `color`, `parent_id`, `order`, `created_at`, `updated_at`, `route`, `parameters`) VALUES (6, 1, 'Menu Builder', '', '_self', 'voyager-list', NULL, 5, 10, '2018-11-14 19:04:16', '2018-11-14 19:04:16', 'voyager.menus.index', NULL);
INSERT INTO `menu_items` (`id`, `menu_id`, `title`, `url`, `target`, `icon_class`, `color`, `parent_id`, `order`, `created_at`, `updated_at`, `route`, `parameters`) VALUES (7, 1, 'Database', '', '_self', 'voyager-data', '#000000', 5, 11, '2018-11-14 19:04:16', '2019-04-02 00:48:51', 'voyager.database.index', 'null');
INSERT INTO `menu_items` (`id`, `menu_id`, `title`, `url`, `target`, `icon_class`, `color`, `parent_id`, `order`, `created_at`, `updated_at`, `route`, `parameters`) VALUES (8, 1, 'Compass', '', '_self', 'voyager-compass', NULL, 5, 12, '2018-11-14 19:04:16', '2018-11-14 19:04:16', 'voyager.compass.index', NULL);
INSERT INTO `menu_items` (`id`, `menu_id`, `title`, `url`, `target`, `icon_class`, `color`, `parent_id`, `order`, `created_at`, `updated_at`, `route`, `parameters`) VALUES (9, 1, 'BREAD', '', '_self', 'voyager-bread', NULL, 5, 13, '2018-11-14 19:04:16', '2018-11-14 19:04:16', 'voyager.bread.index', NULL);
INSERT INTO `menu_items` (`id`, `menu_id`, `title`, `url`, `target`, `icon_class`, `color`, `parent_id`, `order`, `created_at`, `updated_at`, `route`, `parameters`) VALUES (10, 1, 'Settings', '', '_self', 'voyager-settings', NULL, NULL, 14, '2018-11-14 19:04:16', '2018-11-14 19:04:16', 'voyager.settings.index', NULL);
INSERT INTO `menu_items` (`id`, `menu_id`, `title`, `url`, `target`, `icon_class`, `color`, `parent_id`, `order`, `created_at`, `updated_at`, `route`, `parameters`) VALUES (11, 1, 'Hooks', '', '_self', 'voyager-hook', NULL, 5, 13, '2018-11-14 19:04:21', '2018-11-14 19:04:21', 'voyager.hooks', NULL);
INSERT INTO `menu_items` (`id`, `menu_id`, `title`, `url`, `target`, `icon_class`, `color`, `parent_id`, `order`, `created_at`, `updated_at`, `route`, `parameters`) VALUES (12, 1, 'Spine', '', '_self', 'voyager-beer', NULL, NULL, 15, '2018-11-15 20:39:03', '2018-11-15 20:39:03', 'voyager.umami-spine.index', NULL);
INSERT INTO `menu_items` (`id`, `menu_id`, `title`, `url`, `target`, `icon_class`, `color`, `parent_id`, `order`, `created_at`, `updated_at`, `route`, `parameters`) VALUES (13, 1, 'Umami Timetracks', '', '_self', 'voyager-check', NULL, NULL, 16, '2018-11-19 12:19:21', '2018-11-19 12:19:21', 'voyager.timetrack.index', NULL);
INSERT INTO `menu_items` (`id`, `menu_id`, `title`, `url`, `target`, `icon_class`, `color`, `parent_id`, `order`, `created_at`, `updated_at`, `route`, `parameters`) VALUES (14, 1, 'JoomlaUsers', '', '_self', NULL, NULL, NULL, 17, '2018-11-19 13:29:38', '2018-11-19 13:29:38', 'voyager.joomla-users.index', NULL);
INSERT INTO `menu_items` (`id`, `menu_id`, `title`, `url`, `target`, `icon_class`, `color`, `parent_id`, `order`, `created_at`, `updated_at`, `route`, `parameters`) VALUES (15, 1, 'Corrispettivi', '', '_self', 'voyager-treasure', '#000000', NULL, 18, '2019-01-03 02:14:02', '2019-01-03 02:57:55', 'voyager.corrispettivi.index', 'null');
INSERT INTO `menu_items` (`id`, `menu_id`, `title`, `url`, `target`, `icon_class`, `color`, `parent_id`, `order`, `created_at`, `updated_at`, `route`, `parameters`) VALUES (16, 1, 'Ub Tavolis', '', '_self', NULL, NULL, NULL, 19, '2019-01-19 13:05:24', '2019-01-19 13:05:24', 'voyager.ub-tavoli.index', NULL);
INSERT INTO `menu_items` (`id`, `menu_id`, `title`, `url`, `target`, `icon_class`, `color`, `parent_id`, `order`, `created_at`, `updated_at`, `route`, `parameters`) VALUES (17, 1, 'Prenotazioni', '', '_self', NULL, '#000000', NULL, 20, '2019-01-19 13:06:35', '2019-04-24 16:26:46', 'voyager.prenotazioni.index', 'null');
INSERT INTO `menu_items` (`id`, `menu_id`, `title`, `url`, `target`, `icon_class`, `color`, `parent_id`, `order`, `created_at`, `updated_at`, `route`, `parameters`) VALUES (18, 2, 'Lista Prenotazioni', 'http://gestione.umamibeer.it:8800/admin/public/admin/bookingList', '_self', NULL, '#000000', NULL, 21, '2019-02-12 17:40:42', '2019-02-12 17:40:42', NULL, '');
INSERT INTO `menu_items` (`id`, `menu_id`, `title`, `url`, `target`, `icon_class`, `color`, `parent_id`, `order`, `created_at`, `updated_at`, `route`, `parameters`) VALUES (19, 2, 'Nuova Prenotazione', 'http://gestione.umamibeer.it:8800/admin/public/admin/phoneCall', '_self', NULL, '#000000', NULL, 22, '2019-02-12 17:41:14', '2019-02-12 17:41:14', NULL, '');
INSERT INTO `menu_items` (`id`, `menu_id`, `title`, `url`, `target`, `icon_class`, `color`, `parent_id`, `order`, `created_at`, `updated_at`, `route`, `parameters`) VALUES (20, 2, 'TimeTrack', 'gestione.umamibeer.it:8800/admin/public/admin/timetrack', '_self', NULL, '#000000', NULL, 23, '2019-02-12 17:41:38', '2019-02-12 17:41:38', NULL, '');
INSERT INTO `menu_items` (`id`, `menu_id`, `title`, `url`, `target`, `icon_class`, `color`, `parent_id`, `order`, `created_at`, `updated_at`, `route`, `parameters`) VALUES (21, 2, 'Le Spine', 'http://gestione.umamibeer.it:8800/admin/public/admin/umami-spine', '_self', NULL, '#000000', NULL, 24, '2019-02-12 17:42:00', '2019-02-12 17:42:00', NULL, '');
INSERT INTO `menu_items` (`id`, `menu_id`, `title`, `url`, `target`, `icon_class`, `color`, `parent_id`, `order`, `created_at`, `updated_at`, `route`, `parameters`) VALUES (22, 1, 'Versamenti', '', '_self', NULL, NULL, NULL, 25, '2019-04-01 23:05:43', '2019-04-01 23:05:43', 'voyager.ub-versamenti.index', NULL);
INSERT INTO `menu_items` (`id`, `menu_id`, `title`, `url`, `target`, `icon_class`, `color`, `parent_id`, `order`, `created_at`, `updated_at`, `route`, `parameters`) VALUES (23, 1, 'Movimenticontabili', '', '_self', NULL, NULL, NULL, 26, '2019-04-01 23:06:55', '2019-04-01 23:06:55', 'voyager.ub-movimenticontabili.index', NULL);
INSERT INTO `menu_items` (`id`, `menu_id`, `title`, `url`, `target`, `icon_class`, `color`, `parent_id`, `order`, `created_at`, `updated_at`, `route`, `parameters`) VALUES (24, 1, 'Cassa', '', '_self', NULL, '#000000', NULL, 27, '2019-04-08 17:03:05', '2019-04-24 16:26:32', 'voyager.progressivo-cassa.index', 'null');
INSERT INTO `menu_items` (`id`, `menu_id`, `title`, `url`, `target`, `icon_class`, `color`, `parent_id`, `order`, `created_at`, `updated_at`, `route`, `parameters`) VALUES (25, 1, 'Progressivo Incassi', '', '_self', NULL, NULL, NULL, 28, '2019-04-23 14:13:44', '2019-04-23 14:13:44', 'voyager.progressivo-incassi.index', NULL);
INSERT INTO `menu_items` (`id`, `menu_id`, `title`, `url`, `target`, `icon_class`, `color`, `parent_id`, `order`, `created_at`, `updated_at`, `route`, `parameters`) VALUES (26, 1, 'Progressivo Versamenti', '', '_self', NULL, '#000000', NULL, 29, '2019-04-23 14:44:42', '2019-04-24 16:27:05', 'voyager.progressivo-versamenti.index', 'null');
INSERT INTO `menu_items` (`id`, `menu_id`, `title`, `url`, `target`, `icon_class`, `color`, `parent_id`, `order`, `created_at`, `updated_at`, `route`, `parameters`) VALUES (27, 1, 'Fondo Cassa', '', '_self', NULL, NULL, NULL, 30, '2019-04-28 00:59:46', '2019-04-28 00:59:46', 'voyager.fondo-cassa.index', NULL);
COMMIT;

-- ----------------------------
-- Table structure for menus
-- ----------------------------
CREATE TABLE `menus` (
  `id` int(10) unsigned NOT NULL AUTO_INCREMENT,
  `name` varchar(191) NOT NULL,
  `created_at` timestamp NULL DEFAULT NULL,
  `updated_at` timestamp NULL DEFAULT NULL,
  PRIMARY KEY (`id`),
  UNIQUE KEY `menus_name_unique` (`name`)
) ENGINE=InnoDB AUTO_INCREMENT=3 DEFAULT CHARSET=utf8mb4 COLLATE=utf8mb4_unicode_ci;

-- ----------------------------
-- Records of menus
-- ----------------------------
BEGIN;
INSERT INTO `menus` (`id`, `name`, `created_at`, `updated_at`) VALUES (1, 'admin', '2018-11-14 19:04:16', '2018-11-14 19:04:16');
INSERT INTO `menus` (`id`, `name`, `created_at`, `updated_at`) VALUES (2, 'Gestore', '2019-02-12 17:38:47', '2019-02-12 17:38:56');
COMMIT;

-- ----------------------------
-- Table structure for migrations
-- ----------------------------
CREATE TABLE `migrations` (
  `id` int(10) unsigned NOT NULL AUTO_INCREMENT,
  `migration` varchar(191) NOT NULL,
  `batch` int(11) NOT NULL,
  PRIMARY KEY (`id`)
) ENGINE=InnoDB AUTO_INCREMENT=41 DEFAULT CHARSET=utf8mb4 COLLATE=utf8mb4_unicode_ci;

-- ----------------------------
-- Records of migrations
-- ----------------------------
BEGIN;
INSERT INTO `migrations` (`id`, `migration`, `batch`) VALUES (1, '2014_10_12_000000_create_users_table', 1);
INSERT INTO `migrations` (`id`, `migration`, `batch`) VALUES (2, '2014_10_12_100000_create_password_resets_table', 1);
INSERT INTO `migrations` (`id`, `migration`, `batch`) VALUES (3, '2016_06_01_000001_create_oauth_auth_codes_table', 1);
INSERT INTO `migrations` (`id`, `migration`, `batch`) VALUES (4, '2016_06_01_000002_create_oauth_access_tokens_table', 1);
INSERT INTO `migrations` (`id`, `migration`, `batch`) VALUES (5, '2016_06_01_000003_create_oauth_refresh_tokens_table', 1);
INSERT INTO `migrations` (`id`, `migration`, `batch`) VALUES (6, '2016_06_01_000004_create_oauth_clients_table', 1);
INSERT INTO `migrations` (`id`, `migration`, `batch`) VALUES (7, '2016_06_01_000005_create_oauth_personal_access_clients_table', 1);
INSERT INTO `migrations` (`id`, `migration`, `batch`) VALUES (8, '2017_10_25_140458_create_sessions_table', 1);
INSERT INTO `migrations` (`id`, `migration`, `batch`) VALUES (9, '2017_11_20_141324_create_roles_table', 1);
INSERT INTO `migrations` (`id`, `migration`, `batch`) VALUES (10, '2017_11_20_141613_create_role_user_table', 1);
INSERT INTO `migrations` (`id`, `migration`, `batch`) VALUES (11, '2016_08_07_145904_add_table_cms_apicustom', 2);
INSERT INTO `migrations` (`id`, `migration`, `batch`) VALUES (12, '2016_08_07_150834_add_table_cms_dashboard', 2);
INSERT INTO `migrations` (`id`, `migration`, `batch`) VALUES (13, '2016_08_07_151210_add_table_cms_logs', 2);
INSERT INTO `migrations` (`id`, `migration`, `batch`) VALUES (14, '2016_08_07_151211_add_details_cms_logs', 2);
INSERT INTO `migrations` (`id`, `migration`, `batch`) VALUES (15, '2016_08_07_152014_add_table_cms_privileges', 2);
INSERT INTO `migrations` (`id`, `migration`, `batch`) VALUES (16, '2016_08_07_152214_add_table_cms_privileges_roles', 2);
INSERT INTO `migrations` (`id`, `migration`, `batch`) VALUES (17, '2016_08_07_152320_add_table_cms_settings', 2);
INSERT INTO `migrations` (`id`, `migration`, `batch`) VALUES (18, '2016_08_07_152421_add_table_cms_users', 2);
INSERT INTO `migrations` (`id`, `migration`, `batch`) VALUES (19, '2016_08_07_154624_add_table_cms_menus_privileges', 2);
INSERT INTO `migrations` (`id`, `migration`, `batch`) VALUES (20, '2016_08_07_154624_add_table_cms_moduls', 2);
INSERT INTO `migrations` (`id`, `migration`, `batch`) VALUES (21, '2016_08_17_225409_add_status_cms_users', 2);
INSERT INTO `migrations` (`id`, `migration`, `batch`) VALUES (22, '2016_08_20_125418_add_table_cms_notifications', 2);
INSERT INTO `migrations` (`id`, `migration`, `batch`) VALUES (23, '2016_09_04_033706_add_table_cms_email_queues', 2);
INSERT INTO `migrations` (`id`, `migration`, `batch`) VALUES (24, '2016_09_16_035347_add_group_setting', 2);
INSERT INTO `migrations` (`id`, `migration`, `batch`) VALUES (25, '2016_09_16_045425_add_label_setting', 2);
INSERT INTO `migrations` (`id`, `migration`, `batch`) VALUES (26, '2016_09_17_104728_create_nullable_cms_apicustom', 2);
INSERT INTO `migrations` (`id`, `migration`, `batch`) VALUES (27, '2016_10_01_141740_add_method_type_apicustom', 2);
INSERT INTO `migrations` (`id`, `migration`, `batch`) VALUES (28, '2016_10_01_141846_add_parameters_apicustom', 2);
INSERT INTO `migrations` (`id`, `migration`, `batch`) VALUES (29, '2016_10_01_141934_add_responses_apicustom', 2);
INSERT INTO `migrations` (`id`, `migration`, `batch`) VALUES (30, '2016_10_01_144826_add_table_apikey', 2);
INSERT INTO `migrations` (`id`, `migration`, `batch`) VALUES (31, '2016_11_14_141657_create_cms_menus', 2);
INSERT INTO `migrations` (`id`, `migration`, `batch`) VALUES (32, '2016_11_15_132350_create_cms_email_templates', 2);
INSERT INTO `migrations` (`id`, `migration`, `batch`) VALUES (33, '2016_11_15_190410_create_cms_statistics', 2);
INSERT INTO `migrations` (`id`, `migration`, `batch`) VALUES (34, '2016_11_17_102740_create_cms_statistic_components', 2);
INSERT INTO `migrations` (`id`, `migration`, `batch`) VALUES (35, '2017_06_06_164501_add_deleted_at_cms_moduls', 2);
INSERT INTO `migrations` (`id`, `migration`, `batch`) VALUES (36, '2020_03_15_000737_create_permission_tables', 3);
INSERT INTO `migrations` (`id`, `migration`, `batch`) VALUES (37, '2020_04_04_121730_create_jobs_table', 4);
INSERT INTO `migrations` (`id`, `migration`, `batch`) VALUES (38, '2020_04_04_213928_create_failed_jobs_table', 5);
INSERT INTO `migrations` (`id`, `migration`, `batch`) VALUES (39, '2020_04_05_000842_create_notifications_table', 6);
INSERT INTO `migrations` (`id`, `migration`, `batch`) VALUES (40, '2020_04_06_011821_create_sessions_table', 7);
COMMIT;

-- ----------------------------
-- Table structure for mod789_users
-- ----------------------------
CREATE TABLE `mod789_users` (
  `id` int(11) NOT NULL AUTO_INCREMENT,
  `name` varchar(400) NOT NULL DEFAULT '',
  `username` varchar(150) NOT NULL DEFAULT '',
  `pin` int(11) DEFAULT NULL,
  `email` varchar(100) NOT NULL DEFAULT '',
  `password` varchar(100) NOT NULL DEFAULT '',
  `block` tinyint(4) NOT NULL DEFAULT 0,
  `sendEmail` tinyint(4) DEFAULT 0,
  `registerDate` datetime NOT NULL DEFAULT '0000-00-00 00:00:00',
  `lastvisitDate` datetime NOT NULL DEFAULT '0000-00-00 00:00:00',
  `activation` varchar(100) NOT NULL DEFAULT '',
  `params` text NOT NULL,
  `lastResetTime` datetime NOT NULL DEFAULT '0000-00-00 00:00:00' COMMENT 'Date of last password reset',
  `resetCount` int(11) NOT NULL DEFAULT 0 COMMENT 'Count of password resets since lastResetTime',
  `otpKey` varchar(1000) NOT NULL DEFAULT '' COMMENT 'Two factor authentication encrypted keys',
  `otep` varchar(1000) NOT NULL DEFAULT '' COMMENT 'One time emergency passwords',
  `requireReset` tinyint(4) NOT NULL DEFAULT 0 COMMENT 'Require user to reset password on next login',
  `created_at` datetime DEFAULT NULL,
  `updated_at` datetime DEFAULT NULL,
  `is_active` tinyint(4) DEFAULT NULL,
  PRIMARY KEY (`id`),
  KEY `idx_block` (`block`),
  KEY `username` (`username`),
  KEY `email` (`email`),
  KEY `idx_name` (`name`(100))
) ENGINE=InnoDB AUTO_INCREMENT=1047 DEFAULT CHARSET=utf8mb4 COLLATE=utf8mb4_unicode_ci;

-- ----------------------------
-- Records of mod789_users
-- ----------------------------
BEGIN;
INSERT INTO `mod789_users` (`id`, `name`, `username`, `pin`, `email`, `password`, `block`, `sendEmail`, `registerDate`, `lastvisitDate`, `activation`, `params`, `lastResetTime`, `resetCount`, `otpKey`, `otep`, `requireReset`, `created_at`, `updated_at`, `is_active`) VALUES (1028, 'Super User', 'admin3264', 5588789, 'iscka76@gmail.com', '$2y$10$C65N6fUptCP1DNHiHMtFpurSZzmwMVZ7Cr2KCoode4Ww.Ch6tGw/a', 0, 1, '2018-06-30 12:28:39', '2018-10-28 16:16:54', '0', '{}', '0000-00-00 00:00:00', 0, '', '', 0, NULL, NULL, NULL);
INSERT INTO `mod789_users` (`id`, `name`, `username`, `pin`, `email`, `password`, `block`, `sendEmail`, `registerDate`, `lastvisitDate`, `activation`, `params`, `lastResetTime`, `resetCount`, `otpKey`, `otep`, `requireReset`, `created_at`, `updated_at`, `is_active`) VALUES (1029, 'Laura Alice Tombolesi', 'laura', 12345, 'laura@umamibeer.it', '$2y$10$/VuJ5GWWwysjdsUjoFLgP.kNipwZeCw/fFYmTUsM1QY3tTgNvJXby', 0, 0, '2018-07-06 14:16:20', '2019-09-06 17:43:28', '', '{\"admin_style\":\"\",\"admin_language\":\"\",\"language\":\"\",\"editor\":\"\",\"helpsite\":\"\",\"timezone\":\"\"}', '0000-00-00 00:00:00', 0, '', '', 0, NULL, NULL, 1);
INSERT INTO `mod789_users` (`id`, `name`, `username`, `pin`, `email`, `password`, `block`, `sendEmail`, `registerDate`, `lastvisitDate`, `activation`, `params`, `lastResetTime`, `resetCount`, `otpKey`, `otep`, `requireReset`, `created_at`, `updated_at`, `is_active`) VALUES (1030, 'Roberto Scarponi', 'roberto', 686800, 'info@umamibeer.it', '$2y$10$64QgrfzGyRVcRdGhAOeu5.B0npNCORNI8LDtOd2ufTRgyIlW8tgOy', 0, 0, '2018-07-06 14:17:12', '2018-09-19 09:01:07', '', '{\"admin_style\":\"\",\"admin_language\":\"\",\"language\":\"\",\"editor\":\"\",\"helpsite\":\"\",\"timezone\":\"\"}', '0000-00-00 00:00:00', 0, '', '', 0, NULL, NULL, 1);
INSERT INTO `mod789_users` (`id`, `name`, `username`, `pin`, `email`, `password`, `block`, `sendEmail`, `registerDate`, `lastvisitDate`, `activation`, `params`, `lastResetTime`, `resetCount`, `otpKey`, `otep`, `requireReset`, `created_at`, `updated_at`, `is_active`) VALUES (1034, 'Luca Cotozzolo', 'luca', 1133, 'luca@umamibeer.it', '$2y$10$ogFdSxiQ1O/NdC4hNh0QHOtLpBkMvjdw8igQ8o1X6X7YiaVuS.yVS', 0, 0, '2018-11-01 15:17:09', '0000-00-00 00:00:00', '', '{\"admin_style\":\"\",\"admin_language\":\"\",\"language\":\"\",\"editor\":\"\",\"helpsite\":\"\",\"timezone\":\"\"}', '0000-00-00 00:00:00', 0, '', '', 1, NULL, NULL, 1);
INSERT INTO `mod789_users` (`id`, `name`, `username`, `pin`, `email`, `password`, `block`, `sendEmail`, `registerDate`, `lastvisitDate`, `activation`, `params`, `lastResetTime`, `resetCount`, `otpKey`, `otep`, `requireReset`, `created_at`, `updated_at`, `is_active`) VALUES (1035, 'Davide De Martino', 'davide', 2244, 'barabra@umamibeer.it', '$2y$10$UqkOqhDLIVhPB2TdOtVSS.4mXFZ12VUOuG67sUfnLxMSsnpEqJ8ni', 0, 0, '2018-11-01 15:18:00', '0000-00-00 00:00:00', '', '{\"admin_style\":\"\",\"admin_language\":\"\",\"language\":\"\",\"editor\":\"\",\"helpsite\":\"\",\"timezone\":\"\"}', '0000-00-00 00:00:00', 0, '', '', 1, NULL, NULL, 0);
INSERT INTO `mod789_users` (`id`, `name`, `username`, `pin`, `email`, `password`, `block`, `sendEmail`, `registerDate`, `lastvisitDate`, `activation`, `params`, `lastResetTime`, `resetCount`, `otpKey`, `otep`, `requireReset`, `created_at`, `updated_at`, `is_active`) VALUES (1036, 'Lanari Benedetta', 'benedetta', 5566, 'benedetta@umamibeer.it', '$2y$10$8xvdOsT2p8cupdTP5leZBO19g9yUSZY5Xzs111B0z35hXLBnAphjW', 0, 0, '2018-11-01 15:18:29', '0000-00-00 00:00:00', '', '{\"admin_style\":\"\",\"admin_language\":\"\",\"language\":\"\",\"editor\":\"\",\"helpsite\":\"\",\"timezone\":\"\"}', '0000-00-00 00:00:00', 0, '', '', 1, NULL, NULL, 1);
INSERT INTO `mod789_users` (`id`, `name`, `username`, `pin`, `email`, `password`, `block`, `sendEmail`, `registerDate`, `lastvisitDate`, `activation`, `params`, `lastResetTime`, `resetCount`, `otpKey`, `otep`, `requireReset`, `created_at`, `updated_at`, `is_active`) VALUES (1037, 'Luciano Sorbelli', 'luciano', 7733, 'tania@umamibeer.it', '$2y$10$gOuGHIILUJLizIKSvzPdfe5lam3iPlAzfy3AvK4XGSehLwxuNhD0S', 0, 0, '2018-11-01 15:19:02', '0000-00-00 00:00:00', '', '{\"admin_style\":\"\",\"admin_language\":\"\",\"language\":\"\",\"editor\":\"\",\"helpsite\":\"\",\"timezone\":\"\"}', '0000-00-00 00:00:00', 0, '', '', 1, NULL, NULL, 1);
INSERT INTO `mod789_users` (`id`, `name`, `username`, `pin`, `email`, `password`, `block`, `sendEmail`, `registerDate`, `lastvisitDate`, `activation`, `params`, `lastResetTime`, `resetCount`, `otpKey`, `otep`, `requireReset`, `created_at`, `updated_at`, `is_active`) VALUES (1038, 'Tosti Annarita', 'Annarita', 4356, 'elisabeth@umamibeer.it', '$2y$10$06r6lPmjNr78L3DgepWnq.xV5jgToIwdCGGqD1gOVmJhwYhn2DAiW', 0, 0, '2018-11-01 15:20:01', '0000-00-00 00:00:00', '', '{\"admin_style\":\"\",\"admin_language\":\"\",\"language\":\"\",\"editor\":\"\",\"helpsite\":\"\",\"timezone\":\"\"}', '0000-00-00 00:00:00', 0, '', '', 1, NULL, NULL, 1);
INSERT INTO `mod789_users` (`id`, `name`, `username`, `pin`, `email`, `password`, `block`, `sendEmail`, `registerDate`, `lastvisitDate`, `activation`, `params`, `lastResetTime`, `resetCount`, `otpKey`, `otep`, `requireReset`, `created_at`, `updated_at`, `is_active`) VALUES (1039, 'Antonini Monia', 'monia', 9009, 'monia@umamibeer.it', '$2y$10$y5bi/8p5mZge2lSu6rEHo.ksm.hRm8ikL4GIwvItKJj2as/8BWAii', 0, 0, '2018-11-01 15:21:08', '0000-00-00 00:00:00', '', '{\"admin_style\":\"\",\"admin_language\":\"\",\"language\":\"\",\"editor\":\"\",\"helpsite\":\"\",\"timezone\":\"\"}', '0000-00-00 00:00:00', 0, '', '', 0, NULL, NULL, 1);
INSERT INTO `mod789_users` (`id`, `name`, `username`, `pin`, `email`, `password`, `block`, `sendEmail`, `registerDate`, `lastvisitDate`, `activation`, `params`, `lastResetTime`, `resetCount`, `otpKey`, `otep`, `requireReset`, `created_at`, `updated_at`, `is_active`) VALUES (1040, 'Antoniu Nicoleta', 'nicoleta', 6666, 'nicoleta@umamibeer.it', '$2y$10$y5bi/8p5mZge2lSu6rEHo.ksm.hRm8ikL4GIwvItKJj2as/8BWAii', 0, 0, '0000-00-00 00:00:00', '0000-00-00 00:00:00', '', '{\"admin_style\":\"\",\"admin_language\":\"\",\"language\":\"\",\"editor\":\"\",\"helpsite\":\"\",\"timezone\":\"\"}', '0000-00-00 00:00:00', 0, '', '', 0, NULL, NULL, 1);
INSERT INTO `mod789_users` (`id`, `name`, `username`, `pin`, `email`, `password`, `block`, `sendEmail`, `registerDate`, `lastvisitDate`, `activation`, `params`, `lastResetTime`, `resetCount`, `otpKey`, `otep`, `requireReset`, `created_at`, `updated_at`, `is_active`) VALUES (1041, 'Scarponi Nicolo\'', 'nico', 1230, 'cocco.scarponi@gmail.com', '$2y$10$y5bi/8p5mZge2lSu6rEHo.ksm.hRm8ikL4GIwvItKJj2as/8BWAii', 0, 0, '0000-00-00 00:00:00', '0000-00-00 00:00:00', '', 'ciao', '0000-00-00 00:00:00', 0, '', '', 0, NULL, NULL, 1);
INSERT INTO `mod789_users` (`id`, `name`, `username`, `pin`, `email`, `password`, `block`, `sendEmail`, `registerDate`, `lastvisitDate`, `activation`, `params`, `lastResetTime`, `resetCount`, `otpKey`, `otep`, `requireReset`, `created_at`, `updated_at`, `is_active`) VALUES (1042, 'Daniela Barbanera', 'daniela', 1111, 'daniela57@icloud.com', '$2y$10$y5bi/8p5mZge2lSu6rEHo.ksm.hRm8ikL4GIwvItKJj2as/8BWAii', 0, 0, '0000-00-00 00:00:00', '0000-00-00 00:00:00', '', 'ciao', '0000-00-00 00:00:00', 0, '', '', 0, NULL, NULL, 1);
INSERT INTO `mod789_users` (`id`, `name`, `username`, `pin`, `email`, `password`, `block`, `sendEmail`, `registerDate`, `lastvisitDate`, `activation`, `params`, `lastResetTime`, `resetCount`, `otpKey`, `otep`, `requireReset`, `created_at`, `updated_at`, `is_active`) VALUES (1043, 'Antonio Coppola', 'anto coppola', 9876, 'antonio@umamibeer.it', '9876', 0, 0, '2025-08-23 19:30:31', '2025-08-23 19:30:31', '', 'null', '0000-00-00 00:00:00', 0, '', '', 0, '2025-08-23 19:30:31', '2025-08-23 19:30:31', 1);
INSERT INTO `mod789_users` (`id`, `name`, `username`, `pin`, `email`, `password`, `block`, `sendEmail`, `registerDate`, `lastvisitDate`, `activation`, `params`, `lastResetTime`, `resetCount`, `otpKey`, `otep`, `requireReset`, `created_at`, `updated_at`, `is_active`) VALUES (1044, 'Sau Sorin Andrei', 'andrei', 1234, 'andrei@umamibeer.it', '1234', 0, 0, '2025-10-01 00:00:00', '2025-10-01 00:00:00', '1', 'null', '0000-00-00 00:00:00', 0, '', '', 0, NULL, NULL, 1);
INSERT INTO `mod789_users` (`id`, `name`, `username`, `pin`, `email`, `password`, `block`, `sendEmail`, `registerDate`, `lastvisitDate`, `activation`, `params`, `lastResetTime`, `resetCount`, `otpKey`, `otep`, `requireReset`, `created_at`, `updated_at`, `is_active`) VALUES (1045, 'Radoni Anastasia', 'anastasia', 5678, 'anastasia@umamibeer.it', '5678', 0, 0, '2025-10-01 00:00:00', '2025-10-01 00:00:00', '', 'null', '0000-00-00 00:00:00', 0, '', '', 0, NULL, NULL, 1);
INSERT INTO `mod789_users` (`id`, `name`, `username`, `pin`, `email`, `password`, `block`, `sendEmail`, `registerDate`, `lastvisitDate`, `activation`, `params`, `lastResetTime`, `resetCount`, `otpKey`, `otep`, `requireReset`, `created_at`, `updated_at`, `is_active`) VALUES (1046, 'Fady', 'Fady', 101, 'fady@umamibee.it', '0101', 0, 0, '0000-00-00 00:00:00', '0000-00-00 00:00:00', '', 'null', '0000-00-00 00:00:00', 0, '', '', 0, NULL, NULL, 1);
COMMIT;

-- ----------------------------
-- Table structure for model_has_permissions
-- ----------------------------
CREATE TABLE `model_has_permissions` (
  `permission_id` bigint(20) unsigned NOT NULL,
  `model_type` varchar(60) NOT NULL,
  `model_id` bigint(20) unsigned NOT NULL,
  PRIMARY KEY (`permission_id`,`model_id`,`model_type`),
  KEY `model_has_permissions_model_id_model_type_index` (`model_id`,`model_type`),
  CONSTRAINT `model_has_permissions_permission_id_foreign` FOREIGN KEY (`permission_id`) REFERENCES `umami_permissions` (`id`) ON DELETE CASCADE
) ENGINE=InnoDB DEFAULT CHARSET=utf8mb4 COLLATE=utf8mb4_unicode_ci;

-- ----------------------------
-- Records of model_has_permissions
-- ----------------------------
BEGIN;
COMMIT;

-- ----------------------------
-- Table structure for model_has_roles
-- ----------------------------
CREATE TABLE `model_has_roles` (
  `role_id` bigint(20) unsigned NOT NULL,
  `model_type` varchar(60) NOT NULL,
  `model_id` bigint(20) unsigned NOT NULL,
  PRIMARY KEY (`role_id`,`model_id`,`model_type`),
  KEY `model_has_roles_model_id_model_type_index` (`model_id`,`model_type`),
  CONSTRAINT `model_has_roles_role_id_foreign` FOREIGN KEY (`role_id`) REFERENCES `umami_roles` (`id`) ON DELETE CASCADE
) ENGINE=InnoDB DEFAULT CHARSET=utf8mb4 COLLATE=utf8mb4_unicode_ci;

-- ----------------------------
-- Records of model_has_roles
-- ----------------------------
BEGIN;
INSERT INTO `model_has_roles` (`role_id`, `model_type`, `model_id`) VALUES (1, 'App\\User', 1);
INSERT INTO `model_has_roles` (`role_id`, `model_type`, `model_id`) VALUES (2, 'App\\User', 2);
INSERT INTO `model_has_roles` (`role_id`, `model_type`, `model_id`) VALUES (2, 'App\\User', 4);
INSERT INTO `model_has_roles` (`role_id`, `model_type`, `model_id`) VALUES (5, 'App\\User', 1);
INSERT INTO `model_has_roles` (`role_id`, `model_type`, `model_id`) VALUES (5, 'App\\User', 2);
INSERT INTO `model_has_roles` (`role_id`, `model_type`, `model_id`) VALUES (5, 'App\\User', 3);
INSERT INTO `model_has_roles` (`role_id`, `model_type`, `model_id`) VALUES (5, 'App\\User', 4);
INSERT INTO `model_has_roles` (`role_id`, `model_type`, `model_id`) VALUES (5, 'App\\User', 5);
INSERT INTO `model_has_roles` (`role_id`, `model_type`, `model_id`) VALUES (5, 'App\\User', 6);
INSERT INTO `model_has_roles` (`role_id`, `model_type`, `model_id`) VALUES (5, 'App\\User', 8);
INSERT INTO `model_has_roles` (`role_id`, `model_type`, `model_id`) VALUES (5, 'App\\User', 21);
COMMIT;

-- ----------------------------
-- Table structure for monitor_data
-- ----------------------------
CREATE TABLE `monitor_data` (
  `server_id` int(11) unsigned NOT NULL DEFAULT 0,
  `type` varchar(255) NOT NULL DEFAULT '',
  `created` int(11) unsigned NOT NULL DEFAULT 0,
  `data` mediumtext DEFAULT NULL,
  `state` varchar(10) NOT NULL DEFAULT '''unknown''',
  PRIMARY KEY (`server_id`,`type`,`created`)
) ENGINE=MyISAM DEFAULT CHARSET=utf8mb3 COLLATE=utf8mb3_general_ci;

-- ----------------------------
-- Records of monitor_data
-- ----------------------------
BEGIN;
COMMIT;

-- ----------------------------
-- Table structure for notifications
-- ----------------------------
CREATE TABLE `notifications` (
  `id` char(36) NOT NULL,
  `type` varchar(255) NOT NULL,
  `notifiable_type` varchar(255) NOT NULL,
  `notifiable_id` bigint(20) unsigned NOT NULL,
  `data` text NOT NULL,
  `read_at` timestamp NULL DEFAULT NULL,
  `created_at` timestamp NULL DEFAULT NULL,
  `updated_at` timestamp NULL DEFAULT NULL,
  PRIMARY KEY (`id`),
  KEY `notifications_notifiable_type_notifiable_id_index` (`notifiable_type`,`notifiable_id`)
) ENGINE=InnoDB DEFAULT CHARSET=utf8mb4 COLLATE=utf8mb4_unicode_ci;

-- ----------------------------
-- Records of notifications
-- ----------------------------
BEGIN;
COMMIT;

-- ----------------------------
-- Table structure for oauth_access_tokens
-- ----------------------------
CREATE TABLE `oauth_access_tokens` (
  `id` varchar(100) NOT NULL,
  `user_id` int(11) DEFAULT NULL,
  `client_id` int(11) NOT NULL,
  `name` varchar(191) DEFAULT NULL,
  `scopes` text DEFAULT NULL,
  `revoked` tinyint(1) NOT NULL,
  `created_at` timestamp NULL DEFAULT NULL,
  `updated_at` timestamp NULL DEFAULT NULL,
  `expires_at` datetime DEFAULT NULL,
  PRIMARY KEY (`id`),
  KEY `oauth_access_tokens_user_id_index` (`user_id`)
) ENGINE=InnoDB DEFAULT CHARSET=utf8mb4 COLLATE=utf8mb4_unicode_ci;

-- ----------------------------
-- Records of oauth_access_tokens
-- ----------------------------
BEGIN;
COMMIT;

-- ----------------------------
-- Table structure for oauth_auth_codes
-- ----------------------------
CREATE TABLE `oauth_auth_codes` (
  `id` varchar(100) NOT NULL,
  `user_id` int(11) NOT NULL,
  `client_id` int(11) NOT NULL,
  `scopes` text DEFAULT NULL,
  `revoked` tinyint(1) NOT NULL,
  `expires_at` datetime DEFAULT NULL,
  PRIMARY KEY (`id`)
) ENGINE=InnoDB DEFAULT CHARSET=utf8mb4 COLLATE=utf8mb4_unicode_ci;

-- ----------------------------
-- Records of oauth_auth_codes
-- ----------------------------
BEGIN;
COMMIT;

-- ----------------------------
-- Table structure for oauth_clients
-- ----------------------------
CREATE TABLE `oauth_clients` (
  `id` int(10) unsigned NOT NULL AUTO_INCREMENT,
  `user_id` int(11) DEFAULT NULL,
  `name` varchar(191) NOT NULL,
  `secret` varchar(100) NOT NULL,
  `redirect` text NOT NULL,
  `personal_access_client` tinyint(1) NOT NULL,
  `password_client` tinyint(1) NOT NULL,
  `revoked` tinyint(1) NOT NULL,
  `created_at` timestamp NULL DEFAULT NULL,
  `updated_at` timestamp NULL DEFAULT NULL,
  PRIMARY KEY (`id`),
  KEY `oauth_clients_user_id_index` (`user_id`)
) ENGINE=InnoDB DEFAULT CHARSET=utf8mb4 COLLATE=utf8mb4_unicode_ci;

-- ----------------------------
-- Records of oauth_clients
-- ----------------------------
BEGIN;
COMMIT;

-- ----------------------------
-- Table structure for oauth_personal_access_clients
-- ----------------------------
CREATE TABLE `oauth_personal_access_clients` (
  `id` int(10) unsigned NOT NULL AUTO_INCREMENT,
  `client_id` int(11) NOT NULL,
  `created_at` timestamp NULL DEFAULT NULL,
  `updated_at` timestamp NULL DEFAULT NULL,
  PRIMARY KEY (`id`),
  KEY `oauth_personal_access_clients_client_id_index` (`client_id`)
) ENGINE=InnoDB DEFAULT CHARSET=utf8mb4 COLLATE=utf8mb4_unicode_ci;

-- ----------------------------
-- Records of oauth_personal_access_clients
-- ----------------------------
BEGIN;
COMMIT;

-- ----------------------------
-- Table structure for oauth_refresh_tokens
-- ----------------------------
CREATE TABLE `oauth_refresh_tokens` (
  `id` varchar(100) NOT NULL,
  `access_token_id` varchar(100) NOT NULL,
  `revoked` tinyint(1) NOT NULL,
  `expires_at` datetime DEFAULT NULL,
  PRIMARY KEY (`id`),
  KEY `oauth_refresh_tokens_access_token_id_index` (`access_token_id`)
) ENGINE=InnoDB DEFAULT CHARSET=utf8mb4 COLLATE=utf8mb4_unicode_ci;

-- ----------------------------
-- Records of oauth_refresh_tokens
-- ----------------------------
BEGIN;
COMMIT;

-- ----------------------------
-- Table structure for password_resets
-- ----------------------------
CREATE TABLE `password_resets` (
  `email` varchar(191) NOT NULL,
  `token` varchar(191) NOT NULL,
  `created_at` timestamp NULL DEFAULT NULL,
  KEY `password_resets_email_index` (`email`)
) ENGINE=InnoDB DEFAULT CHARSET=utf8mb4 COLLATE=utf8mb4_unicode_ci;

-- ----------------------------
-- Records of password_resets
-- ----------------------------
BEGIN;
COMMIT;

-- ----------------------------
-- Table structure for permission_role
-- ----------------------------
CREATE TABLE `permission_role` (
  `permission_id` int(10) unsigned NOT NULL,
  `role_id` int(10) unsigned NOT NULL,
  PRIMARY KEY (`permission_id`,`role_id`),
  KEY `permission_role_permission_id_index` (`permission_id`),
  KEY `permission_role_role_id_index` (`role_id`)
) ENGINE=InnoDB DEFAULT CHARSET=utf8mb4 COLLATE=utf8mb4_unicode_ci;

-- ----------------------------
-- Records of permission_role
-- ----------------------------
BEGIN;
INSERT INTO `permission_role` (`permission_id`, `role_id`) VALUES (1, 1);
INSERT INTO `permission_role` (`permission_id`, `role_id`) VALUES (1, 4);
INSERT INTO `permission_role` (`permission_id`, `role_id`) VALUES (2, 1);
INSERT INTO `permission_role` (`permission_id`, `role_id`) VALUES (3, 1);
INSERT INTO `permission_role` (`permission_id`, `role_id`) VALUES (4, 1);
INSERT INTO `permission_role` (`permission_id`, `role_id`) VALUES (5, 1);
INSERT INTO `permission_role` (`permission_id`, `role_id`) VALUES (6, 1);
INSERT INTO `permission_role` (`permission_id`, `role_id`) VALUES (6, 2);
INSERT INTO `permission_role` (`permission_id`, `role_id`) VALUES (7, 1);
INSERT INTO `permission_role` (`permission_id`, `role_id`) VALUES (7, 2);
INSERT INTO `permission_role` (`permission_id`, `role_id`) VALUES (8, 1);
INSERT INTO `permission_role` (`permission_id`, `role_id`) VALUES (8, 2);
INSERT INTO `permission_role` (`permission_id`, `role_id`) VALUES (9, 1);
INSERT INTO `permission_role` (`permission_id`, `role_id`) VALUES (9, 2);
INSERT INTO `permission_role` (`permission_id`, `role_id`) VALUES (10, 1);
INSERT INTO `permission_role` (`permission_id`, `role_id`) VALUES (10, 2);
INSERT INTO `permission_role` (`permission_id`, `role_id`) VALUES (11, 1);
INSERT INTO `permission_role` (`permission_id`, `role_id`) VALUES (12, 1);
INSERT INTO `permission_role` (`permission_id`, `role_id`) VALUES (13, 1);
INSERT INTO `permission_role` (`permission_id`, `role_id`) VALUES (14, 1);
INSERT INTO `permission_role` (`permission_id`, `role_id`) VALUES (15, 1);
INSERT INTO `permission_role` (`permission_id`, `role_id`) VALUES (16, 1);
INSERT INTO `permission_role` (`permission_id`, `role_id`) VALUES (17, 1);
INSERT INTO `permission_role` (`permission_id`, `role_id`) VALUES (18, 1);
INSERT INTO `permission_role` (`permission_id`, `role_id`) VALUES (19, 1);
INSERT INTO `permission_role` (`permission_id`, `role_id`) VALUES (20, 1);
INSERT INTO `permission_role` (`permission_id`, `role_id`) VALUES (21, 1);
INSERT INTO `permission_role` (`permission_id`, `role_id`) VALUES (22, 1);
INSERT INTO `permission_role` (`permission_id`, `role_id`) VALUES (23, 1);
INSERT INTO `permission_role` (`permission_id`, `role_id`) VALUES (24, 1);
INSERT INTO `permission_role` (`permission_id`, `role_id`) VALUES (25, 1);
INSERT INTO `permission_role` (`permission_id`, `role_id`) VALUES (26, 1);
INSERT INTO `permission_role` (`permission_id`, `role_id`) VALUES (27, 1);
INSERT INTO `permission_role` (`permission_id`, `role_id`) VALUES (27, 2);
INSERT INTO `permission_role` (`permission_id`, `role_id`) VALUES (27, 4);
INSERT INTO `permission_role` (`permission_id`, `role_id`) VALUES (28, 1);
INSERT INTO `permission_role` (`permission_id`, `role_id`) VALUES (28, 2);
INSERT INTO `permission_role` (`permission_id`, `role_id`) VALUES (28, 4);
INSERT INTO `permission_role` (`permission_id`, `role_id`) VALUES (29, 1);
INSERT INTO `permission_role` (`permission_id`, `role_id`) VALUES (29, 2);
INSERT INTO `permission_role` (`permission_id`, `role_id`) VALUES (29, 4);
INSERT INTO `permission_role` (`permission_id`, `role_id`) VALUES (30, 1);
INSERT INTO `permission_role` (`permission_id`, `role_id`) VALUES (30, 2);
INSERT INTO `permission_role` (`permission_id`, `role_id`) VALUES (30, 4);
INSERT INTO `permission_role` (`permission_id`, `role_id`) VALUES (31, 1);
INSERT INTO `permission_role` (`permission_id`, `role_id`) VALUES (31, 2);
INSERT INTO `permission_role` (`permission_id`, `role_id`) VALUES (31, 4);
INSERT INTO `permission_role` (`permission_id`, `role_id`) VALUES (32, 1);
INSERT INTO `permission_role` (`permission_id`, `role_id`) VALUES (33, 1);
INSERT INTO `permission_role` (`permission_id`, `role_id`) VALUES (34, 1);
INSERT INTO `permission_role` (`permission_id`, `role_id`) VALUES (35, 1);
INSERT INTO `permission_role` (`permission_id`, `role_id`) VALUES (36, 1);
INSERT INTO `permission_role` (`permission_id`, `role_id`) VALUES (37, 1);
INSERT INTO `permission_role` (`permission_id`, `role_id`) VALUES (38, 1);
INSERT INTO `permission_role` (`permission_id`, `role_id`) VALUES (39, 1);
INSERT INTO `permission_role` (`permission_id`, `role_id`) VALUES (40, 1);
INSERT INTO `permission_role` (`permission_id`, `role_id`) VALUES (41, 1);
INSERT INTO `permission_role` (`permission_id`, `role_id`) VALUES (42, 1);
INSERT INTO `permission_role` (`permission_id`, `role_id`) VALUES (42, 3);
INSERT INTO `permission_role` (`permission_id`, `role_id`) VALUES (42, 4);
INSERT INTO `permission_role` (`permission_id`, `role_id`) VALUES (43, 1);
INSERT INTO `permission_role` (`permission_id`, `role_id`) VALUES (43, 3);
INSERT INTO `permission_role` (`permission_id`, `role_id`) VALUES (43, 4);
INSERT INTO `permission_role` (`permission_id`, `role_id`) VALUES (44, 1);
INSERT INTO `permission_role` (`permission_id`, `role_id`) VALUES (44, 3);
INSERT INTO `permission_role` (`permission_id`, `role_id`) VALUES (45, 1);
INSERT INTO `permission_role` (`permission_id`, `role_id`) VALUES (45, 3);
INSERT INTO `permission_role` (`permission_id`, `role_id`) VALUES (45, 4);
INSERT INTO `permission_role` (`permission_id`, `role_id`) VALUES (46, 1);
INSERT INTO `permission_role` (`permission_id`, `role_id`) VALUES (46, 3);
INSERT INTO `permission_role` (`permission_id`, `role_id`) VALUES (47, 1);
INSERT INTO `permission_role` (`permission_id`, `role_id`) VALUES (47, 4);
INSERT INTO `permission_role` (`permission_id`, `role_id`) VALUES (48, 1);
INSERT INTO `permission_role` (`permission_id`, `role_id`) VALUES (48, 4);
INSERT INTO `permission_role` (`permission_id`, `role_id`) VALUES (49, 1);
INSERT INTO `permission_role` (`permission_id`, `role_id`) VALUES (49, 4);
INSERT INTO `permission_role` (`permission_id`, `role_id`) VALUES (50, 1);
INSERT INTO `permission_role` (`permission_id`, `role_id`) VALUES (50, 4);
INSERT INTO `permission_role` (`permission_id`, `role_id`) VALUES (51, 1);
INSERT INTO `permission_role` (`permission_id`, `role_id`) VALUES (51, 4);
INSERT INTO `permission_role` (`permission_id`, `role_id`) VALUES (52, 1);
INSERT INTO `permission_role` (`permission_id`, `role_id`) VALUES (52, 4);
INSERT INTO `permission_role` (`permission_id`, `role_id`) VALUES (53, 1);
INSERT INTO `permission_role` (`permission_id`, `role_id`) VALUES (53, 4);
INSERT INTO `permission_role` (`permission_id`, `role_id`) VALUES (54, 1);
INSERT INTO `permission_role` (`permission_id`, `role_id`) VALUES (54, 4);
INSERT INTO `permission_role` (`permission_id`, `role_id`) VALUES (55, 1);
INSERT INTO `permission_role` (`permission_id`, `role_id`) VALUES (55, 4);
INSERT INTO `permission_role` (`permission_id`, `role_id`) VALUES (56, 1);
INSERT INTO `permission_role` (`permission_id`, `role_id`) VALUES (56, 4);
INSERT INTO `permission_role` (`permission_id`, `role_id`) VALUES (57, 1);
INSERT INTO `permission_role` (`permission_id`, `role_id`) VALUES (57, 4);
INSERT INTO `permission_role` (`permission_id`, `role_id`) VALUES (58, 1);
INSERT INTO `permission_role` (`permission_id`, `role_id`) VALUES (58, 4);
INSERT INTO `permission_role` (`permission_id`, `role_id`) VALUES (59, 1);
INSERT INTO `permission_role` (`permission_id`, `role_id`) VALUES (60, 1);
INSERT INTO `permission_role` (`permission_id`, `role_id`) VALUES (60, 4);
INSERT INTO `permission_role` (`permission_id`, `role_id`) VALUES (61, 1);
INSERT INTO `permission_role` (`permission_id`, `role_id`) VALUES (62, 1);
INSERT INTO `permission_role` (`permission_id`, `role_id`) VALUES (62, 4);
INSERT INTO `permission_role` (`permission_id`, `role_id`) VALUES (63, 1);
INSERT INTO `permission_role` (`permission_id`, `role_id`) VALUES (63, 4);
INSERT INTO `permission_role` (`permission_id`, `role_id`) VALUES (64, 1);
INSERT INTO `permission_role` (`permission_id`, `role_id`) VALUES (64, 4);
INSERT INTO `permission_role` (`permission_id`, `role_id`) VALUES (65, 1);
INSERT INTO `permission_role` (`permission_id`, `role_id`) VALUES (65, 4);
INSERT INTO `permission_role` (`permission_id`, `role_id`) VALUES (66, 1);
INSERT INTO `permission_role` (`permission_id`, `role_id`) VALUES (67, 1);
INSERT INTO `permission_role` (`permission_id`, `role_id`) VALUES (67, 4);
INSERT INTO `permission_role` (`permission_id`, `role_id`) VALUES (68, 1);
INSERT INTO `permission_role` (`permission_id`, `role_id`) VALUES (68, 4);
INSERT INTO `permission_role` (`permission_id`, `role_id`) VALUES (69, 1);
INSERT INTO `permission_role` (`permission_id`, `role_id`) VALUES (69, 4);
INSERT INTO `permission_role` (`permission_id`, `role_id`) VALUES (70, 1);
INSERT INTO `permission_role` (`permission_id`, `role_id`) VALUES (70, 4);
INSERT INTO `permission_role` (`permission_id`, `role_id`) VALUES (71, 1);
INSERT INTO `permission_role` (`permission_id`, `role_id`) VALUES (72, 1);
INSERT INTO `permission_role` (`permission_id`, `role_id`) VALUES (72, 4);
INSERT INTO `permission_role` (`permission_id`, `role_id`) VALUES (73, 1);
INSERT INTO `permission_role` (`permission_id`, `role_id`) VALUES (74, 1);
INSERT INTO `permission_role` (`permission_id`, `role_id`) VALUES (75, 1);
INSERT INTO `permission_role` (`permission_id`, `role_id`) VALUES (75, 4);
INSERT INTO `permission_role` (`permission_id`, `role_id`) VALUES (76, 1);
INSERT INTO `permission_role` (`permission_id`, `role_id`) VALUES (77, 1);
INSERT INTO `permission_role` (`permission_id`, `role_id`) VALUES (77, 4);
INSERT INTO `permission_role` (`permission_id`, `role_id`) VALUES (78, 1);
INSERT INTO `permission_role` (`permission_id`, `role_id`) VALUES (78, 4);
INSERT INTO `permission_role` (`permission_id`, `role_id`) VALUES (79, 1);
INSERT INTO `permission_role` (`permission_id`, `role_id`) VALUES (79, 4);
INSERT INTO `permission_role` (`permission_id`, `role_id`) VALUES (80, 1);
INSERT INTO `permission_role` (`permission_id`, `role_id`) VALUES (80, 4);
INSERT INTO `permission_role` (`permission_id`, `role_id`) VALUES (81, 1);
INSERT INTO `permission_role` (`permission_id`, `role_id`) VALUES (82, 1);
INSERT INTO `permission_role` (`permission_id`, `role_id`) VALUES (82, 4);
INSERT INTO `permission_role` (`permission_id`, `role_id`) VALUES (83, 1);
INSERT INTO `permission_role` (`permission_id`, `role_id`) VALUES (83, 4);
INSERT INTO `permission_role` (`permission_id`, `role_id`) VALUES (84, 1);
INSERT INTO `permission_role` (`permission_id`, `role_id`) VALUES (84, 4);
INSERT INTO `permission_role` (`permission_id`, `role_id`) VALUES (85, 1);
INSERT INTO `permission_role` (`permission_id`, `role_id`) VALUES (85, 4);
INSERT INTO `permission_role` (`permission_id`, `role_id`) VALUES (86, 1);
INSERT INTO `permission_role` (`permission_id`, `role_id`) VALUES (86, 4);
COMMIT;

-- ----------------------------
-- Table structure for permissions
-- ----------------------------
CREATE TABLE `permissions` (
  `id` int(10) unsigned NOT NULL AUTO_INCREMENT,
  `key` varchar(191) NOT NULL,
  `table_name` varchar(191) DEFAULT NULL,
  `created_at` timestamp NULL DEFAULT NULL,
  `updated_at` timestamp NULL DEFAULT NULL,
  PRIMARY KEY (`id`),
  KEY `permissions_key_index` (`key`)
) ENGINE=InnoDB AUTO_INCREMENT=87 DEFAULT CHARSET=utf8mb4 COLLATE=utf8mb4_unicode_ci;

-- ----------------------------
-- Records of permissions
-- ----------------------------
BEGIN;
INSERT INTO `permissions` (`id`, `key`, `table_name`, `created_at`, `updated_at`) VALUES (1, 'browse_admin', NULL, '2018-11-14 19:04:17', '2018-11-14 19:04:17');
INSERT INTO `permissions` (`id`, `key`, `table_name`, `created_at`, `updated_at`) VALUES (2, 'browse_bread', NULL, '2018-11-14 19:04:17', '2018-11-14 19:04:17');
INSERT INTO `permissions` (`id`, `key`, `table_name`, `created_at`, `updated_at`) VALUES (3, 'browse_database', NULL, '2018-11-14 19:04:17', '2018-11-14 19:04:17');
INSERT INTO `permissions` (`id`, `key`, `table_name`, `created_at`, `updated_at`) VALUES (4, 'browse_media', NULL, '2018-11-14 19:04:17', '2018-11-14 19:04:17');
INSERT INTO `permissions` (`id`, `key`, `table_name`, `created_at`, `updated_at`) VALUES (5, 'browse_compass', NULL, '2018-11-14 19:04:17', '2018-11-14 19:04:17');
INSERT INTO `permissions` (`id`, `key`, `table_name`, `created_at`, `updated_at`) VALUES (6, 'browse_menus', 'menus', '2018-11-14 19:04:17', '2018-11-14 19:04:17');
INSERT INTO `permissions` (`id`, `key`, `table_name`, `created_at`, `updated_at`) VALUES (7, 'read_menus', 'menus', '2018-11-14 19:04:17', '2018-11-14 19:04:17');
INSERT INTO `permissions` (`id`, `key`, `table_name`, `created_at`, `updated_at`) VALUES (8, 'edit_menus', 'menus', '2018-11-14 19:04:17', '2018-11-14 19:04:17');
INSERT INTO `permissions` (`id`, `key`, `table_name`, `created_at`, `updated_at`) VALUES (9, 'add_menus', 'menus', '2018-11-14 19:04:17', '2018-11-14 19:04:17');
INSERT INTO `permissions` (`id`, `key`, `table_name`, `created_at`, `updated_at`) VALUES (10, 'delete_menus', 'menus', '2018-11-14 19:04:17', '2018-11-14 19:04:17');
INSERT INTO `permissions` (`id`, `key`, `table_name`, `created_at`, `updated_at`) VALUES (11, 'browse_roles', 'roles', '2018-11-14 19:04:17', '2018-11-14 19:04:17');
INSERT INTO `permissions` (`id`, `key`, `table_name`, `created_at`, `updated_at`) VALUES (12, 'read_roles', 'roles', '2018-11-14 19:04:17', '2018-11-14 19:04:17');
INSERT INTO `permissions` (`id`, `key`, `table_name`, `created_at`, `updated_at`) VALUES (13, 'edit_roles', 'roles', '2018-11-14 19:04:17', '2018-11-14 19:04:17');
INSERT INTO `permissions` (`id`, `key`, `table_name`, `created_at`, `updated_at`) VALUES (14, 'add_roles', 'roles', '2018-11-14 19:04:18', '2018-11-14 19:04:18');
INSERT INTO `permissions` (`id`, `key`, `table_name`, `created_at`, `updated_at`) VALUES (15, 'delete_roles', 'roles', '2018-11-14 19:04:18', '2018-11-14 19:04:18');
INSERT INTO `permissions` (`id`, `key`, `table_name`, `created_at`, `updated_at`) VALUES (16, 'browse_users', 'users', '2018-11-14 19:04:18', '2018-11-14 19:04:18');
INSERT INTO `permissions` (`id`, `key`, `table_name`, `created_at`, `updated_at`) VALUES (17, 'read_users', 'users', '2018-11-14 19:04:18', '2018-11-14 19:04:18');
INSERT INTO `permissions` (`id`, `key`, `table_name`, `created_at`, `updated_at`) VALUES (18, 'edit_users', 'users', '2018-11-14 19:04:18', '2018-11-14 19:04:18');
INSERT INTO `permissions` (`id`, `key`, `table_name`, `created_at`, `updated_at`) VALUES (19, 'add_users', 'users', '2018-11-14 19:04:18', '2018-11-14 19:04:18');
INSERT INTO `permissions` (`id`, `key`, `table_name`, `created_at`, `updated_at`) VALUES (20, 'delete_users', 'users', '2018-11-14 19:04:18', '2018-11-14 19:04:18');
INSERT INTO `permissions` (`id`, `key`, `table_name`, `created_at`, `updated_at`) VALUES (21, 'browse_settings', 'settings', '2018-11-14 19:04:18', '2018-11-14 19:04:18');
INSERT INTO `permissions` (`id`, `key`, `table_name`, `created_at`, `updated_at`) VALUES (22, 'read_settings', 'settings', '2018-11-14 19:04:18', '2018-11-14 19:04:18');
INSERT INTO `permissions` (`id`, `key`, `table_name`, `created_at`, `updated_at`) VALUES (23, 'edit_settings', 'settings', '2018-11-14 19:04:18', '2018-11-14 19:04:18');
INSERT INTO `permissions` (`id`, `key`, `table_name`, `created_at`, `updated_at`) VALUES (24, 'add_settings', 'settings', '2018-11-14 19:04:18', '2018-11-14 19:04:18');
INSERT INTO `permissions` (`id`, `key`, `table_name`, `created_at`, `updated_at`) VALUES (25, 'delete_settings', 'settings', '2018-11-14 19:04:18', '2018-11-14 19:04:18');
INSERT INTO `permissions` (`id`, `key`, `table_name`, `created_at`, `updated_at`) VALUES (26, 'browse_hooks', NULL, '2018-11-14 19:04:21', '2018-11-14 19:04:21');
INSERT INTO `permissions` (`id`, `key`, `table_name`, `created_at`, `updated_at`) VALUES (27, 'browse_umami_spine', 'umami_spine', '2018-11-15 20:39:02', '2018-11-15 20:39:02');
INSERT INTO `permissions` (`id`, `key`, `table_name`, `created_at`, `updated_at`) VALUES (28, 'read_umami_spine', 'umami_spine', '2018-11-15 20:39:02', '2018-11-15 20:39:02');
INSERT INTO `permissions` (`id`, `key`, `table_name`, `created_at`, `updated_at`) VALUES (29, 'edit_umami_spine', 'umami_spine', '2018-11-15 20:39:02', '2018-11-15 20:39:02');
INSERT INTO `permissions` (`id`, `key`, `table_name`, `created_at`, `updated_at`) VALUES (30, 'add_umami_spine', 'umami_spine', '2018-11-15 20:39:02', '2018-11-15 20:39:02');
INSERT INTO `permissions` (`id`, `key`, `table_name`, `created_at`, `updated_at`) VALUES (31, 'delete_umami_spine', 'umami_spine', '2018-11-15 20:39:02', '2018-11-15 20:39:02');
INSERT INTO `permissions` (`id`, `key`, `table_name`, `created_at`, `updated_at`) VALUES (32, 'browse_umami_timetrack', 'umami_timetrack', '2018-11-19 12:19:21', '2018-11-19 12:19:21');
INSERT INTO `permissions` (`id`, `key`, `table_name`, `created_at`, `updated_at`) VALUES (33, 'read_umami_timetrack', 'umami_timetrack', '2018-11-19 12:19:21', '2018-11-19 12:19:21');
INSERT INTO `permissions` (`id`, `key`, `table_name`, `created_at`, `updated_at`) VALUES (34, 'edit_umami_timetrack', 'umami_timetrack', '2018-11-19 12:19:21', '2018-11-19 12:19:21');
INSERT INTO `permissions` (`id`, `key`, `table_name`, `created_at`, `updated_at`) VALUES (35, 'add_umami_timetrack', 'umami_timetrack', '2018-11-19 12:19:21', '2018-11-19 12:19:21');
INSERT INTO `permissions` (`id`, `key`, `table_name`, `created_at`, `updated_at`) VALUES (36, 'delete_umami_timetrack', 'umami_timetrack', '2018-11-19 12:19:21', '2018-11-19 12:19:21');
INSERT INTO `permissions` (`id`, `key`, `table_name`, `created_at`, `updated_at`) VALUES (37, 'browse_mod789_users', 'mod789_users', '2018-11-19 13:29:38', '2018-11-19 13:29:38');
INSERT INTO `permissions` (`id`, `key`, `table_name`, `created_at`, `updated_at`) VALUES (38, 'read_mod789_users', 'mod789_users', '2018-11-19 13:29:38', '2018-11-19 13:29:38');
INSERT INTO `permissions` (`id`, `key`, `table_name`, `created_at`, `updated_at`) VALUES (39, 'edit_mod789_users', 'mod789_users', '2018-11-19 13:29:38', '2018-11-19 13:29:38');
INSERT INTO `permissions` (`id`, `key`, `table_name`, `created_at`, `updated_at`) VALUES (40, 'add_mod789_users', 'mod789_users', '2018-11-19 13:29:38', '2018-11-19 13:29:38');
INSERT INTO `permissions` (`id`, `key`, `table_name`, `created_at`, `updated_at`) VALUES (41, 'delete_mod789_users', 'mod789_users', '2018-11-19 13:29:38', '2018-11-19 13:29:38');
INSERT INTO `permissions` (`id`, `key`, `table_name`, `created_at`, `updated_at`) VALUES (42, 'browse_ub_corrispettivi', 'ub_corrispettivi', '2019-01-03 02:14:02', '2019-01-03 02:14:02');
INSERT INTO `permissions` (`id`, `key`, `table_name`, `created_at`, `updated_at`) VALUES (43, 'read_ub_corrispettivi', 'ub_corrispettivi', '2019-01-03 02:14:02', '2019-01-03 02:14:02');
INSERT INTO `permissions` (`id`, `key`, `table_name`, `created_at`, `updated_at`) VALUES (44, 'edit_ub_corrispettivi', 'ub_corrispettivi', '2019-01-03 02:14:02', '2019-01-03 02:14:02');
INSERT INTO `permissions` (`id`, `key`, `table_name`, `created_at`, `updated_at`) VALUES (45, 'add_ub_corrispettivi', 'ub_corrispettivi', '2019-01-03 02:14:02', '2019-01-03 02:14:02');
INSERT INTO `permissions` (`id`, `key`, `table_name`, `created_at`, `updated_at`) VALUES (46, 'delete_ub_corrispettivi', 'ub_corrispettivi', '2019-01-03 02:14:02', '2019-01-03 02:14:02');
INSERT INTO `permissions` (`id`, `key`, `table_name`, `created_at`, `updated_at`) VALUES (47, 'browse_ub_tavoli', 'ub_tavoli', '2019-01-19 13:05:23', '2019-01-19 13:05:23');
INSERT INTO `permissions` (`id`, `key`, `table_name`, `created_at`, `updated_at`) VALUES (48, 'read_ub_tavoli', 'ub_tavoli', '2019-01-19 13:05:23', '2019-01-19 13:05:23');
INSERT INTO `permissions` (`id`, `key`, `table_name`, `created_at`, `updated_at`) VALUES (49, 'edit_ub_tavoli', 'ub_tavoli', '2019-01-19 13:05:23', '2019-01-19 13:05:23');
INSERT INTO `permissions` (`id`, `key`, `table_name`, `created_at`, `updated_at`) VALUES (50, 'add_ub_tavoli', 'ub_tavoli', '2019-01-19 13:05:23', '2019-01-19 13:05:23');
INSERT INTO `permissions` (`id`, `key`, `table_name`, `created_at`, `updated_at`) VALUES (51, 'delete_ub_tavoli', 'ub_tavoli', '2019-01-19 13:05:23', '2019-01-19 13:05:23');
INSERT INTO `permissions` (`id`, `key`, `table_name`, `created_at`, `updated_at`) VALUES (52, 'browse_ub_prenotazioni', 'ub_prenotazioni', '2019-01-19 13:06:35', '2019-01-19 13:06:35');
INSERT INTO `permissions` (`id`, `key`, `table_name`, `created_at`, `updated_at`) VALUES (53, 'read_ub_prenotazioni', 'ub_prenotazioni', '2019-01-19 13:06:35', '2019-01-19 13:06:35');
INSERT INTO `permissions` (`id`, `key`, `table_name`, `created_at`, `updated_at`) VALUES (54, 'edit_ub_prenotazioni', 'ub_prenotazioni', '2019-01-19 13:06:35', '2019-01-19 13:06:35');
INSERT INTO `permissions` (`id`, `key`, `table_name`, `created_at`, `updated_at`) VALUES (55, 'add_ub_prenotazioni', 'ub_prenotazioni', '2019-01-19 13:06:35', '2019-01-19 13:06:35');
INSERT INTO `permissions` (`id`, `key`, `table_name`, `created_at`, `updated_at`) VALUES (56, 'delete_ub_prenotazioni', 'ub_prenotazioni', '2019-01-19 13:06:35', '2019-01-19 13:06:35');
INSERT INTO `permissions` (`id`, `key`, `table_name`, `created_at`, `updated_at`) VALUES (57, 'browse_ub_versamenti', 'ub_versamenti', '2019-04-01 23:05:43', '2019-04-01 23:05:43');
INSERT INTO `permissions` (`id`, `key`, `table_name`, `created_at`, `updated_at`) VALUES (58, 'read_ub_versamenti', 'ub_versamenti', '2019-04-01 23:05:43', '2019-04-01 23:05:43');
INSERT INTO `permissions` (`id`, `key`, `table_name`, `created_at`, `updated_at`) VALUES (59, 'edit_ub_versamenti', 'ub_versamenti', '2019-04-01 23:05:43', '2019-04-01 23:05:43');
INSERT INTO `permissions` (`id`, `key`, `table_name`, `created_at`, `updated_at`) VALUES (60, 'add_ub_versamenti', 'ub_versamenti', '2019-04-01 23:05:43', '2019-04-01 23:05:43');
INSERT INTO `permissions` (`id`, `key`, `table_name`, `created_at`, `updated_at`) VALUES (61, 'delete_ub_versamenti', 'ub_versamenti', '2019-04-01 23:05:43', '2019-04-01 23:05:43');
INSERT INTO `permissions` (`id`, `key`, `table_name`, `created_at`, `updated_at`) VALUES (62, 'browse_ub_movimentiContabili', 'ub_movimentiContabili', '2019-04-01 23:06:55', '2019-04-01 23:06:55');
INSERT INTO `permissions` (`id`, `key`, `table_name`, `created_at`, `updated_at`) VALUES (63, 'read_ub_movimentiContabili', 'ub_movimentiContabili', '2019-04-01 23:06:55', '2019-04-01 23:06:55');
INSERT INTO `permissions` (`id`, `key`, `table_name`, `created_at`, `updated_at`) VALUES (64, 'edit_ub_movimentiContabili', 'ub_movimentiContabili', '2019-04-01 23:06:55', '2019-04-01 23:06:55');
INSERT INTO `permissions` (`id`, `key`, `table_name`, `created_at`, `updated_at`) VALUES (65, 'add_ub_movimentiContabili', 'ub_movimentiContabili', '2019-04-01 23:06:55', '2019-04-01 23:06:55');
INSERT INTO `permissions` (`id`, `key`, `table_name`, `created_at`, `updated_at`) VALUES (66, 'delete_ub_movimentiContabili', 'ub_movimentiContabili', '2019-04-01 23:06:55', '2019-04-01 23:06:55');
INSERT INTO `permissions` (`id`, `key`, `table_name`, `created_at`, `updated_at`) VALUES (67, 'browse_ub_progressivo_cassa', 'ub_progressivo_cassa', '2019-04-08 17:03:05', '2019-04-08 17:03:05');
INSERT INTO `permissions` (`id`, `key`, `table_name`, `created_at`, `updated_at`) VALUES (68, 'read_ub_progressivo_cassa', 'ub_progressivo_cassa', '2019-04-08 17:03:05', '2019-04-08 17:03:05');
INSERT INTO `permissions` (`id`, `key`, `table_name`, `created_at`, `updated_at`) VALUES (69, 'edit_ub_progressivo_cassa', 'ub_progressivo_cassa', '2019-04-08 17:03:05', '2019-04-08 17:03:05');
INSERT INTO `permissions` (`id`, `key`, `table_name`, `created_at`, `updated_at`) VALUES (70, 'add_ub_progressivo_cassa', 'ub_progressivo_cassa', '2019-04-08 17:03:05', '2019-04-08 17:03:05');
INSERT INTO `permissions` (`id`, `key`, `table_name`, `created_at`, `updated_at`) VALUES (71, 'delete_ub_progressivo_cassa', 'ub_progressivo_cassa', '2019-04-08 17:03:05', '2019-04-08 17:03:05');
INSERT INTO `permissions` (`id`, `key`, `table_name`, `created_at`, `updated_at`) VALUES (72, 'browse_ub_progressivo_incassi', 'ub_progressivo_incassi', '2019-04-23 14:13:44', '2019-04-23 14:13:44');
INSERT INTO `permissions` (`id`, `key`, `table_name`, `created_at`, `updated_at`) VALUES (73, 'read_ub_progressivo_incassi', 'ub_progressivo_incassi', '2019-04-23 14:13:44', '2019-04-23 14:13:44');
INSERT INTO `permissions` (`id`, `key`, `table_name`, `created_at`, `updated_at`) VALUES (74, 'edit_ub_progressivo_incassi', 'ub_progressivo_incassi', '2019-04-23 14:13:44', '2019-04-23 14:13:44');
INSERT INTO `permissions` (`id`, `key`, `table_name`, `created_at`, `updated_at`) VALUES (75, 'add_ub_progressivo_incassi', 'ub_progressivo_incassi', '2019-04-23 14:13:44', '2019-04-23 14:13:44');
INSERT INTO `permissions` (`id`, `key`, `table_name`, `created_at`, `updated_at`) VALUES (76, 'delete_ub_progressivo_incassi', 'ub_progressivo_incassi', '2019-04-23 14:13:44', '2019-04-23 14:13:44');
INSERT INTO `permissions` (`id`, `key`, `table_name`, `created_at`, `updated_at`) VALUES (77, 'browse_ub_progressivo_versamenti', 'ub_progressivo_versamenti', '2019-04-23 14:44:41', '2019-04-23 14:44:41');
INSERT INTO `permissions` (`id`, `key`, `table_name`, `created_at`, `updated_at`) VALUES (78, 'read_ub_progressivo_versamenti', 'ub_progressivo_versamenti', '2019-04-23 14:44:41', '2019-04-23 14:44:41');
INSERT INTO `permissions` (`id`, `key`, `table_name`, `created_at`, `updated_at`) VALUES (79, 'edit_ub_progressivo_versamenti', 'ub_progressivo_versamenti', '2019-04-23 14:44:41', '2019-04-23 14:44:41');
INSERT INTO `permissions` (`id`, `key`, `table_name`, `created_at`, `updated_at`) VALUES (80, 'add_ub_progressivo_versamenti', 'ub_progressivo_versamenti', '2019-04-23 14:44:41', '2019-04-23 14:44:41');
INSERT INTO `permissions` (`id`, `key`, `table_name`, `created_at`, `updated_at`) VALUES (81, 'delete_ub_progressivo_versamenti', 'ub_progressivo_versamenti', '2019-04-23 14:44:41', '2019-04-23 14:44:41');
INSERT INTO `permissions` (`id`, `key`, `table_name`, `created_at`, `updated_at`) VALUES (82, 'browse_ub_fondo_cassa', 'ub_fondo_cassa', '2019-04-28 00:59:46', '2019-04-28 00:59:46');
INSERT INTO `permissions` (`id`, `key`, `table_name`, `created_at`, `updated_at`) VALUES (83, 'read_ub_fondo_cassa', 'ub_fondo_cassa', '2019-04-28 00:59:46', '2019-04-28 00:59:46');
INSERT INTO `permissions` (`id`, `key`, `table_name`, `created_at`, `updated_at`) VALUES (84, 'edit_ub_fondo_cassa', 'ub_fondo_cassa', '2019-04-28 00:59:46', '2019-04-28 00:59:46');
INSERT INTO `permissions` (`id`, `key`, `table_name`, `created_at`, `updated_at`) VALUES (85, 'add_ub_fondo_cassa', 'ub_fondo_cassa', '2019-04-28 00:59:46', '2019-04-28 00:59:46');
INSERT INTO `permissions` (`id`, `key`, `table_name`, `created_at`, `updated_at`) VALUES (86, 'delete_ub_fondo_cassa', 'ub_fondo_cassa', '2019-04-28 00:59:46', '2019-04-28 00:59:46');
COMMIT;

-- ----------------------------
-- Table structure for prodotti
-- ----------------------------
CREATE TABLE `prodotti` (
  `id` int(11) NOT NULL,
  `nome` varchar(255) DEFAULT NULL,
  `id_produttore` int(11) DEFAULT NULL,
  `id_fornitore` int(11) DEFAULT NULL,
  `lotto` varchar(255) DEFAULT NULL,
  `id_tipo` int(11) DEFAULT NULL,
  `scadenza` date DEFAULT NULL,
  `shelf_life` date DEFAULT NULL,
  `created_at` datetime DEFAULT NULL,
  `updated_at` datetime DEFAULT NULL,
  `is_active` tinyint(4) DEFAULT NULL,
  PRIMARY KEY (`id`)
) ENGINE=InnoDB DEFAULT CHARSET=latin1 COLLATE=latin1_swedish_ci;

-- ----------------------------
-- Records of prodotti
-- ----------------------------
BEGIN;
COMMIT;

-- ----------------------------
-- Table structure for role_has_permissions
-- ----------------------------
CREATE TABLE `role_has_permissions` (
  `permission_id` bigint(20) unsigned NOT NULL,
  `role_id` bigint(20) unsigned NOT NULL,
  PRIMARY KEY (`permission_id`,`role_id`),
  KEY `role_has_permissions_role_id_foreign` (`role_id`),
  CONSTRAINT `role_has_permissions_permission_id_foreign` FOREIGN KEY (`permission_id`) REFERENCES `umami_permissions` (`id`) ON DELETE CASCADE,
  CONSTRAINT `role_has_permissions_role_id_foreign` FOREIGN KEY (`role_id`) REFERENCES `umami_roles` (`id`) ON DELETE CASCADE
) ENGINE=InnoDB DEFAULT CHARSET=utf8mb4 COLLATE=utf8mb4_unicode_ci;

-- ----------------------------
-- Records of role_has_permissions
-- ----------------------------
BEGIN;
COMMIT;

-- ----------------------------
-- Table structure for roles
-- ----------------------------
CREATE TABLE `roles` (
  `id` int(10) unsigned NOT NULL AUTO_INCREMENT,
  `name` varchar(191) NOT NULL,
  `display_name` varchar(191) NOT NULL,
  `created_at` timestamp NULL DEFAULT NULL,
  `updated_at` timestamp NULL DEFAULT NULL,
  PRIMARY KEY (`id`),
  UNIQUE KEY `roles_name_unique` (`name`)
) ENGINE=InnoDB AUTO_INCREMENT=8 DEFAULT CHARSET=utf8mb4 COLLATE=utf8mb4_unicode_ci;

-- ----------------------------
-- Records of roles
-- ----------------------------
BEGIN;
INSERT INTO `roles` (`id`, `name`, `display_name`, `created_at`, `updated_at`) VALUES (1, 'admin', 'Administrator', '2018-11-14 19:04:17', '2018-11-14 19:04:17');
INSERT INTO `roles` (`id`, `name`, `display_name`, `created_at`, `updated_at`) VALUES (2, 'user', 'Normal User', '2018-11-14 19:04:17', '2018-11-14 19:04:17');
INSERT INTO `roles` (`id`, `name`, `display_name`, `created_at`, `updated_at`) VALUES (3, 'Cameriere', 'Operatore', '2018-11-16 00:11:13', '2018-11-16 00:11:13');
INSERT INTO `roles` (`id`, `name`, `display_name`, `created_at`, `updated_at`) VALUES (4, 'Manager', 'Manager', '2018-11-16 00:11:38', '2018-11-16 00:11:38');
INSERT INTO `roles` (`id`, `name`, `display_name`, `created_at`, `updated_at`) VALUES (5, 'Tirocinante', 'Tirocinante', '2018-11-16 00:11:38', '2018-11-16 00:11:38');
INSERT INTO `roles` (`id`, `name`, `display_name`, `created_at`, `updated_at`) VALUES (6, 'Pulizie', 'Pulizie', NULL, NULL);
INSERT INTO `roles` (`id`, `name`, `display_name`, `created_at`, `updated_at`) VALUES (7, 'Cucina', 'Cucina', '2023-01-02 00:00:00', '2023-01-02 00:00:00');
COMMIT;

-- ----------------------------
-- Table structure for sessions
-- ----------------------------
CREATE TABLE `sessions` (
  `id` varchar(100) NOT NULL,
  `user_id` bigint(20) unsigned DEFAULT NULL,
  `ip_address` varchar(45) DEFAULT NULL,
  `user_agent` text DEFAULT NULL,
  `payload` text NOT NULL,
  `last_activity` int(11) NOT NULL,
  UNIQUE KEY `sessions_id_unique` (`id`)
) ENGINE=InnoDB DEFAULT CHARSET=utf8mb4 COLLATE=utf8mb4_unicode_ci;

-- ----------------------------
-- Records of sessions
-- ----------------------------
BEGIN;
INSERT INTO `sessions` (`id`, `user_id`, `ip_address`, `user_agent`, `payload`, `last_activity`) VALUES ('2Fw7lTbr0Qki0pXxZPGqDywKc7iJLGAfqwUI2ufR', NULL, '74.7.227.189', 'Mozilla/5.0 AppleWebKit/537.36 (KHTML, like Gecko; compatible; GPTBot/1.3; +https://openai.com/gptbot)', 'YTozOntzOjY6Il90b2tlbiI7czo0MDoiV1Zrbmd2M0k4aDltSUN3REgzUTZETDZyRVRZNHBJN00zYkQzNlU0SSI7czo5OiJfcHJldmlvdXMiO2E6MTp7czozOiJ1cmwiO3M6MjQ6Imh0dHBzOi8vbWFuLnVtYW1pYmVlci5pdCI7fXM6NjoiX2ZsYXNoIjthOjI6e3M6Mzoib2xkIjthOjA6e31zOjM6Im5ldyI7YTowOnt9fX0=', 1766783003);
INSERT INTO `sessions` (`id`, `user_id`, `ip_address`, `user_agent`, `payload`, `last_activity`) VALUES ('3xvu96A1UzagdDhVHIvI4sUfiqYcmR3UTl7Vi5Sn', 2, '192.168.1.159', 'Mozilla/5.0 (Windows NT 10.0; Win64; x64) AppleWebKit/537.36 (KHTML, like Gecko) Chrome/143.0.0.0 Safari/537.36 Edg/143.0.0.0', 'YTo0OntzOjY6Il90b2tlbiI7czo0MDoieEZHdnpuamhYamt1R1Y1T1dyUURvYWoyaEp2SnBvU2tFa3V6RFRYcyI7czo1MDoibG9naW5fd2ViXzU5YmEzNmFkZGMyYjJmOTQwMTU4MGYwMTRjN2Y1OGVhNGUzMDk4OWQiO2k6MjtzOjk6Il9wcmV2aW91cyI7YToxOntzOjM6InVybCI7czoyOToiaHR0cHM6Ly9tYW4udW1hbWliZWVyLml0L2hvbWUiO31zOjY6Il9mbGFzaCI7YToyOntzOjM6Im9sZCI7YTowOnt9czozOiJuZXciO2E6MDp7fX19', 1766609624);
INSERT INTO `sessions` (`id`, `user_id`, `ip_address`, `user_agent`, `payload`, `last_activity`) VALUES ('99uHr2SV39b4nUNFFRKt6ZcMo6Km3yY6JovqkXka', NULL, '85.208.96.194', 'Mozilla/5.0 (compatible; SemrushBot/7~bl; +http://www.semrush.com/bot.html)', 'YTozOntzOjY6Il90b2tlbiI7czo0MDoiWGJtNnUwem9iMDg1U2hvZmhxU0hMZkkzRnZFWE5TVXBJeFVwRkE0cCI7czo5OiJfcHJldmlvdXMiO2E6MTp7czozOiJ1cmwiO3M6MzI6Imh0dHBzOi8vbWFuLnVtYW1pYmVlci5pdC9jb29raWVzIjt9czo2OiJfZmxhc2giO2E6Mjp7czozOiJvbGQiO2E6MDp7fXM6MzoibmV3IjthOjA6e319fQ==', 1766725695);
INSERT INTO `sessions` (`id`, `user_id`, `ip_address`, `user_agent`, `payload`, `last_activity`) VALUES ('EgCHeyF1fceKejHdw3wadnxn0vy2h945kTWWMCbI', 4, '192.168.2.1', 'Mozilla/5.0 (Macintosh; Intel Mac OS X 10.15; rv:146.0) Gecko/20100101 Firefox/146.0', 'YTo0OntzOjY6Il90b2tlbiI7czo0MDoiQlhvT3FjZTkxTFRGMW9VTThIbVZPeEN4b3NGRWxXU0tPdGhPUEJ4biI7czo1MDoibG9naW5fd2ViXzU5YmEzNmFkZGMyYjJmOTQwMTU4MGYwMTRjN2Y1OGVhNGUzMDk4OWQiO2k6NDtzOjY6Il9mbGFzaCI7YToyOntzOjM6Im9sZCI7YTowOnt9czozOiJuZXciO2E6MDp7fX1zOjk6Il9wcmV2aW91cyI7YToxOntzOjM6InVybCI7czoyOToiaHR0cHM6Ly9tYW4udW1hbWliZWVyLml0L2hvbWUiO319', 1766758649);
INSERT INTO `sessions` (`id`, `user_id`, `ip_address`, `user_agent`, `payload`, `last_activity`) VALUES ('LBlQTD2dGtjOU8datWXKeJeXN3ToSX1DuhewOCM4', NULL, '98.84.1.175', 'RecordedFuture Global Inventory Crawler', 'YTozOntzOjY6Il90b2tlbiI7czo0MDoiRko1cExsU202b0F0bm03ZHBmM3BsWDJzZmlDcnZyZkJCd0E4RWRXbSI7czo5OiJfcHJldmlvdXMiO2E6MTp7czozOiJ1cmwiO3M6MjQ6Imh0dHBzOi8vbWFuLnVtYW1pYmVlci5pdCI7fXM6NjoiX2ZsYXNoIjthOjI6e3M6Mzoib2xkIjthOjA6e31zOjM6Im5ldyI7YTowOnt9fX0=', 1766741799);
INSERT INTO `sessions` (`id`, `user_id`, `ip_address`, `user_agent`, `payload`, `last_activity`) VALUES ('lStTEq6cSZ50BImIGrNO9qlWiSuLm249vfuHXJRF', 2, '192.168.1.159', 'Mozilla/5.0 (Windows NT 10.0; Win64; x64) AppleWebKit/537.36 (KHTML, like Gecko) Chrome/143.0.0.0 Safari/537.36 Edg/143.0.0.0', 'YTo0OntzOjY6Il90b2tlbiI7czo0MDoiM1haclIwRFl0Z0E5d0ZnaG1DWjV1NGFsa2RFYTRDdmlnaVZqeWxTYSI7czo1MDoibG9naW5fd2ViXzU5YmEzNmFkZGMyYjJmOTQwMTU4MGYwMTRjN2Y1OGVhNGUzMDk4OWQiO2k6MjtzOjk6Il9wcmV2aW91cyI7YToxOntzOjM6InVybCI7czoyOToiaHR0cHM6Ly9tYW4udW1hbWliZWVyLml0L2hvbWUiO31zOjY6Il9mbGFzaCI7YToyOntzOjM6Im9sZCI7YTowOnt9czozOiJuZXciO2E6MDp7fX19', 1766625444);
INSERT INTO `sessions` (`id`, `user_id`, `ip_address`, `user_agent`, `payload`, `last_activity`) VALUES ('VvrQ1wFSE1yRmK6CM3etiIqqfiGaLWEHCLODu85m', NULL, '34.91.100.6', 'Scrapy/2.13.4 (+https://scrapy.org)', 'YTozOntzOjY6Il90b2tlbiI7czo0MDoiTXFoM00xeEJxc0dwYm1hdmhlN0pBY2VrVmc2dFlQRzJBeFI5NFhENiI7czo5OiJfcHJldmlvdXMiO2E6MTp7czozOiJ1cmwiO3M6MjQ6Imh0dHBzOi8vbWFuLnVtYW1pYmVlci5pdCI7fXM6NjoiX2ZsYXNoIjthOjI6e3M6Mzoib2xkIjthOjA6e31zOjM6Im5ldyI7YTowOnt9fX0=', 1766764278);
INSERT INTO `sessions` (`id`, `user_id`, `ip_address`, `user_agent`, `payload`, `last_activity`) VALUES ('ypPXz4IqcoykQ4JyIAwyOV3xB6g909iExDICEl5H', 2, '192.168.1.159', 'Mozilla/5.0 (Windows NT 10.0; Win64; x64) AppleWebKit/537.36 (KHTML, like Gecko) Chrome/143.0.0.0 Safari/537.36 Edg/143.0.0.0', 'YTo0OntzOjY6Il90b2tlbiI7czo0MDoiV3dGYTlLMXd0S0tZbHBWWkREaFR1SERPZkRaR1FUaVRzMU9uUkdzbiI7czo1MDoibG9naW5fd2ViXzU5YmEzNmFkZGMyYjJmOTQwMTU4MGYwMTRjN2Y1OGVhNGUzMDk4OWQiO2k6MjtzOjk6Il9wcmV2aW91cyI7YToxOntzOjM6InVybCI7czozNzoiaHR0cHM6Ly9tYW4udW1hbWliZWVyLml0L0RyaW5rTWFuYWdlciI7fXM6NjoiX2ZsYXNoIjthOjI6e3M6Mzoib2xkIjthOjA6e31zOjM6Im5ldyI7YTowOnt9fX0=', 1766625522);
COMMIT;

-- ----------------------------
-- Table structure for settings
-- ----------------------------
CREATE TABLE `settings` (
  `id` int(10) unsigned NOT NULL AUTO_INCREMENT,
  `key` varchar(191) NOT NULL,
  `display_name` varchar(191) NOT NULL,
  `value` text DEFAULT NULL,
  `details` text DEFAULT NULL,
  `type` varchar(191) NOT NULL,
  `order` int(11) NOT NULL DEFAULT 1,
  `group` varchar(191) DEFAULT NULL,
  PRIMARY KEY (`id`),
  UNIQUE KEY `settings_key_unique` (`key`)
) ENGINE=InnoDB AUTO_INCREMENT=11 DEFAULT CHARSET=utf8mb4 COLLATE=utf8mb4_unicode_ci;

-- ----------------------------
-- Records of settings
-- ----------------------------
BEGIN;
INSERT INTO `settings` (`id`, `key`, `display_name`, `value`, `details`, `type`, `order`, `group`) VALUES (1, 'site.title', 'Site Title', 'Gestione Umami Beer', '', 'text', 1, 'Site');
INSERT INTO `settings` (`id`, `key`, `display_name`, `value`, `details`, `type`, `order`, `group`) VALUES (2, 'site.description', 'Site Description', 'Gestione Umami Beer', '', 'text', 2, 'Site');
INSERT INTO `settings` (`id`, `key`, `display_name`, `value`, `details`, `type`, `order`, `group`) VALUES (3, 'site.logo', 'Site Logo', 'settings/November2018/56LIejVYKUNN5fJjzIeF.png', '', 'image', 3, 'Site');
INSERT INTO `settings` (`id`, `key`, `display_name`, `value`, `details`, `type`, `order`, `group`) VALUES (4, 'admin.google_analytics_tracking_id', 'Google Analytics Tracking ID', 'UA-126207657-1', '', 'text', 4, 'Admin');
INSERT INTO `settings` (`id`, `key`, `display_name`, `value`, `details`, `type`, `order`, `group`) VALUES (5, 'admin.bg_image', 'Admin Background Image', 'settings/November2018/sRTtmGyyMzGXCxCDBpgl.png', '', 'image', 5, 'Admin');
INSERT INTO `settings` (`id`, `key`, `display_name`, `value`, `details`, `type`, `order`, `group`) VALUES (6, 'admin.title', 'Admin Title', 'Umamami Beer :: Gestionale', '', 'text', 1, 'Admin');
INSERT INTO `settings` (`id`, `key`, `display_name`, `value`, `details`, `type`, `order`, `group`) VALUES (7, 'admin.description', 'Admin Description', 'Benvenuto nel gestionale di Umami Beer', '', 'text', 2, 'Admin');
INSERT INTO `settings` (`id`, `key`, `display_name`, `value`, `details`, `type`, `order`, `group`) VALUES (8, 'admin.loader', 'Admin Loader', 'settings/November2018/hjzoSvjESoqoHIKHu0NN.png', '', 'image', 3, 'Admin');
INSERT INTO `settings` (`id`, `key`, `display_name`, `value`, `details`, `type`, `order`, `group`) VALUES (9, 'admin.icon_image', 'Admin Icon Image', 'settings/November2018/alrI6mMPfB9wzRyY29oO.png', '', 'image', 4, 'Admin');
INSERT INTO `settings` (`id`, `key`, `display_name`, `value`, `details`, `type`, `order`, `group`) VALUES (10, 'admin.google_analytics_client_id', 'Google Analytics Client ID (used for admin dashboard)', 'UA-126207657-1', '', 'text', 1, 'Admin');
COMMIT;

-- ----------------------------
-- Table structure for translations
-- ----------------------------
CREATE TABLE `translations` (
  `id` int(10) unsigned NOT NULL AUTO_INCREMENT,
  `table_name` varchar(191) NOT NULL,
  `column_name` varchar(191) NOT NULL,
  `foreign_key` int(10) unsigned NOT NULL,
  `locale` varchar(191) NOT NULL,
  `value` text NOT NULL,
  `created_at` timestamp NULL DEFAULT NULL,
  `updated_at` timestamp NULL DEFAULT NULL,
  PRIMARY KEY (`id`),
  UNIQUE KEY `translations_table_name_column_name_foreign_key_locale_unique` (`table_name`,`column_name`,`foreign_key`,`locale`)
) ENGINE=InnoDB DEFAULT CHARSET=utf8mb4 COLLATE=utf8mb4_unicode_ci;

-- ----------------------------
-- Records of translations
-- ----------------------------
BEGIN;
COMMIT;

-- ----------------------------
-- Table structure for truck_delivery_orders
-- ----------------------------
CREATE TABLE `truck_delivery_orders` (
  `id` int(10) unsigned NOT NULL AUTO_INCREMENT,
  `name` varchar(255) DEFAULT NULL,
  `date` date DEFAULT NULL,
  `hours` time DEFAULT NULL,
  `user_detail_id` int(11) DEFAULT NULL,
  `reservation_id` int(11) DEFAULT NULL,
  `user_id` int(11) DEFAULT NULL,
  `type` varchar(50) DEFAULT NULL,
  `group_id` tinyint(4) DEFAULT 0,
  `delivery_package` float(10,2) DEFAULT NULL,
  `group` varchar(255) DEFAULT NULL,
  `order` tinyint(4) DEFAULT NULL,
  `due_at` time DEFAULT NULL,
  `table` varchar(20) DEFAULT NULL,
  `assigned_to` varchar(80) DEFAULT NULL,
  `total_amount` float(10,2) DEFAULT NULL,
  `province` varchar(255) DEFAULT NULL,
  `note` text DEFAULT NULL,
  `localita` varchar(255) DEFAULT NULL,
  `city` varchar(255) DEFAULT NULL,
  `address` varchar(255) DEFAULT NULL,
  `cap` varchar(255) DEFAULT NULL,
  `phone` varchar(255) DEFAULT NULL,
  `metodoPagamento` varchar(255) DEFAULT NULL,
  `status` tinyint(4) DEFAULT NULL,
  `created_at` datetime DEFAULT NULL,
  `updated_at` datetime DEFAULT NULL,
  `is_active` tinyint(4) DEFAULT NULL,
  PRIMARY KEY (`id`)
) ENGINE=InnoDB DEFAULT CHARSET=utf8mb4 COLLATE=utf8mb4_unicode_ci;

-- ----------------------------
-- Records of truck_delivery_orders
-- ----------------------------
BEGIN;
COMMIT;

-- ----------------------------
-- Table structure for ub_autocertificazioni_covid
-- ----------------------------
CREATE TABLE `ub_autocertificazioni_covid` (
  `id` int(11) NOT NULL AUTO_INCREMENT,
  `data` date DEFAULT NULL,
  `ora` datetime DEFAULT NULL,
  `tipoSpostamento` tinyint(4) DEFAULT NULL,
  `descrizioneSpostamento` text DEFAULT NULL,
  `created_at` datetime DEFAULT NULL,
  `updated_at` datetime DEFAULT NULL,
  `is_active` tinyint(4) DEFAULT NULL,
  PRIMARY KEY (`id`)
) ENGINE=InnoDB DEFAULT CHARSET=utf8mb4 COLLATE=utf8mb4_general_ci;

-- ----------------------------
-- Records of ub_autocertificazioni_covid
-- ----------------------------
BEGIN;
COMMIT;

-- ----------------------------
-- Table structure for ub_buoni
-- ----------------------------
CREATE TABLE `ub_buoni` (
  `id` int(11) NOT NULL AUTO_INCREMENT,
  `seriale` varchar(64) NOT NULL,
  `data` date NOT NULL,
  `scadenza` date DEFAULT NULL,
  `dapartedi` varchar(255) NOT NULL,
  `destinatario` varchar(255) NOT NULL,
  `importo` float NOT NULL,
  `messaggio` varchar(255) NOT NULL,
  `created_at` datetime NOT NULL,
  `updated_at` datetime NOT NULL,
  `stato` tinyint(4) NOT NULL DEFAULT 0,
  `is_active` tinyint(4) NOT NULL DEFAULT 1,
  PRIMARY KEY (`id`)
) ENGINE=InnoDB DEFAULT CHARSET=latin1 COLLATE=latin1_swedish_ci;

-- ----------------------------
-- Records of ub_buoni
-- ----------------------------
BEGIN;
COMMIT;

-- ----------------------------
-- Table structure for ub_corrispettivi
-- ----------------------------
CREATE TABLE `ub_corrispettivi` (
  `id` int(11) NOT NULL AUTO_INCREMENT,
  `data` date NOT NULL,
  `corrispettivo` decimal(15,2) DEFAULT NULL,
  `pos` decimal(15,2) DEFAULT NULL,
  `posBanca` decimal(15,2) NOT NULL DEFAULT 0.00,
  `satispay` decimal(15,2) unsigned NOT NULL DEFAULT 0.00,
  `sumup` decimal(15,2) NOT NULL DEFAULT 0.00,
  `totale` decimal(15,2) DEFAULT 0.00,
  `fatture` decimal(15,2) DEFAULT NULL,
  `fattureContante` decimal(15,2) NOT NULL DEFAULT 0.00,
  `fatturePOS` decimal(15,2) NOT NULL DEFAULT 0.00,
  `note` varchar(255) DEFAULT NULL,
  `created_at` datetime DEFAULT NULL,
  `updated_at` datetime DEFAULT NULL,
  `sign` int(11) DEFAULT NULL,
  `is_active` tinyint(4) unsigned DEFAULT 1,
  PRIMARY KEY (`id`),
  UNIQUE KEY `DataUnica` (`data`,`is_active`) USING BTREE
) ENGINE=InnoDB AUTO_INCREMENT=3322 DEFAULT CHARSET=latin1 COLLATE=latin1_swedish_ci;

-- ----------------------------
-- Records of ub_corrispettivi
-- ----------------------------
BEGIN;
INSERT INTO `ub_corrispettivi` (`id`, `data`, `corrispettivo`, `pos`, `posBanca`, `satispay`, `sumup`, `totale`, `fatture`, `fattureContante`, `fatturePOS`, `note`, `created_at`, `updated_at`, `sign`, `is_active`) VALUES (1, '2017-08-01', 818.00, 491.00, 0.00, 0.00, 0.00, 1041.00, 35.50, 0.00, 0.00, NULL, NULL, NULL, NULL, 1);
INSERT INTO `ub_corrispettivi` (`id`, `data`, `corrispettivo`, `pos`, `posBanca`, `satispay`, `sumup`, `totale`, `fatture`, `fattureContante`, `fatturePOS`, `note`, `created_at`, `updated_at`, `sign`, `is_active`) VALUES (2, '2017-08-02', 830.50, 330.00, 0.00, 0.00, 0.00, 920.00, 0.00, 0.00, 0.00, NULL, NULL, NULL, NULL, 1);
INSERT INTO `ub_corrispettivi` (`id`, `data`, `corrispettivo`, `pos`, `posBanca`, `satispay`, `sumup`, `totale`, `fatture`, `fattureContante`, `fatturePOS`, `note`, `created_at`, `updated_at`, `sign`, `is_active`) VALUES (3, '2017-08-03', 937.00, 394.00, 0.00, 0.00, 0.00, 1369.00, 0.00, 0.00, 0.00, NULL, NULL, NULL, NULL, 1);
INSERT INTO `ub_corrispettivi` (`id`, `data`, `corrispettivo`, `pos`, `posBanca`, `satispay`, `sumup`, `totale`, `fatture`, `fattureContante`, `fatturePOS`, `note`, `created_at`, `updated_at`, `sign`, `is_active`) VALUES (4, '2017-08-04', 1109.50, 376.50, 0.00, 0.00, 0.00, 1281.50, 0.00, 0.00, 0.00, NULL, NULL, NULL, NULL, 1);
INSERT INTO `ub_corrispettivi` (`id`, `data`, `corrispettivo`, `pos`, `posBanca`, `satispay`, `sumup`, `totale`, `fatture`, `fattureContante`, `fatturePOS`, `note`, `created_at`, `updated_at`, `sign`, `is_active`) VALUES (5, '2017-08-05', 708.50, 425.00, 0.00, 0.00, 0.00, 925.00, 125.50, 0.00, 0.00, NULL, NULL, NULL, NULL, 1);
INSERT INTO `ub_corrispettivi` (`id`, `data`, `corrispettivo`, `pos`, `posBanca`, `satispay`, `sumup`, `totale`, `fatture`, `fattureContante`, `fatturePOS`, `note`, `created_at`, `updated_at`, `sign`, `is_active`) VALUES (6, '2017-08-06', 860.50, 328.00, 0.00, 0.00, 0.00, 957.50, 0.00, 0.00, 0.00, NULL, NULL, NULL, NULL, 1);
INSERT INTO `ub_corrispettivi` (`id`, `data`, `corrispettivo`, `pos`, `posBanca`, `satispay`, `sumup`, `totale`, `fatture`, `fattureContante`, `fatturePOS`, `note`, `created_at`, `updated_at`, `sign`, `is_active`) VALUES (7, '2017-08-07', 766.50, 411.50, 0.00, 0.00, 0.00, 814.50, 0.00, 0.00, 0.00, NULL, NULL, NULL, NULL, 1);
INSERT INTO `ub_corrispettivi` (`id`, `data`, `corrispettivo`, `pos`, `posBanca`, `satispay`, `sumup`, `totale`, `fatture`, `fattureContante`, `fatturePOS`, `note`, `created_at`, `updated_at`, `sign`, `is_active`) VALUES (8, '2017-08-08', 1054.00, 620.00, 0.00, 0.00, 0.00, 1177.00, 0.00, 0.00, 0.00, NULL, NULL, NULL, NULL, 1);
INSERT INTO `ub_corrispettivi` (`id`, `data`, `corrispettivo`, `pos`, `posBanca`, `satispay`, `sumup`, `totale`, `fatture`, `fattureContante`, `fatturePOS`, `note`, `created_at`, `updated_at`, `sign`, `is_active`) VALUES (9, '2017-08-09', 945.50, 231.50, 0.00, 0.00, 0.00, 1076.50, 60.00, 0.00, 0.00, NULL, NULL, NULL, NULL, 1);
INSERT INTO `ub_corrispettivi` (`id`, `data`, `corrispettivo`, `pos`, `posBanca`, `satispay`, `sumup`, `totale`, `fatture`, `fattureContante`, `fatturePOS`, `note`, `created_at`, `updated_at`, `sign`, `is_active`) VALUES (10, '2017-08-10', 1164.00, 477.00, 0.00, 0.00, 0.00, 1140.00, 0.00, 0.00, 0.00, NULL, NULL, NULL, NULL, 1);
INSERT INTO `ub_corrispettivi` (`id`, `data`, `corrispettivo`, `pos`, `posBanca`, `satispay`, `sumup`, `totale`, `fatture`, `fattureContante`, `fatturePOS`, `note`, `created_at`, `updated_at`, `sign`, `is_active`) VALUES (11, '2017-08-11', 993.00, 499.00, 0.00, 0.00, 0.00, 1175.50, 36.50, 0.00, 0.00, NULL, NULL, NULL, NULL, 1);
INSERT INTO `ub_corrispettivi` (`id`, `data`, `corrispettivo`, `pos`, `posBanca`, `satispay`, `sumup`, `totale`, `fatture`, `fattureContante`, `fatturePOS`, `note`, `created_at`, `updated_at`, `sign`, `is_active`) VALUES (12, '2017-08-12', 1432.50, 264.00, 0.00, 0.00, 0.00, 1634.00, 0.00, 0.00, 0.00, NULL, NULL, NULL, NULL, 1);
INSERT INTO `ub_corrispettivi` (`id`, `data`, `corrispettivo`, `pos`, `posBanca`, `satispay`, `sumup`, `totale`, `fatture`, `fattureContante`, `fatturePOS`, `note`, `created_at`, `updated_at`, `sign`, `is_active`) VALUES (13, '2017-08-13', 711.00, 254.50, 0.00, 0.00, 0.00, 797.50, 0.00, 0.00, 0.00, NULL, NULL, NULL, NULL, 1);
INSERT INTO `ub_corrispettivi` (`id`, `data`, `corrispettivo`, `pos`, `posBanca`, `satispay`, `sumup`, `totale`, `fatture`, `fattureContante`, `fatturePOS`, `note`, `created_at`, `updated_at`, `sign`, `is_active`) VALUES (14, '2017-08-14', 934.50, 289.50, 0.00, 0.00, 0.00, 1044.50, 0.00, 0.00, 0.00, NULL, NULL, NULL, NULL, 1);
INSERT INTO `ub_corrispettivi` (`id`, `data`, `corrispettivo`, `pos`, `posBanca`, `satispay`, `sumup`, `totale`, `fatture`, `fattureContante`, `fatturePOS`, `note`, `created_at`, `updated_at`, `sign`, `is_active`) VALUES (15, '2017-08-15', 924.50, 272.00, 0.00, 0.00, 0.00, 1117.50, 96.00, 0.00, 0.00, NULL, NULL, NULL, NULL, 1);
INSERT INTO `ub_corrispettivi` (`id`, `data`, `corrispettivo`, `pos`, `posBanca`, `satispay`, `sumup`, `totale`, `fatture`, `fattureContante`, `fatturePOS`, `note`, `created_at`, `updated_at`, `sign`, `is_active`) VALUES (16, '2017-08-16', 631.50, 268.50, 0.00, 0.00, 0.00, 757.00, 0.00, 0.00, 0.00, NULL, NULL, NULL, NULL, 1);
INSERT INTO `ub_corrispettivi` (`id`, `data`, `corrispettivo`, `pos`, `posBanca`, `satispay`, `sumup`, `totale`, `fatture`, `fattureContante`, `fatturePOS`, `note`, `created_at`, `updated_at`, `sign`, `is_active`) VALUES (17, '2017-08-17', 1197.00, 495.50, 0.00, 0.00, 0.00, 1400.00, 0.00, 0.00, 0.00, NULL, NULL, NULL, NULL, 1);
INSERT INTO `ub_corrispettivi` (`id`, `data`, `corrispettivo`, `pos`, `posBanca`, `satispay`, `sumup`, `totale`, `fatture`, `fattureContante`, `fatturePOS`, `note`, `created_at`, `updated_at`, `sign`, `is_active`) VALUES (18, '2017-08-18', 1272.50, 545.00, 0.00, 0.00, 0.00, 1461.00, 0.00, 0.00, 0.00, NULL, NULL, NULL, NULL, 1);
INSERT INTO `ub_corrispettivi` (`id`, `data`, `corrispettivo`, `pos`, `posBanca`, `satispay`, `sumup`, `totale`, `fatture`, `fattureContante`, `fatturePOS`, `note`, `created_at`, `updated_at`, `sign`, `is_active`) VALUES (19, '2017-08-19', 1130.00, 403.50, 0.00, 0.00, 0.00, 1139.50, 0.00, 0.00, 0.00, NULL, NULL, NULL, NULL, 1);
INSERT INTO `ub_corrispettivi` (`id`, `data`, `corrispettivo`, `pos`, `posBanca`, `satispay`, `sumup`, `totale`, `fatture`, `fattureContante`, `fatturePOS`, `note`, `created_at`, `updated_at`, `sign`, `is_active`) VALUES (20, '2017-08-20', 1306.50, 375.00, 0.00, 0.00, 0.00, 1522.00, 146.50, 0.00, 0.00, NULL, NULL, NULL, NULL, 1);
INSERT INTO `ub_corrispettivi` (`id`, `data`, `corrispettivo`, `pos`, `posBanca`, `satispay`, `sumup`, `totale`, `fatture`, `fattureContante`, `fatturePOS`, `note`, `created_at`, `updated_at`, `sign`, `is_active`) VALUES (21, '2017-08-21', 515.50, 294.50, 0.00, 0.00, 0.00, 630.00, 0.00, 0.00, 0.00, NULL, NULL, NULL, NULL, 1);
INSERT INTO `ub_corrispettivi` (`id`, `data`, `corrispettivo`, `pos`, `posBanca`, `satispay`, `sumup`, `totale`, `fatture`, `fattureContante`, `fatturePOS`, `note`, `created_at`, `updated_at`, `sign`, `is_active`) VALUES (22, '2017-08-22', 1135.50, 640.00, 0.00, 0.00, 0.00, 1366.00, 58.50, 0.00, 0.00, NULL, NULL, NULL, NULL, 1);
INSERT INTO `ub_corrispettivi` (`id`, `data`, `corrispettivo`, `pos`, `posBanca`, `satispay`, `sumup`, `totale`, `fatture`, `fattureContante`, `fatturePOS`, `note`, `created_at`, `updated_at`, `sign`, `is_active`) VALUES (23, '2017-08-23', 840.50, 454.50, 0.00, 0.00, 0.00, 1080.50, 1157.78, 0.00, 0.00, NULL, NULL, NULL, NULL, 1);
INSERT INTO `ub_corrispettivi` (`id`, `data`, `corrispettivo`, `pos`, `posBanca`, `satispay`, `sumup`, `totale`, `fatture`, `fattureContante`, `fatturePOS`, `note`, `created_at`, `updated_at`, `sign`, `is_active`) VALUES (24, '2017-08-24', 831.00, 219.50, 0.00, 0.00, 0.00, 1087.50, 0.00, 0.00, 0.00, NULL, NULL, NULL, NULL, 1);
INSERT INTO `ub_corrispettivi` (`id`, `data`, `corrispettivo`, `pos`, `posBanca`, `satispay`, `sumup`, `totale`, `fatture`, `fattureContante`, `fatturePOS`, `note`, `created_at`, `updated_at`, `sign`, `is_active`) VALUES (25, '2017-08-25', 1239.50, 822.00, 0.00, 0.00, 0.00, 1438.50, 0.00, 0.00, 0.00, NULL, NULL, NULL, NULL, 1);
INSERT INTO `ub_corrispettivi` (`id`, `data`, `corrispettivo`, `pos`, `posBanca`, `satispay`, `sumup`, `totale`, `fatture`, `fattureContante`, `fatturePOS`, `note`, `created_at`, `updated_at`, `sign`, `is_active`) VALUES (26, '2017-08-26', 823.00, 369.50, 0.00, 0.00, 0.00, 886.50, 0.00, 0.00, 0.00, NULL, NULL, NULL, NULL, 1);
INSERT INTO `ub_corrispettivi` (`id`, `data`, `corrispettivo`, `pos`, `posBanca`, `satispay`, `sumup`, `totale`, `fatture`, `fattureContante`, `fatturePOS`, `note`, `created_at`, `updated_at`, `sign`, `is_active`) VALUES (27, '2017-08-27', 396.00, 39.50, 0.00, 0.00, 0.00, 447.50, 0.00, 0.00, 0.00, NULL, NULL, NULL, NULL, 1);
INSERT INTO `ub_corrispettivi` (`id`, `data`, `corrispettivo`, `pos`, `posBanca`, `satispay`, `sumup`, `totale`, `fatture`, `fattureContante`, `fatturePOS`, `note`, `created_at`, `updated_at`, `sign`, `is_active`) VALUES (28, '2017-08-28', 389.00, 65.00, 0.00, 0.00, 0.00, 490.00, 80.00, 0.00, 0.00, NULL, NULL, NULL, NULL, 1);
INSERT INTO `ub_corrispettivi` (`id`, `data`, `corrispettivo`, `pos`, `posBanca`, `satispay`, `sumup`, `totale`, `fatture`, `fattureContante`, `fatturePOS`, `note`, `created_at`, `updated_at`, `sign`, `is_active`) VALUES (29, '2017-08-29', 588.50, 168.50, 0.00, 0.00, 0.00, 612.00, 0.00, 0.00, 0.00, NULL, NULL, NULL, NULL, 1);
INSERT INTO `ub_corrispettivi` (`id`, `data`, `corrispettivo`, `pos`, `posBanca`, `satispay`, `sumup`, `totale`, `fatture`, `fattureContante`, `fatturePOS`, `note`, `created_at`, `updated_at`, `sign`, `is_active`) VALUES (30, '2017-08-30', 687.50, 374.00, 0.00, 0.00, 0.00, 734.50, 0.00, 0.00, 0.00, NULL, NULL, NULL, NULL, 1);
INSERT INTO `ub_corrispettivi` (`id`, `data`, `corrispettivo`, `pos`, `posBanca`, `satispay`, `sumup`, `totale`, `fatture`, `fattureContante`, `fatturePOS`, `note`, `created_at`, `updated_at`, `sign`, `is_active`) VALUES (31, '2017-08-31', 1125.00, 467.00, 0.00, 0.00, 0.00, 1826.50, 0.00, 0.00, 0.00, NULL, NULL, NULL, NULL, 1);
INSERT INTO `ub_corrispettivi` (`id`, `data`, `corrispettivo`, `pos`, `posBanca`, `satispay`, `sumup`, `totale`, `fatture`, `fattureContante`, `fatturePOS`, `note`, `created_at`, `updated_at`, `sign`, `is_active`) VALUES (32, '2017-04-02', 754.50, 207.00, 0.00, 0.00, 0.00, 824.50, 0.00, 0.00, 0.00, NULL, NULL, NULL, NULL, 1);
INSERT INTO `ub_corrispettivi` (`id`, `data`, `corrispettivo`, `pos`, `posBanca`, `satispay`, `sumup`, `totale`, `fatture`, `fattureContante`, `fatturePOS`, `note`, `created_at`, `updated_at`, `sign`, `is_active`) VALUES (33, '2017-04-03', 412.00, 127.00, 0.00, 0.00, 0.00, 491.50, 0.00, 0.00, 0.00, NULL, NULL, NULL, NULL, 1);
INSERT INTO `ub_corrispettivi` (`id`, `data`, `corrispettivo`, `pos`, `posBanca`, `satispay`, `sumup`, `totale`, `fatture`, `fattureContante`, `fatturePOS`, `note`, `created_at`, `updated_at`, `sign`, `is_active`) VALUES (34, '2017-04-04', 689.00, 295.00, 0.00, 0.00, 0.00, 858.00, 0.00, 0.00, 0.00, NULL, NULL, NULL, NULL, 1);
INSERT INTO `ub_corrispettivi` (`id`, `data`, `corrispettivo`, `pos`, `posBanca`, `satispay`, `sumup`, `totale`, `fatture`, `fattureContante`, `fatturePOS`, `note`, `created_at`, `updated_at`, `sign`, `is_active`) VALUES (35, '2017-04-05', 605.50, 266.50, 0.00, 0.00, 0.00, 754.50, 0.00, 0.00, 0.00, NULL, NULL, NULL, NULL, 1);
INSERT INTO `ub_corrispettivi` (`id`, `data`, `corrispettivo`, `pos`, `posBanca`, `satispay`, `sumup`, `totale`, `fatture`, `fattureContante`, `fatturePOS`, `note`, `created_at`, `updated_at`, `sign`, `is_active`) VALUES (36, '2017-04-06', 790.10, 382.00, 0.00, 0.00, 0.00, 955.00, 0.00, 0.00, 0.00, NULL, NULL, NULL, NULL, 1);
INSERT INTO `ub_corrispettivi` (`id`, `data`, `corrispettivo`, `pos`, `posBanca`, `satispay`, `sumup`, `totale`, `fatture`, `fattureContante`, `fatturePOS`, `note`, `created_at`, `updated_at`, `sign`, `is_active`) VALUES (37, '2017-04-07', 1840.00, 237.50, 0.00, 0.00, 0.00, 2012.00, 0.00, 0.00, 0.00, NULL, NULL, NULL, NULL, 1);
INSERT INTO `ub_corrispettivi` (`id`, `data`, `corrispettivo`, `pos`, `posBanca`, `satispay`, `sumup`, `totale`, `fatture`, `fattureContante`, `fatturePOS`, `note`, `created_at`, `updated_at`, `sign`, `is_active`) VALUES (38, '2017-04-08', 1648.00, 480.50, 0.00, 0.00, 0.00, 1929.50, 147.50, 0.00, 0.00, NULL, NULL, NULL, NULL, 1);
INSERT INTO `ub_corrispettivi` (`id`, `data`, `corrispettivo`, `pos`, `posBanca`, `satispay`, `sumup`, `totale`, `fatture`, `fattureContante`, `fatturePOS`, `note`, `created_at`, `updated_at`, `sign`, `is_active`) VALUES (39, '2017-04-09', 600.00, 199.00, 0.00, 0.00, 0.00, 720.00, 0.00, 0.00, 0.00, NULL, NULL, NULL, NULL, 1);
INSERT INTO `ub_corrispettivi` (`id`, `data`, `corrispettivo`, `pos`, `posBanca`, `satispay`, `sumup`, `totale`, `fatture`, `fattureContante`, `fatturePOS`, `note`, `created_at`, `updated_at`, `sign`, `is_active`) VALUES (40, '2017-04-10', 647.00, 115.00, 0.00, 0.00, 0.00, 657.00, 0.00, 0.00, 0.00, NULL, NULL, NULL, NULL, 1);
INSERT INTO `ub_corrispettivi` (`id`, `data`, `corrispettivo`, `pos`, `posBanca`, `satispay`, `sumup`, `totale`, `fatture`, `fattureContante`, `fatturePOS`, `note`, `created_at`, `updated_at`, `sign`, `is_active`) VALUES (41, '2017-04-11', 736.50, 179.00, 0.00, 0.00, 0.00, 770.00, 0.00, 0.00, 0.00, NULL, NULL, NULL, NULL, 1);
INSERT INTO `ub_corrispettivi` (`id`, `data`, `corrispettivo`, `pos`, `posBanca`, `satispay`, `sumup`, `totale`, `fatture`, `fattureContante`, `fatturePOS`, `note`, `created_at`, `updated_at`, `sign`, `is_active`) VALUES (42, '2017-04-12', 901.00, 136.00, 0.00, 0.00, 0.00, 962.00, 0.00, 0.00, 0.00, NULL, NULL, NULL, NULL, 1);
INSERT INTO `ub_corrispettivi` (`id`, `data`, `corrispettivo`, `pos`, `posBanca`, `satispay`, `sumup`, `totale`, `fatture`, `fattureContante`, `fatturePOS`, `note`, `created_at`, `updated_at`, `sign`, `is_active`) VALUES (43, '2017-04-13', 1028.50, 224.50, 0.00, 0.00, 0.00, 1128.50, 0.00, 0.00, 0.00, NULL, NULL, NULL, NULL, 1);
INSERT INTO `ub_corrispettivi` (`id`, `data`, `corrispettivo`, `pos`, `posBanca`, `satispay`, `sumup`, `totale`, `fatture`, `fattureContante`, `fatturePOS`, `note`, `created_at`, `updated_at`, `sign`, `is_active`) VALUES (44, '2017-04-14', 1451.50, 456.50, 0.00, 0.00, 0.00, 1644.00, 0.00, 0.00, 0.00, NULL, NULL, NULL, NULL, 1);
INSERT INTO `ub_corrispettivi` (`id`, `data`, `corrispettivo`, `pos`, `posBanca`, `satispay`, `sumup`, `totale`, `fatture`, `fattureContante`, `fatturePOS`, `note`, `created_at`, `updated_at`, `sign`, `is_active`) VALUES (45, '2017-04-15', 1800.00, 484.50, 0.00, 0.00, 0.00, 1861.50, 0.00, 0.00, 0.00, NULL, NULL, NULL, NULL, 1);
INSERT INTO `ub_corrispettivi` (`id`, `data`, `corrispettivo`, `pos`, `posBanca`, `satispay`, `sumup`, `totale`, `fatture`, `fattureContante`, `fatturePOS`, `note`, `created_at`, `updated_at`, `sign`, `is_active`) VALUES (46, '2017-04-16', 1318.00, 337.50, 0.00, 0.00, 0.00, 1583.00, 0.00, 0.00, 0.00, NULL, NULL, NULL, NULL, 1);
INSERT INTO `ub_corrispettivi` (`id`, `data`, `corrispettivo`, `pos`, `posBanca`, `satispay`, `sumup`, `totale`, `fatture`, `fattureContante`, `fatturePOS`, `note`, `created_at`, `updated_at`, `sign`, `is_active`) VALUES (47, '2017-04-17', 976.50, 213.00, 0.00, 0.00, 0.00, 1064.00, 0.00, 0.00, 0.00, NULL, NULL, NULL, NULL, 1);
INSERT INTO `ub_corrispettivi` (`id`, `data`, `corrispettivo`, `pos`, `posBanca`, `satispay`, `sumup`, `totale`, `fatture`, `fattureContante`, `fatturePOS`, `note`, `created_at`, `updated_at`, `sign`, `is_active`) VALUES (48, '2017-04-18', 926.00, 492.00, 0.00, 0.00, 0.00, 1012.50, 0.00, 0.00, 0.00, NULL, NULL, NULL, NULL, 1);
INSERT INTO `ub_corrispettivi` (`id`, `data`, `corrispettivo`, `pos`, `posBanca`, `satispay`, `sumup`, `totale`, `fatture`, `fattureContante`, `fatturePOS`, `note`, `created_at`, `updated_at`, `sign`, `is_active`) VALUES (49, '2017-04-19', 668.50, 284.50, 0.00, 0.00, 0.00, 745.00, 0.00, 0.00, 0.00, NULL, NULL, NULL, NULL, 1);
INSERT INTO `ub_corrispettivi` (`id`, `data`, `corrispettivo`, `pos`, `posBanca`, `satispay`, `sumup`, `totale`, `fatture`, `fattureContante`, `fatturePOS`, `note`, `created_at`, `updated_at`, `sign`, `is_active`) VALUES (50, '2017-04-20', 1137.50, 333.50, 0.00, 0.00, 0.00, 1187.00, 0.00, 0.00, 0.00, NULL, NULL, NULL, NULL, 1);
INSERT INTO `ub_corrispettivi` (`id`, `data`, `corrispettivo`, `pos`, `posBanca`, `satispay`, `sumup`, `totale`, `fatture`, `fattureContante`, `fatturePOS`, `note`, `created_at`, `updated_at`, `sign`, `is_active`) VALUES (51, '2017-04-21', 1336.00, 608.00, 0.00, 0.00, 0.00, 1548.00, 0.00, 0.00, 0.00, NULL, NULL, NULL, NULL, 1);
INSERT INTO `ub_corrispettivi` (`id`, `data`, `corrispettivo`, `pos`, `posBanca`, `satispay`, `sumup`, `totale`, `fatture`, `fattureContante`, `fatturePOS`, `note`, `created_at`, `updated_at`, `sign`, `is_active`) VALUES (52, '2017-04-22', 1962.50, 329.00, 0.00, 0.00, 0.00, 2036.50, 0.00, 0.00, 0.00, NULL, NULL, NULL, NULL, 1);
INSERT INTO `ub_corrispettivi` (`id`, `data`, `corrispettivo`, `pos`, `posBanca`, `satispay`, `sumup`, `totale`, `fatture`, `fattureContante`, `fatturePOS`, `note`, `created_at`, `updated_at`, `sign`, `is_active`) VALUES (53, '2017-04-23', 1201.50, 489.00, 0.00, 0.00, 0.00, 1322.00, 78.00, 0.00, 0.00, NULL, NULL, NULL, NULL, 1);
INSERT INTO `ub_corrispettivi` (`id`, `data`, `corrispettivo`, `pos`, `posBanca`, `satispay`, `sumup`, `totale`, `fatture`, `fattureContante`, `fatturePOS`, `note`, `created_at`, `updated_at`, `sign`, `is_active`) VALUES (54, '2017-04-24', 1320.50, 219.00, 0.00, 0.00, 0.00, 1371.00, 0.00, 0.00, 0.00, NULL, NULL, NULL, NULL, 1);
INSERT INTO `ub_corrispettivi` (`id`, `data`, `corrispettivo`, `pos`, `posBanca`, `satispay`, `sumup`, `totale`, `fatture`, `fattureContante`, `fatturePOS`, `note`, `created_at`, `updated_at`, `sign`, `is_active`) VALUES (55, '2017-04-25', 1329.00, 548.00, 0.00, 0.00, 0.00, 1396.00, 0.00, 0.00, 0.00, NULL, NULL, NULL, NULL, 1);
INSERT INTO `ub_corrispettivi` (`id`, `data`, `corrispettivo`, `pos`, `posBanca`, `satispay`, `sumup`, `totale`, `fatture`, `fattureContante`, `fatturePOS`, `note`, `created_at`, `updated_at`, `sign`, `is_active`) VALUES (56, '2017-04-26', 641.50, 0.00, 0.00, 0.00, 0.00, 726.00, 0.00, 0.00, 0.00, NULL, NULL, NULL, NULL, 1);
INSERT INTO `ub_corrispettivi` (`id`, `data`, `corrispettivo`, `pos`, `posBanca`, `satispay`, `sumup`, `totale`, `fatture`, `fattureContante`, `fatturePOS`, `note`, `created_at`, `updated_at`, `sign`, `is_active`) VALUES (57, '2017-04-27', 1014.00, 697.00, 0.00, 0.00, 0.00, 1037.00, 41.00, 0.00, 0.00, NULL, NULL, NULL, NULL, 1);
INSERT INTO `ub_corrispettivi` (`id`, `data`, `corrispettivo`, `pos`, `posBanca`, `satispay`, `sumup`, `totale`, `fatture`, `fattureContante`, `fatturePOS`, `note`, `created_at`, `updated_at`, `sign`, `is_active`) VALUES (58, '2017-04-28', 1198.00, 392.50, 0.00, 0.00, 0.00, 1263.00, 0.00, 0.00, 0.00, NULL, NULL, NULL, NULL, 1);
INSERT INTO `ub_corrispettivi` (`id`, `data`, `corrispettivo`, `pos`, `posBanca`, `satispay`, `sumup`, `totale`, `fatture`, `fattureContante`, `fatturePOS`, `note`, `created_at`, `updated_at`, `sign`, `is_active`) VALUES (59, '2017-04-29', 1893.00, 1005.00, 0.00, 0.00, 0.00, 1951.00, 0.00, 0.00, 0.00, NULL, NULL, NULL, NULL, 1);
INSERT INTO `ub_corrispettivi` (`id`, `data`, `corrispettivo`, `pos`, `posBanca`, `satispay`, `sumup`, `totale`, `fatture`, `fattureContante`, `fatturePOS`, `note`, `created_at`, `updated_at`, `sign`, `is_active`) VALUES (60, '2017-04-30', 1526.50, 455.00, 0.00, 0.00, 0.00, 1553.50, 0.00, 0.00, 0.00, NULL, NULL, NULL, NULL, 1);
INSERT INTO `ub_corrispettivi` (`id`, `data`, `corrispettivo`, `pos`, `posBanca`, `satispay`, `sumup`, `totale`, `fatture`, `fattureContante`, `fatturePOS`, `note`, `created_at`, `updated_at`, `sign`, `is_active`) VALUES (61, '2017-12-02', 1723.50, 777.50, 0.00, 0.00, 0.00, 1807.50, 0.00, 0.00, 0.00, NULL, NULL, NULL, NULL, 1);
INSERT INTO `ub_corrispettivi` (`id`, `data`, `corrispettivo`, `pos`, `posBanca`, `satispay`, `sumup`, `totale`, `fatture`, `fattureContante`, `fatturePOS`, `note`, `created_at`, `updated_at`, `sign`, `is_active`) VALUES (62, '2017-12-03', 1238.50, 574.50, 0.00, 0.00, 0.00, 1304.50, 0.00, 0.00, 0.00, NULL, NULL, NULL, NULL, 1);
INSERT INTO `ub_corrispettivi` (`id`, `data`, `corrispettivo`, `pos`, `posBanca`, `satispay`, `sumup`, `totale`, `fatture`, `fattureContante`, `fatturePOS`, `note`, `created_at`, `updated_at`, `sign`, `is_active`) VALUES (63, '2017-12-04', 489.50, 210.50, 0.00, 0.00, 0.00, 550.50, 28.00, 0.00, 0.00, NULL, NULL, NULL, NULL, 1);
INSERT INTO `ub_corrispettivi` (`id`, `data`, `corrispettivo`, `pos`, `posBanca`, `satispay`, `sumup`, `totale`, `fatture`, `fattureContante`, `fatturePOS`, `note`, `created_at`, `updated_at`, `sign`, `is_active`) VALUES (64, '2017-12-05', 407.00, 42.00, 0.00, 0.00, 0.00, 464.00, 0.00, 0.00, 0.00, NULL, NULL, NULL, NULL, 1);
INSERT INTO `ub_corrispettivi` (`id`, `data`, `corrispettivo`, `pos`, `posBanca`, `satispay`, `sumup`, `totale`, `fatture`, `fattureContante`, `fatturePOS`, `note`, `created_at`, `updated_at`, `sign`, `is_active`) VALUES (65, '2017-12-06', 718.50, 304.00, 0.00, 0.00, 0.00, 785.50, 0.00, 0.00, 0.00, NULL, NULL, NULL, NULL, 1);
INSERT INTO `ub_corrispettivi` (`id`, `data`, `corrispettivo`, `pos`, `posBanca`, `satispay`, `sumup`, `totale`, `fatture`, `fattureContante`, `fatturePOS`, `note`, `created_at`, `updated_at`, `sign`, `is_active`) VALUES (66, '2017-12-07', 891.00, 312.50, 0.00, 0.00, 0.00, 1066.50, 0.00, 0.00, 0.00, NULL, NULL, NULL, NULL, 1);
INSERT INTO `ub_corrispettivi` (`id`, `data`, `corrispettivo`, `pos`, `posBanca`, `satispay`, `sumup`, `totale`, `fatture`, `fattureContante`, `fatturePOS`, `note`, `created_at`, `updated_at`, `sign`, `is_active`) VALUES (67, '2017-12-08', 1347.50, 482.00, 0.00, 0.00, 0.00, 1458.00, 0.00, 0.00, 0.00, NULL, NULL, NULL, NULL, 1);
INSERT INTO `ub_corrispettivi` (`id`, `data`, `corrispettivo`, `pos`, `posBanca`, `satispay`, `sumup`, `totale`, `fatture`, `fattureContante`, `fatturePOS`, `note`, `created_at`, `updated_at`, `sign`, `is_active`) VALUES (68, '2017-12-09', 1562.50, 311.25, 0.00, 0.00, 0.00, 1734.50, 0.00, 0.00, 0.00, NULL, NULL, NULL, NULL, 1);
INSERT INTO `ub_corrispettivi` (`id`, `data`, `corrispettivo`, `pos`, `posBanca`, `satispay`, `sumup`, `totale`, `fatture`, `fattureContante`, `fatturePOS`, `note`, `created_at`, `updated_at`, `sign`, `is_active`) VALUES (69, '2017-12-10', 572.50, 212.00, 0.00, 0.00, 0.00, 779.00, 121.00, 0.00, 0.00, NULL, NULL, NULL, NULL, 1);
INSERT INTO `ub_corrispettivi` (`id`, `data`, `corrispettivo`, `pos`, `posBanca`, `satispay`, `sumup`, `totale`, `fatture`, `fattureContante`, `fatturePOS`, `note`, `created_at`, `updated_at`, `sign`, `is_active`) VALUES (70, '2017-12-11', 494.00, 89.00, 0.00, 0.00, 0.00, 576.50, 0.00, 0.00, 0.00, NULL, NULL, NULL, NULL, 1);
INSERT INTO `ub_corrispettivi` (`id`, `data`, `corrispettivo`, `pos`, `posBanca`, `satispay`, `sumup`, `totale`, `fatture`, `fattureContante`, `fatturePOS`, `note`, `created_at`, `updated_at`, `sign`, `is_active`) VALUES (71, '2017-12-12', 695.50, 384.00, 0.00, 0.00, 0.00, 861.50, 69.00, 0.00, 0.00, NULL, NULL, NULL, NULL, 1);
INSERT INTO `ub_corrispettivi` (`id`, `data`, `corrispettivo`, `pos`, `posBanca`, `satispay`, `sumup`, `totale`, `fatture`, `fattureContante`, `fatturePOS`, `note`, `created_at`, `updated_at`, `sign`, `is_active`) VALUES (72, '2017-12-13', 680.00, 209.50, 0.00, 0.00, 0.00, 838.50, 0.00, 0.00, 0.00, NULL, NULL, NULL, NULL, 1);
INSERT INTO `ub_corrispettivi` (`id`, `data`, `corrispettivo`, `pos`, `posBanca`, `satispay`, `sumup`, `totale`, `fatture`, `fattureContante`, `fatturePOS`, `note`, `created_at`, `updated_at`, `sign`, `is_active`) VALUES (73, '2017-12-14', 531.00, 170.50, 0.00, 0.00, 0.00, 632.50, 0.00, 0.00, 0.00, NULL, NULL, NULL, NULL, 1);
INSERT INTO `ub_corrispettivi` (`id`, `data`, `corrispettivo`, `pos`, `posBanca`, `satispay`, `sumup`, `totale`, `fatture`, `fattureContante`, `fatturePOS`, `note`, `created_at`, `updated_at`, `sign`, `is_active`) VALUES (74, '2017-12-15', 1295.00, 363.00, 0.00, 0.00, 0.00, 1376.00, 0.00, 0.00, 0.00, NULL, NULL, NULL, NULL, 1);
INSERT INTO `ub_corrispettivi` (`id`, `data`, `corrispettivo`, `pos`, `posBanca`, `satispay`, `sumup`, `totale`, `fatture`, `fattureContante`, `fatturePOS`, `note`, `created_at`, `updated_at`, `sign`, `is_active`) VALUES (75, '2017-12-16', 1174.00, 608.50, 0.00, 0.00, 0.00, 1351.00, 0.00, 0.00, 0.00, NULL, NULL, NULL, NULL, 1);
INSERT INTO `ub_corrispettivi` (`id`, `data`, `corrispettivo`, `pos`, `posBanca`, `satispay`, `sumup`, `totale`, `fatture`, `fattureContante`, `fatturePOS`, `note`, `created_at`, `updated_at`, `sign`, `is_active`) VALUES (76, '2017-12-17', 865.50, 536.50, 0.00, 0.00, 0.00, 1153.00, 220.50, 0.00, 0.00, NULL, NULL, NULL, NULL, 1);
INSERT INTO `ub_corrispettivi` (`id`, `data`, `corrispettivo`, `pos`, `posBanca`, `satispay`, `sumup`, `totale`, `fatture`, `fattureContante`, `fatturePOS`, `note`, `created_at`, `updated_at`, `sign`, `is_active`) VALUES (77, '2017-12-18', 889.00, 264.00, 0.00, 0.00, 0.00, 950.00, 0.00, 0.00, 0.00, NULL, NULL, NULL, NULL, 1);
INSERT INTO `ub_corrispettivi` (`id`, `data`, `corrispettivo`, `pos`, `posBanca`, `satispay`, `sumup`, `totale`, `fatture`, `fattureContante`, `fatturePOS`, `note`, `created_at`, `updated_at`, `sign`, `is_active`) VALUES (78, '2017-12-19', 711.00, 143.50, 0.00, 0.00, 0.00, 830.00, 0.00, 0.00, 0.00, NULL, NULL, NULL, NULL, 1);
INSERT INTO `ub_corrispettivi` (`id`, `data`, `corrispettivo`, `pos`, `posBanca`, `satispay`, `sumup`, `totale`, `fatture`, `fattureContante`, `fatturePOS`, `note`, `created_at`, `updated_at`, `sign`, `is_active`) VALUES (79, '2017-12-20', 812.50, 306.00, 0.00, 0.00, 0.00, 893.00, 0.00, 0.00, 0.00, NULL, NULL, NULL, NULL, 1);
INSERT INTO `ub_corrispettivi` (`id`, `data`, `corrispettivo`, `pos`, `posBanca`, `satispay`, `sumup`, `totale`, `fatture`, `fattureContante`, `fatturePOS`, `note`, `created_at`, `updated_at`, `sign`, `is_active`) VALUES (80, '2017-12-21', 1162.50, 177.00, 0.00, 0.00, 0.00, 1377.00, 0.00, 0.00, 0.00, NULL, NULL, NULL, NULL, 1);
INSERT INTO `ub_corrispettivi` (`id`, `data`, `corrispettivo`, `pos`, `posBanca`, `satispay`, `sumup`, `totale`, `fatture`, `fattureContante`, `fatturePOS`, `note`, `created_at`, `updated_at`, `sign`, `is_active`) VALUES (81, '2017-12-22', 1591.00, 580.00, 0.00, 0.00, 0.00, 1759.00, 0.00, 0.00, 0.00, NULL, NULL, NULL, NULL, 1);
INSERT INTO `ub_corrispettivi` (`id`, `data`, `corrispettivo`, `pos`, `posBanca`, `satispay`, `sumup`, `totale`, `fatture`, `fattureContante`, `fatturePOS`, `note`, `created_at`, `updated_at`, `sign`, `is_active`) VALUES (82, '2017-12-23', 1470.00, 383.00, 0.00, 0.00, 0.00, 1586.00, 0.00, 0.00, 0.00, NULL, NULL, NULL, NULL, 1);
INSERT INTO `ub_corrispettivi` (`id`, `data`, `corrispettivo`, `pos`, `posBanca`, `satispay`, `sumup`, `totale`, `fatture`, `fattureContante`, `fatturePOS`, `note`, `created_at`, `updated_at`, `sign`, `is_active`) VALUES (83, '2017-12-24', 0.00, 0.00, 0.00, 0.00, 0.00, 0.00, 0.00, 0.00, 0.00, NULL, NULL, NULL, NULL, 1);
INSERT INTO `ub_corrispettivi` (`id`, `data`, `corrispettivo`, `pos`, `posBanca`, `satispay`, `sumup`, `totale`, `fatture`, `fattureContante`, `fatturePOS`, `note`, `created_at`, `updated_at`, `sign`, `is_active`) VALUES (84, '2017-12-25', 1080.00, 196.00, 0.00, 0.00, 0.00, 1286.50, 0.00, 0.00, 0.00, NULL, NULL, NULL, NULL, 1);
INSERT INTO `ub_corrispettivi` (`id`, `data`, `corrispettivo`, `pos`, `posBanca`, `satispay`, `sumup`, `totale`, `fatture`, `fattureContante`, `fatturePOS`, `note`, `created_at`, `updated_at`, `sign`, `is_active`) VALUES (85, '2017-12-26', 1653.50, 420.00, 0.00, 0.00, 0.00, 1606.50, 0.00, 0.00, 0.00, NULL, NULL, NULL, NULL, 1);
INSERT INTO `ub_corrispettivi` (`id`, `data`, `corrispettivo`, `pos`, `posBanca`, `satispay`, `sumup`, `totale`, `fatture`, `fattureContante`, `fatturePOS`, `note`, `created_at`, `updated_at`, `sign`, `is_active`) VALUES (86, '2017-12-27', 1009.00, 246.00, 0.00, 0.00, 0.00, 1101.00, 0.00, 0.00, 0.00, NULL, NULL, NULL, NULL, 1);
INSERT INTO `ub_corrispettivi` (`id`, `data`, `corrispettivo`, `pos`, `posBanca`, `satispay`, `sumup`, `totale`, `fatture`, `fattureContante`, `fatturePOS`, `note`, `created_at`, `updated_at`, `sign`, `is_active`) VALUES (87, '2017-12-28', 1340.50, 416.50, 0.00, 0.00, 0.00, 1424.50, 0.00, 0.00, 0.00, NULL, NULL, NULL, NULL, 1);
INSERT INTO `ub_corrispettivi` (`id`, `data`, `corrispettivo`, `pos`, `posBanca`, `satispay`, `sumup`, `totale`, `fatture`, `fattureContante`, `fatturePOS`, `note`, `created_at`, `updated_at`, `sign`, `is_active`) VALUES (88, '2017-12-29', 1376.00, 403.50, 0.00, 0.00, 0.00, 1583.00, 0.00, 0.00, 0.00, NULL, NULL, NULL, NULL, 1);
INSERT INTO `ub_corrispettivi` (`id`, `data`, `corrispettivo`, `pos`, `posBanca`, `satispay`, `sumup`, `totale`, `fatture`, `fattureContante`, `fatturePOS`, `note`, `created_at`, `updated_at`, `sign`, `is_active`) VALUES (89, '2017-12-30', 963.50, 234.50, 0.00, 0.00, 0.00, 1215.00, 0.00, 0.00, 0.00, NULL, NULL, NULL, NULL, 1);
INSERT INTO `ub_corrispettivi` (`id`, `data`, `corrispettivo`, `pos`, `posBanca`, `satispay`, `sumup`, `totale`, `fatture`, `fattureContante`, `fatturePOS`, `note`, `created_at`, `updated_at`, `sign`, `is_active`) VALUES (90, '2017-12-31', 1390.50, 889.00, 0.00, 0.00, 0.00, 1554.50, 0.00, 0.00, 0.00, NULL, NULL, '2018-01-02 22:26:20', NULL, 1);
INSERT INTO `ub_corrispettivi` (`id`, `data`, `corrispettivo`, `pos`, `posBanca`, `satispay`, `sumup`, `totale`, `fatture`, `fattureContante`, `fatturePOS`, `note`, `created_at`, `updated_at`, `sign`, `is_active`) VALUES (91, '2017-02-02', 537.00, 36.50, 0.00, 0.00, 0.00, 617.00, 0.00, 0.00, 0.00, NULL, NULL, NULL, NULL, 1);
INSERT INTO `ub_corrispettivi` (`id`, `data`, `corrispettivo`, `pos`, `posBanca`, `satispay`, `sumup`, `totale`, `fatture`, `fattureContante`, `fatturePOS`, `note`, `created_at`, `updated_at`, `sign`, `is_active`) VALUES (92, '2017-02-03', 1526.50, 355.00, 0.00, 0.00, 0.00, 1569.00, 0.00, 0.00, 0.00, NULL, NULL, NULL, NULL, 1);
INSERT INTO `ub_corrispettivi` (`id`, `data`, `corrispettivo`, `pos`, `posBanca`, `satispay`, `sumup`, `totale`, `fatture`, `fattureContante`, `fatturePOS`, `note`, `created_at`, `updated_at`, `sign`, `is_active`) VALUES (93, '2017-02-04', 1882.00, 525.50, 0.00, 0.00, 0.00, 1882.00, 0.00, 0.00, 0.00, NULL, NULL, NULL, NULL, 1);
INSERT INTO `ub_corrispettivi` (`id`, `data`, `corrispettivo`, `pos`, `posBanca`, `satispay`, `sumup`, `totale`, `fatture`, `fattureContante`, `fatturePOS`, `note`, `created_at`, `updated_at`, `sign`, `is_active`) VALUES (94, '2017-02-05', 763.50, 141.50, 0.00, 0.00, 0.00, 788.50, 0.00, 0.00, 0.00, NULL, NULL, NULL, NULL, 1);
INSERT INTO `ub_corrispettivi` (`id`, `data`, `corrispettivo`, `pos`, `posBanca`, `satispay`, `sumup`, `totale`, `fatture`, `fattureContante`, `fatturePOS`, `note`, `created_at`, `updated_at`, `sign`, `is_active`) VALUES (95, '2017-02-06', 432.00, 237.50, 0.00, 0.00, 0.00, 471.50, 0.00, 0.00, 0.00, NULL, NULL, NULL, NULL, 1);
INSERT INTO `ub_corrispettivi` (`id`, `data`, `corrispettivo`, `pos`, `posBanca`, `satispay`, `sumup`, `totale`, `fatture`, `fattureContante`, `fatturePOS`, `note`, `created_at`, `updated_at`, `sign`, `is_active`) VALUES (96, '2017-02-07', 561.50, 122.50, 0.00, 0.00, 0.00, 561.50, 0.00, 0.00, 0.00, NULL, NULL, NULL, NULL, 1);
INSERT INTO `ub_corrispettivi` (`id`, `data`, `corrispettivo`, `pos`, `posBanca`, `satispay`, `sumup`, `totale`, `fatture`, `fattureContante`, `fatturePOS`, `note`, `created_at`, `updated_at`, `sign`, `is_active`) VALUES (97, '2017-02-08', 699.50, 324.50, 0.00, 0.00, 0.00, 744.50, 0.00, 0.00, 0.00, NULL, NULL, NULL, NULL, 1);
INSERT INTO `ub_corrispettivi` (`id`, `data`, `corrispettivo`, `pos`, `posBanca`, `satispay`, `sumup`, `totale`, `fatture`, `fattureContante`, `fatturePOS`, `note`, `created_at`, `updated_at`, `sign`, `is_active`) VALUES (98, '2017-02-09', 895.50, 249.00, 0.00, 0.00, 0.00, 943.50, 0.00, 0.00, 0.00, NULL, NULL, NULL, NULL, 1);
INSERT INTO `ub_corrispettivi` (`id`, `data`, `corrispettivo`, `pos`, `posBanca`, `satispay`, `sumup`, `totale`, `fatture`, `fattureContante`, `fatturePOS`, `note`, `created_at`, `updated_at`, `sign`, `is_active`) VALUES (99, '2017-02-10', 1151.50, 403.50, 0.00, 0.00, 0.00, 1244.00, 0.00, 0.00, 0.00, NULL, NULL, NULL, NULL, 1);
INSERT INTO `ub_corrispettivi` (`id`, `data`, `corrispettivo`, `pos`, `posBanca`, `satispay`, `sumup`, `totale`, `fatture`, `fattureContante`, `fatturePOS`, `note`, `created_at`, `updated_at`, `sign`, `is_active`) VALUES (100, '2017-02-11', 1621.50, 391.00, 0.00, 0.00, 0.00, 1772.00, 60.00, 0.00, 0.00, NULL, NULL, NULL, NULL, 1);
INSERT INTO `ub_corrispettivi` (`id`, `data`, `corrispettivo`, `pos`, `posBanca`, `satispay`, `sumup`, `totale`, `fatture`, `fattureContante`, `fatturePOS`, `note`, `created_at`, `updated_at`, `sign`, `is_active`) VALUES (101, '2017-02-12', 989.00, 105.00, 0.00, 0.00, 0.00, 1046.00, 0.00, 0.00, 0.00, NULL, NULL, NULL, NULL, 1);
INSERT INTO `ub_corrispettivi` (`id`, `data`, `corrispettivo`, `pos`, `posBanca`, `satispay`, `sumup`, `totale`, `fatture`, `fattureContante`, `fatturePOS`, `note`, `created_at`, `updated_at`, `sign`, `is_active`) VALUES (102, '2017-02-13', 358.50, 150.00, 0.00, 0.00, 0.00, 377.00, 66.00, 0.00, 0.00, NULL, NULL, NULL, NULL, 1);
INSERT INTO `ub_corrispettivi` (`id`, `data`, `corrispettivo`, `pos`, `posBanca`, `satispay`, `sumup`, `totale`, `fatture`, `fattureContante`, `fatturePOS`, `note`, `created_at`, `updated_at`, `sign`, `is_active`) VALUES (103, '2017-02-14', 942.00, 176.50, 0.00, 0.00, 0.00, 1060.00, 24.50, 0.00, 0.00, NULL, NULL, NULL, NULL, 1);
INSERT INTO `ub_corrispettivi` (`id`, `data`, `corrispettivo`, `pos`, `posBanca`, `satispay`, `sumup`, `totale`, `fatture`, `fattureContante`, `fatturePOS`, `note`, `created_at`, `updated_at`, `sign`, `is_active`) VALUES (104, '2017-02-15', 927.50, 60.50, 0.00, 0.00, 0.00, 1153.50, 0.00, 0.00, 0.00, NULL, NULL, NULL, NULL, 1);
INSERT INTO `ub_corrispettivi` (`id`, `data`, `corrispettivo`, `pos`, `posBanca`, `satispay`, `sumup`, `totale`, `fatture`, `fattureContante`, `fatturePOS`, `note`, `created_at`, `updated_at`, `sign`, `is_active`) VALUES (105, '2017-02-16', 1079.50, 245.00, 0.00, 0.00, 0.00, 1209.50, 0.00, 0.00, 0.00, NULL, NULL, NULL, NULL, 1);
INSERT INTO `ub_corrispettivi` (`id`, `data`, `corrispettivo`, `pos`, `posBanca`, `satispay`, `sumup`, `totale`, `fatture`, `fattureContante`, `fatturePOS`, `note`, `created_at`, `updated_at`, `sign`, `is_active`) VALUES (106, '2017-02-17', 1225.50, 265.00, 0.00, 0.00, 0.00, 1336.50, 0.00, 0.00, 0.00, NULL, NULL, NULL, NULL, 1);
INSERT INTO `ub_corrispettivi` (`id`, `data`, `corrispettivo`, `pos`, `posBanca`, `satispay`, `sumup`, `totale`, `fatture`, `fattureContante`, `fatturePOS`, `note`, `created_at`, `updated_at`, `sign`, `is_active`) VALUES (107, '2017-02-18', 1598.50, 498.00, 0.00, 0.00, 0.00, 1730.50, 0.00, 0.00, 0.00, NULL, NULL, NULL, NULL, 1);
INSERT INTO `ub_corrispettivi` (`id`, `data`, `corrispettivo`, `pos`, `posBanca`, `satispay`, `sumup`, `totale`, `fatture`, `fattureContante`, `fatturePOS`, `note`, `created_at`, `updated_at`, `sign`, `is_active`) VALUES (108, '2017-02-19', 0.00, 0.00, 0.00, 0.00, 0.00, 0.00, 0.00, 0.00, 0.00, NULL, NULL, NULL, NULL, 1);
INSERT INTO `ub_corrispettivi` (`id`, `data`, `corrispettivo`, `pos`, `posBanca`, `satispay`, `sumup`, `totale`, `fatture`, `fattureContante`, `fatturePOS`, `note`, `created_at`, `updated_at`, `sign`, `is_active`) VALUES (109, '2017-02-20', 0.00, 0.00, 0.00, 0.00, 0.00, 0.00, 0.00, 0.00, 0.00, NULL, NULL, NULL, NULL, 1);
INSERT INTO `ub_corrispettivi` (`id`, `data`, `corrispettivo`, `pos`, `posBanca`, `satispay`, `sumup`, `totale`, `fatture`, `fattureContante`, `fatturePOS`, `note`, `created_at`, `updated_at`, `sign`, `is_active`) VALUES (110, '2017-02-21', 0.00, 0.00, 0.00, 0.00, 0.00, 0.00, 0.00, 0.00, 0.00, NULL, NULL, NULL, NULL, 1);
INSERT INTO `ub_corrispettivi` (`id`, `data`, `corrispettivo`, `pos`, `posBanca`, `satispay`, `sumup`, `totale`, `fatture`, `fattureContante`, `fatturePOS`, `note`, `created_at`, `updated_at`, `sign`, `is_active`) VALUES (111, '2017-02-22', 0.00, 0.00, 0.00, 0.00, 0.00, 0.00, 0.00, 0.00, 0.00, NULL, NULL, NULL, NULL, 1);
INSERT INTO `ub_corrispettivi` (`id`, `data`, `corrispettivo`, `pos`, `posBanca`, `satispay`, `sumup`, `totale`, `fatture`, `fattureContante`, `fatturePOS`, `note`, `created_at`, `updated_at`, `sign`, `is_active`) VALUES (112, '2017-02-23', 907.00, 138.50, 0.00, 0.00, 0.00, 1127.00, 0.00, 0.00, 0.00, NULL, NULL, NULL, NULL, 1);
INSERT INTO `ub_corrispettivi` (`id`, `data`, `corrispettivo`, `pos`, `posBanca`, `satispay`, `sumup`, `totale`, `fatture`, `fattureContante`, `fatturePOS`, `note`, `created_at`, `updated_at`, `sign`, `is_active`) VALUES (113, '2017-02-24', 1142.00, 351.50, 0.00, 0.00, 0.00, 1374.50, 53.00, 0.00, 0.00, NULL, NULL, NULL, NULL, 1);
INSERT INTO `ub_corrispettivi` (`id`, `data`, `corrispettivo`, `pos`, `posBanca`, `satispay`, `sumup`, `totale`, `fatture`, `fattureContante`, `fatturePOS`, `note`, `created_at`, `updated_at`, `sign`, `is_active`) VALUES (114, '2017-02-25', 1557.00, 457.50, 0.00, 0.00, 0.00, 1780.00, 0.00, 0.00, 0.00, NULL, NULL, NULL, NULL, 1);
INSERT INTO `ub_corrispettivi` (`id`, `data`, `corrispettivo`, `pos`, `posBanca`, `satispay`, `sumup`, `totale`, `fatture`, `fattureContante`, `fatturePOS`, `note`, `created_at`, `updated_at`, `sign`, `is_active`) VALUES (115, '2017-02-26', 691.50, 239.50, 0.00, 0.00, 0.00, 802.50, 0.00, 0.00, 0.00, NULL, NULL, NULL, NULL, 1);
INSERT INTO `ub_corrispettivi` (`id`, `data`, `corrispettivo`, `pos`, `posBanca`, `satispay`, `sumup`, `totale`, `fatture`, `fattureContante`, `fatturePOS`, `note`, `created_at`, `updated_at`, `sign`, `is_active`) VALUES (116, '2017-02-27', 527.00, 106.00, 0.00, 0.00, 0.00, 613.00, 0.00, 0.00, 0.00, NULL, NULL, NULL, NULL, 1);
INSERT INTO `ub_corrispettivi` (`id`, `data`, `corrispettivo`, `pos`, `posBanca`, `satispay`, `sumup`, `totale`, `fatture`, `fattureContante`, `fatturePOS`, `note`, `created_at`, `updated_at`, `sign`, `is_active`) VALUES (117, '2017-02-28', 602.00, 251.50, 0.00, 0.00, 0.00, 650.50, 0.00, 0.00, 0.00, NULL, NULL, NULL, NULL, 1);
INSERT INTO `ub_corrispettivi` (`id`, `data`, `corrispettivo`, `pos`, `posBanca`, `satispay`, `sumup`, `totale`, `fatture`, `fattureContante`, `fatturePOS`, `note`, `created_at`, `updated_at`, `sign`, `is_active`) VALUES (118, '2017-01-02', 1132.50, 312.00, 0.00, 0.00, 0.00, 1132.50, 0.00, 0.00, 0.00, NULL, NULL, NULL, NULL, 1);
INSERT INTO `ub_corrispettivi` (`id`, `data`, `corrispettivo`, `pos`, `posBanca`, `satispay`, `sumup`, `totale`, `fatture`, `fattureContante`, `fatturePOS`, `note`, `created_at`, `updated_at`, `sign`, `is_active`) VALUES (119, '2017-01-03', 902.50, 221.50, 0.00, 0.00, 0.00, 929.50, 0.00, 0.00, 0.00, NULL, NULL, NULL, NULL, 1);
INSERT INTO `ub_corrispettivi` (`id`, `data`, `corrispettivo`, `pos`, `posBanca`, `satispay`, `sumup`, `totale`, `fatture`, `fattureContante`, `fatturePOS`, `note`, `created_at`, `updated_at`, `sign`, `is_active`) VALUES (120, '2017-01-04', 872.00, 227.50, 0.00, 0.00, 0.00, 952.00, 0.00, 0.00, 0.00, NULL, NULL, NULL, NULL, 1);
INSERT INTO `ub_corrispettivi` (`id`, `data`, `corrispettivo`, `pos`, `posBanca`, `satispay`, `sumup`, `totale`, `fatture`, `fattureContante`, `fatturePOS`, `note`, `created_at`, `updated_at`, `sign`, `is_active`) VALUES (121, '2017-01-05', 1052.50, 209.00, 0.00, 0.00, 0.00, 1073.00, 0.00, 0.00, 0.00, NULL, NULL, NULL, NULL, 1);
INSERT INTO `ub_corrispettivi` (`id`, `data`, `corrispettivo`, `pos`, `posBanca`, `satispay`, `sumup`, `totale`, `fatture`, `fattureContante`, `fatturePOS`, `note`, `created_at`, `updated_at`, `sign`, `is_active`) VALUES (122, '2017-01-06', 1381.50, 226.50, 0.00, 0.00, 0.00, 1485.00, 0.00, 0.00, 0.00, NULL, NULL, NULL, NULL, 1);
INSERT INTO `ub_corrispettivi` (`id`, `data`, `corrispettivo`, `pos`, `posBanca`, `satispay`, `sumup`, `totale`, `fatture`, `fattureContante`, `fatturePOS`, `note`, `created_at`, `updated_at`, `sign`, `is_active`) VALUES (123, '2017-01-07', 1351.00, 558.00, 0.00, 0.00, 0.00, 1393.50, 0.00, 0.00, 0.00, NULL, NULL, NULL, NULL, 1);
INSERT INTO `ub_corrispettivi` (`id`, `data`, `corrispettivo`, `pos`, `posBanca`, `satispay`, `sumup`, `totale`, `fatture`, `fattureContante`, `fatturePOS`, `note`, `created_at`, `updated_at`, `sign`, `is_active`) VALUES (124, '2017-01-08', 590.50, 199.50, 0.00, 0.00, 0.00, 623.00, 0.00, 0.00, 0.00, NULL, NULL, NULL, NULL, 1);
INSERT INTO `ub_corrispettivi` (`id`, `data`, `corrispettivo`, `pos`, `posBanca`, `satispay`, `sumup`, `totale`, `fatture`, `fattureContante`, `fatturePOS`, `note`, `created_at`, `updated_at`, `sign`, `is_active`) VALUES (125, '2017-01-09', 483.00, 167.00, 0.00, 0.00, 0.00, 483.00, 0.00, 0.00, 0.00, NULL, NULL, NULL, NULL, 1);
INSERT INTO `ub_corrispettivi` (`id`, `data`, `corrispettivo`, `pos`, `posBanca`, `satispay`, `sumup`, `totale`, `fatture`, `fattureContante`, `fatturePOS`, `note`, `created_at`, `updated_at`, `sign`, `is_active`) VALUES (126, '2017-01-10', 437.00, 221.00, 0.00, 0.00, 0.00, 503.00, 0.00, 0.00, 0.00, NULL, NULL, NULL, NULL, 1);
INSERT INTO `ub_corrispettivi` (`id`, `data`, `corrispettivo`, `pos`, `posBanca`, `satispay`, `sumup`, `totale`, `fatture`, `fattureContante`, `fatturePOS`, `note`, `created_at`, `updated_at`, `sign`, `is_active`) VALUES (127, '2017-01-11', 694.00, 86.00, 0.00, 0.00, 0.00, 732.00, 0.00, 0.00, 0.00, NULL, NULL, NULL, NULL, 1);
INSERT INTO `ub_corrispettivi` (`id`, `data`, `corrispettivo`, `pos`, `posBanca`, `satispay`, `sumup`, `totale`, `fatture`, `fattureContante`, `fatturePOS`, `note`, `created_at`, `updated_at`, `sign`, `is_active`) VALUES (128, '2017-01-12', 964.00, 362.50, 0.00, 0.00, 0.00, 1010.00, 0.00, 0.00, 0.00, NULL, NULL, NULL, NULL, 1);
INSERT INTO `ub_corrispettivi` (`id`, `data`, `corrispettivo`, `pos`, `posBanca`, `satispay`, `sumup`, `totale`, `fatture`, `fattureContante`, `fatturePOS`, `note`, `created_at`, `updated_at`, `sign`, `is_active`) VALUES (129, '2017-01-13', 1151.00, 472.00, 0.00, 0.00, 0.00, 1330.00, 0.00, 0.00, 0.00, NULL, NULL, NULL, NULL, 1);
INSERT INTO `ub_corrispettivi` (`id`, `data`, `corrispettivo`, `pos`, `posBanca`, `satispay`, `sumup`, `totale`, `fatture`, `fattureContante`, `fatturePOS`, `note`, `created_at`, `updated_at`, `sign`, `is_active`) VALUES (130, '2017-01-14', 1385.00, 226.00, 0.00, 0.00, 0.00, 1555.50, 0.00, 0.00, 0.00, NULL, NULL, NULL, NULL, 1);
INSERT INTO `ub_corrispettivi` (`id`, `data`, `corrispettivo`, `pos`, `posBanca`, `satispay`, `sumup`, `totale`, `fatture`, `fattureContante`, `fatturePOS`, `note`, `created_at`, `updated_at`, `sign`, `is_active`) VALUES (131, '2017-01-15', 1094.50, 471.00, 0.00, 0.00, 0.00, 1144.00, 0.00, 0.00, 0.00, NULL, NULL, NULL, NULL, 1);
INSERT INTO `ub_corrispettivi` (`id`, `data`, `corrispettivo`, `pos`, `posBanca`, `satispay`, `sumup`, `totale`, `fatture`, `fattureContante`, `fatturePOS`, `note`, `created_at`, `updated_at`, `sign`, `is_active`) VALUES (132, '2017-01-16', 351.00, 41.50, 0.00, 0.00, 0.00, 357.00, 0.00, 0.00, 0.00, NULL, NULL, NULL, NULL, 1);
INSERT INTO `ub_corrispettivi` (`id`, `data`, `corrispettivo`, `pos`, `posBanca`, `satispay`, `sumup`, `totale`, `fatture`, `fattureContante`, `fatturePOS`, `note`, `created_at`, `updated_at`, `sign`, `is_active`) VALUES (133, '2017-01-17', 502.50, 183.00, 0.00, 0.00, 0.00, 587.00, 0.00, 0.00, 0.00, NULL, NULL, NULL, NULL, 1);
INSERT INTO `ub_corrispettivi` (`id`, `data`, `corrispettivo`, `pos`, `posBanca`, `satispay`, `sumup`, `totale`, `fatture`, `fattureContante`, `fatturePOS`, `note`, `created_at`, `updated_at`, `sign`, `is_active`) VALUES (134, '2017-01-18', 822.00, 273.50, 0.00, 0.00, 0.00, 1027.50, 38.00, 0.00, 0.00, NULL, NULL, NULL, NULL, 1);
INSERT INTO `ub_corrispettivi` (`id`, `data`, `corrispettivo`, `pos`, `posBanca`, `satispay`, `sumup`, `totale`, `fatture`, `fattureContante`, `fatturePOS`, `note`, `created_at`, `updated_at`, `sign`, `is_active`) VALUES (135, '2017-01-19', 727.50, 219.50, 0.00, 0.00, 0.00, 727.50, 0.00, 0.00, 0.00, NULL, NULL, NULL, NULL, 1);
INSERT INTO `ub_corrispettivi` (`id`, `data`, `corrispettivo`, `pos`, `posBanca`, `satispay`, `sumup`, `totale`, `fatture`, `fattureContante`, `fatturePOS`, `note`, `created_at`, `updated_at`, `sign`, `is_active`) VALUES (136, '2017-01-20', 943.00, 592.50, 0.00, 0.00, 0.00, 1049.00, 500.00, 0.00, 0.00, NULL, NULL, NULL, NULL, 1);
INSERT INTO `ub_corrispettivi` (`id`, `data`, `corrispettivo`, `pos`, `posBanca`, `satispay`, `sumup`, `totale`, `fatture`, `fattureContante`, `fatturePOS`, `note`, `created_at`, `updated_at`, `sign`, `is_active`) VALUES (137, '2017-01-21', 1756.00, 384.00, 0.00, 0.00, 0.00, 1956.50, 0.00, 0.00, 0.00, NULL, NULL, NULL, NULL, 1);
INSERT INTO `ub_corrispettivi` (`id`, `data`, `corrispettivo`, `pos`, `posBanca`, `satispay`, `sumup`, `totale`, `fatture`, `fattureContante`, `fatturePOS`, `note`, `created_at`, `updated_at`, `sign`, `is_active`) VALUES (138, '2017-01-22', 787.50, 334.00, 0.00, 0.00, 0.00, 843.50, 0.00, 0.00, 0.00, NULL, NULL, NULL, NULL, 1);
INSERT INTO `ub_corrispettivi` (`id`, `data`, `corrispettivo`, `pos`, `posBanca`, `satispay`, `sumup`, `totale`, `fatture`, `fattureContante`, `fatturePOS`, `note`, `created_at`, `updated_at`, `sign`, `is_active`) VALUES (139, '2017-01-23', 250.00, 26.00, 0.00, 0.00, 0.00, 322.00, 0.00, 0.00, 0.00, NULL, NULL, NULL, NULL, 1);
INSERT INTO `ub_corrispettivi` (`id`, `data`, `corrispettivo`, `pos`, `posBanca`, `satispay`, `sumup`, `totale`, `fatture`, `fattureContante`, `fatturePOS`, `note`, `created_at`, `updated_at`, `sign`, `is_active`) VALUES (140, '2017-01-24', 616.00, 84.00, 0.00, 0.00, 0.00, 670.00, 0.00, 0.00, 0.00, NULL, NULL, NULL, NULL, 1);
INSERT INTO `ub_corrispettivi` (`id`, `data`, `corrispettivo`, `pos`, `posBanca`, `satispay`, `sumup`, `totale`, `fatture`, `fattureContante`, `fatturePOS`, `note`, `created_at`, `updated_at`, `sign`, `is_active`) VALUES (141, '2017-01-25', 744.00, 0.00, 0.00, 0.00, 0.00, 863.50, 0.00, 0.00, 0.00, NULL, NULL, NULL, NULL, 1);
INSERT INTO `ub_corrispettivi` (`id`, `data`, `corrispettivo`, `pos`, `posBanca`, `satispay`, `sumup`, `totale`, `fatture`, `fattureContante`, `fatturePOS`, `note`, `created_at`, `updated_at`, `sign`, `is_active`) VALUES (142, '2017-01-26', 845.00, 0.00, 0.00, 0.00, 0.00, 897.50, 0.00, 0.00, 0.00, NULL, NULL, NULL, NULL, 1);
INSERT INTO `ub_corrispettivi` (`id`, `data`, `corrispettivo`, `pos`, `posBanca`, `satispay`, `sumup`, `totale`, `fatture`, `fattureContante`, `fatturePOS`, `note`, `created_at`, `updated_at`, `sign`, `is_active`) VALUES (143, '2017-01-27', 957.50, 345.00, 0.00, 0.00, 0.00, 1151.00, 0.00, 0.00, 0.00, NULL, NULL, NULL, NULL, 1);
INSERT INTO `ub_corrispettivi` (`id`, `data`, `corrispettivo`, `pos`, `posBanca`, `satispay`, `sumup`, `totale`, `fatture`, `fattureContante`, `fatturePOS`, `note`, `created_at`, `updated_at`, `sign`, `is_active`) VALUES (144, '2017-01-28', 1456.50, 356.00, 0.00, 0.00, 0.00, 1542.00, 0.00, 0.00, 0.00, NULL, NULL, NULL, NULL, 1);
INSERT INTO `ub_corrispettivi` (`id`, `data`, `corrispettivo`, `pos`, `posBanca`, `satispay`, `sumup`, `totale`, `fatture`, `fattureContante`, `fatturePOS`, `note`, `created_at`, `updated_at`, `sign`, `is_active`) VALUES (145, '2017-01-29', 750.00, 30.00, 0.00, 0.00, 0.00, 827.50, 0.00, 0.00, 0.00, NULL, NULL, NULL, NULL, 1);
INSERT INTO `ub_corrispettivi` (`id`, `data`, `corrispettivo`, `pos`, `posBanca`, `satispay`, `sumup`, `totale`, `fatture`, `fattureContante`, `fatturePOS`, `note`, `created_at`, `updated_at`, `sign`, `is_active`) VALUES (146, '2017-01-30', 801.50, 98.00, 0.00, 0.00, 0.00, 875.00, 0.00, 0.00, 0.00, NULL, NULL, NULL, NULL, 1);
INSERT INTO `ub_corrispettivi` (`id`, `data`, `corrispettivo`, `pos`, `posBanca`, `satispay`, `sumup`, `totale`, `fatture`, `fattureContante`, `fatturePOS`, `note`, `created_at`, `updated_at`, `sign`, `is_active`) VALUES (147, '2017-01-31', 638.50, 177.00, 0.00, 0.00, 0.00, 672.50, 0.00, 0.00, 0.00, NULL, NULL, NULL, NULL, 1);
INSERT INTO `ub_corrispettivi` (`id`, `data`, `corrispettivo`, `pos`, `posBanca`, `satispay`, `sumup`, `totale`, `fatture`, `fattureContante`, `fatturePOS`, `note`, `created_at`, `updated_at`, `sign`, `is_active`) VALUES (148, '2017-06-01', 971.00, 275.50, 0.00, 0.00, 0.00, 1183.50, 0.00, 0.00, 0.00, NULL, NULL, NULL, NULL, 1);
INSERT INTO `ub_corrispettivi` (`id`, `data`, `corrispettivo`, `pos`, `posBanca`, `satispay`, `sumup`, `totale`, `fatture`, `fattureContante`, `fatturePOS`, `note`, `created_at`, `updated_at`, `sign`, `is_active`) VALUES (149, '2017-06-02', 1271.50, 472.50, 0.00, 0.00, 0.00, 1409.00, 0.00, 0.00, 0.00, NULL, NULL, NULL, NULL, 1);
INSERT INTO `ub_corrispettivi` (`id`, `data`, `corrispettivo`, `pos`, `posBanca`, `satispay`, `sumup`, `totale`, `fatture`, `fattureContante`, `fatturePOS`, `note`, `created_at`, `updated_at`, `sign`, `is_active`) VALUES (150, '2017-06-03', 520.00, 246.50, 0.00, 0.00, 0.00, 618.00, 0.00, 0.00, 0.00, NULL, NULL, NULL, NULL, 1);
INSERT INTO `ub_corrispettivi` (`id`, `data`, `corrispettivo`, `pos`, `posBanca`, `satispay`, `sumup`, `totale`, `fatture`, `fattureContante`, `fatturePOS`, `note`, `created_at`, `updated_at`, `sign`, `is_active`) VALUES (151, '2017-06-04', 846.00, 336.50, 0.00, 0.00, 0.00, 896.50, 0.00, 0.00, 0.00, NULL, NULL, NULL, NULL, 1);
INSERT INTO `ub_corrispettivi` (`id`, `data`, `corrispettivo`, `pos`, `posBanca`, `satispay`, `sumup`, `totale`, `fatture`, `fattureContante`, `fatturePOS`, `note`, `created_at`, `updated_at`, `sign`, `is_active`) VALUES (152, '2017-06-05', 500.50, 145.50, 0.00, 0.00, 0.00, 508.00, 0.00, 0.00, 0.00, NULL, NULL, NULL, NULL, 1);
INSERT INTO `ub_corrispettivi` (`id`, `data`, `corrispettivo`, `pos`, `posBanca`, `satispay`, `sumup`, `totale`, `fatture`, `fattureContante`, `fatturePOS`, `note`, `created_at`, `updated_at`, `sign`, `is_active`) VALUES (153, '2017-06-06', 610.00, 247.00, 0.00, 0.00, 0.00, 632.00, 0.00, 0.00, 0.00, NULL, NULL, NULL, NULL, 1);
INSERT INTO `ub_corrispettivi` (`id`, `data`, `corrispettivo`, `pos`, `posBanca`, `satispay`, `sumup`, `totale`, `fatture`, `fattureContante`, `fatturePOS`, `note`, `created_at`, `updated_at`, `sign`, `is_active`) VALUES (154, '2017-06-07', 666.50, 259.00, 0.00, 0.00, 0.00, 732.50, 0.00, 0.00, 0.00, NULL, NULL, NULL, NULL, 1);
INSERT INTO `ub_corrispettivi` (`id`, `data`, `corrispettivo`, `pos`, `posBanca`, `satispay`, `sumup`, `totale`, `fatture`, `fattureContante`, `fatturePOS`, `note`, `created_at`, `updated_at`, `sign`, `is_active`) VALUES (155, '2017-06-08', 674.50, 128.50, 0.00, 0.00, 0.00, 780.50, 0.00, 0.00, 0.00, NULL, NULL, NULL, NULL, 1);
INSERT INTO `ub_corrispettivi` (`id`, `data`, `corrispettivo`, `pos`, `posBanca`, `satispay`, `sumup`, `totale`, `fatture`, `fattureContante`, `fatturePOS`, `note`, `created_at`, `updated_at`, `sign`, `is_active`) VALUES (156, '2017-06-09', 1434.50, 551.50, 0.00, 0.00, 0.00, 1600.00, 0.00, 0.00, 0.00, NULL, NULL, NULL, NULL, 1);
INSERT INTO `ub_corrispettivi` (`id`, `data`, `corrispettivo`, `pos`, `posBanca`, `satispay`, `sumup`, `totale`, `fatture`, `fattureContante`, `fatturePOS`, `note`, `created_at`, `updated_at`, `sign`, `is_active`) VALUES (157, '2017-06-10', 1659.50, 366.00, 0.00, 0.00, 0.00, 1772.00, 0.00, 0.00, 0.00, NULL, NULL, NULL, NULL, 1);
INSERT INTO `ub_corrispettivi` (`id`, `data`, `corrispettivo`, `pos`, `posBanca`, `satispay`, `sumup`, `totale`, `fatture`, `fattureContante`, `fatturePOS`, `note`, `created_at`, `updated_at`, `sign`, `is_active`) VALUES (158, '2017-06-11', 929.00, 343.50, 0.00, 0.00, 0.00, 983.00, 0.00, 0.00, 0.00, NULL, NULL, NULL, NULL, 1);
INSERT INTO `ub_corrispettivi` (`id`, `data`, `corrispettivo`, `pos`, `posBanca`, `satispay`, `sumup`, `totale`, `fatture`, `fattureContante`, `fatturePOS`, `note`, `created_at`, `updated_at`, `sign`, `is_active`) VALUES (159, '2017-06-12', 558.50, 153.50, 0.00, 0.00, 0.00, 647.00, 0.00, 0.00, 0.00, NULL, NULL, NULL, NULL, 1);
INSERT INTO `ub_corrispettivi` (`id`, `data`, `corrispettivo`, `pos`, `posBanca`, `satispay`, `sumup`, `totale`, `fatture`, `fattureContante`, `fatturePOS`, `note`, `created_at`, `updated_at`, `sign`, `is_active`) VALUES (160, '2017-06-13', 470.50, 154.50, 0.00, 0.00, 0.00, 624.50, 97.50, 0.00, 0.00, NULL, NULL, NULL, NULL, 1);
INSERT INTO `ub_corrispettivi` (`id`, `data`, `corrispettivo`, `pos`, `posBanca`, `satispay`, `sumup`, `totale`, `fatture`, `fattureContante`, `fatturePOS`, `note`, `created_at`, `updated_at`, `sign`, `is_active`) VALUES (161, '2017-06-14', 630.00, 231.00, 0.00, 0.00, 0.00, 793.00, 27.00, 0.00, 0.00, NULL, NULL, NULL, NULL, 1);
INSERT INTO `ub_corrispettivi` (`id`, `data`, `corrispettivo`, `pos`, `posBanca`, `satispay`, `sumup`, `totale`, `fatture`, `fattureContante`, `fatturePOS`, `note`, `created_at`, `updated_at`, `sign`, `is_active`) VALUES (162, '2017-06-15', 1083.00, 387.00, 0.00, 0.00, 0.00, 1273.50, 0.00, 0.00, 0.00, NULL, NULL, NULL, NULL, 1);
INSERT INTO `ub_corrispettivi` (`id`, `data`, `corrispettivo`, `pos`, `posBanca`, `satispay`, `sumup`, `totale`, `fatture`, `fattureContante`, `fatturePOS`, `note`, `created_at`, `updated_at`, `sign`, `is_active`) VALUES (163, '2017-06-16', 1065.00, 412.00, 0.00, 0.00, 0.00, 1266.00, 0.00, 0.00, 0.00, NULL, NULL, NULL, NULL, 1);
INSERT INTO `ub_corrispettivi` (`id`, `data`, `corrispettivo`, `pos`, `posBanca`, `satispay`, `sumup`, `totale`, `fatture`, `fattureContante`, `fatturePOS`, `note`, `created_at`, `updated_at`, `sign`, `is_active`) VALUES (164, '2017-06-17', 1046.50, 134.00, 0.00, 0.00, 0.00, 1301.00, 0.00, 0.00, 0.00, NULL, NULL, NULL, NULL, 1);
INSERT INTO `ub_corrispettivi` (`id`, `data`, `corrispettivo`, `pos`, `posBanca`, `satispay`, `sumup`, `totale`, `fatture`, `fattureContante`, `fatturePOS`, `note`, `created_at`, `updated_at`, `sign`, `is_active`) VALUES (165, '2017-06-18', 0.00, 0.00, 0.00, 0.00, 0.00, 0.00, 0.00, 0.00, 0.00, NULL, NULL, NULL, NULL, 1);
INSERT INTO `ub_corrispettivi` (`id`, `data`, `corrispettivo`, `pos`, `posBanca`, `satispay`, `sumup`, `totale`, `fatture`, `fattureContante`, `fatturePOS`, `note`, `created_at`, `updated_at`, `sign`, `is_active`) VALUES (166, '2017-06-19', 610.00, 264.00, 0.00, 0.00, 0.00, 626.50, 0.00, 0.00, 0.00, NULL, NULL, NULL, NULL, 1);
INSERT INTO `ub_corrispettivi` (`id`, `data`, `corrispettivo`, `pos`, `posBanca`, `satispay`, `sumup`, `totale`, `fatture`, `fattureContante`, `fatturePOS`, `note`, `created_at`, `updated_at`, `sign`, `is_active`) VALUES (167, '2017-06-20', 730.50, 114.50, 0.00, 0.00, 0.00, 819.50, 0.00, 0.00, 0.00, NULL, NULL, NULL, NULL, 1);
INSERT INTO `ub_corrispettivi` (`id`, `data`, `corrispettivo`, `pos`, `posBanca`, `satispay`, `sumup`, `totale`, `fatture`, `fattureContante`, `fatturePOS`, `note`, `created_at`, `updated_at`, `sign`, `is_active`) VALUES (168, '2017-06-21', 810.00, 316.50, 0.00, 0.00, 0.00, 895.00, 0.00, 0.00, 0.00, NULL, NULL, NULL, NULL, 1);
INSERT INTO `ub_corrispettivi` (`id`, `data`, `corrispettivo`, `pos`, `posBanca`, `satispay`, `sumup`, `totale`, `fatture`, `fattureContante`, `fatturePOS`, `note`, `created_at`, `updated_at`, `sign`, `is_active`) VALUES (169, '2017-06-22', 605.00, 101.50, 0.00, 0.00, 0.00, 691.00, 0.00, 0.00, 0.00, NULL, NULL, NULL, NULL, 1);
INSERT INTO `ub_corrispettivi` (`id`, `data`, `corrispettivo`, `pos`, `posBanca`, `satispay`, `sumup`, `totale`, `fatture`, `fattureContante`, `fatturePOS`, `note`, `created_at`, `updated_at`, `sign`, `is_active`) VALUES (170, '2017-06-23', 1203.00, 522.50, 0.00, 0.00, 0.00, 1288.50, 0.00, 0.00, 0.00, NULL, NULL, NULL, NULL, 1);
INSERT INTO `ub_corrispettivi` (`id`, `data`, `corrispettivo`, `pos`, `posBanca`, `satispay`, `sumup`, `totale`, `fatture`, `fattureContante`, `fatturePOS`, `note`, `created_at`, `updated_at`, `sign`, `is_active`) VALUES (171, '2017-06-24', 1412.00, 388.00, 0.00, 0.00, 0.00, 1578.00, 0.00, 0.00, 0.00, NULL, NULL, NULL, NULL, 1);
INSERT INTO `ub_corrispettivi` (`id`, `data`, `corrispettivo`, `pos`, `posBanca`, `satispay`, `sumup`, `totale`, `fatture`, `fattureContante`, `fatturePOS`, `note`, `created_at`, `updated_at`, `sign`, `is_active`) VALUES (172, '2017-06-25', 0.00, 0.00, 0.00, 0.00, 0.00, 0.00, 0.00, 0.00, 0.00, NULL, NULL, NULL, NULL, 1);
INSERT INTO `ub_corrispettivi` (`id`, `data`, `corrispettivo`, `pos`, `posBanca`, `satispay`, `sumup`, `totale`, `fatture`, `fattureContante`, `fatturePOS`, `note`, `created_at`, `updated_at`, `sign`, `is_active`) VALUES (173, '2017-06-26', 0.00, 0.00, 0.00, 0.00, 0.00, 0.00, 0.00, 0.00, 0.00, NULL, NULL, NULL, NULL, 1);
INSERT INTO `ub_corrispettivi` (`id`, `data`, `corrispettivo`, `pos`, `posBanca`, `satispay`, `sumup`, `totale`, `fatture`, `fattureContante`, `fatturePOS`, `note`, `created_at`, `updated_at`, `sign`, `is_active`) VALUES (174, '2017-06-27', 0.00, 0.00, 0.00, 0.00, 0.00, 0.00, 0.00, 0.00, 0.00, NULL, NULL, NULL, NULL, 1);
INSERT INTO `ub_corrispettivi` (`id`, `data`, `corrispettivo`, `pos`, `posBanca`, `satispay`, `sumup`, `totale`, `fatture`, `fattureContante`, `fatturePOS`, `note`, `created_at`, `updated_at`, `sign`, `is_active`) VALUES (175, '2017-06-28', 0.00, 0.00, 0.00, 0.00, 0.00, 0.00, 0.00, 0.00, 0.00, NULL, NULL, NULL, NULL, 1);
INSERT INTO `ub_corrispettivi` (`id`, `data`, `corrispettivo`, `pos`, `posBanca`, `satispay`, `sumup`, `totale`, `fatture`, `fattureContante`, `fatturePOS`, `note`, `created_at`, `updated_at`, `sign`, `is_active`) VALUES (176, '2017-06-29', 0.00, 0.00, 0.00, 0.00, 0.00, 0.00, 0.00, 0.00, 0.00, NULL, NULL, NULL, NULL, 1);
INSERT INTO `ub_corrispettivi` (`id`, `data`, `corrispettivo`, `pos`, `posBanca`, `satispay`, `sumup`, `totale`, `fatture`, `fattureContante`, `fatturePOS`, `note`, `created_at`, `updated_at`, `sign`, `is_active`) VALUES (177, '2017-06-30', 0.00, 0.00, 0.00, 0.00, 0.00, 0.00, 1.00, 0.00, 0.00, NULL, NULL, NULL, NULL, 1);
INSERT INTO `ub_corrispettivi` (`id`, `data`, `corrispettivo`, `pos`, `posBanca`, `satispay`, `sumup`, `totale`, `fatture`, `fattureContante`, `fatturePOS`, `note`, `created_at`, `updated_at`, `sign`, `is_active`) VALUES (178, '2017-07-02', 0.00, 0.00, 0.00, 0.00, 0.00, 0.00, 0.00, 0.00, 0.00, NULL, NULL, NULL, NULL, 1);
INSERT INTO `ub_corrispettivi` (`id`, `data`, `corrispettivo`, `pos`, `posBanca`, `satispay`, `sumup`, `totale`, `fatture`, `fattureContante`, `fatturePOS`, `note`, `created_at`, `updated_at`, `sign`, `is_active`) VALUES (179, '2017-07-03', 965.50, 234.00, 0.00, 0.00, 0.00, 1068.00, 0.00, 0.00, 0.00, NULL, NULL, NULL, NULL, 1);
INSERT INTO `ub_corrispettivi` (`id`, `data`, `corrispettivo`, `pos`, `posBanca`, `satispay`, `sumup`, `totale`, `fatture`, `fattureContante`, `fatturePOS`, `note`, `created_at`, `updated_at`, `sign`, `is_active`) VALUES (180, '2017-07-04', 1077.00, 589.00, 0.00, 0.00, 0.00, 1092.50, 0.00, 0.00, 0.00, NULL, NULL, NULL, NULL, 1);
INSERT INTO `ub_corrispettivi` (`id`, `data`, `corrispettivo`, `pos`, `posBanca`, `satispay`, `sumup`, `totale`, `fatture`, `fattureContante`, `fatturePOS`, `note`, `created_at`, `updated_at`, `sign`, `is_active`) VALUES (181, '2017-07-05', 575.50, 238.50, 0.00, 0.00, 0.00, 643.50, 0.00, 0.00, 0.00, NULL, NULL, NULL, NULL, 1);
INSERT INTO `ub_corrispettivi` (`id`, `data`, `corrispettivo`, `pos`, `posBanca`, `satispay`, `sumup`, `totale`, `fatture`, `fattureContante`, `fatturePOS`, `note`, `created_at`, `updated_at`, `sign`, `is_active`) VALUES (182, '2017-07-06', 883.00, 456.00, 0.00, 0.00, 0.00, 998.50, 0.00, 0.00, 0.00, NULL, NULL, NULL, NULL, 1);
INSERT INTO `ub_corrispettivi` (`id`, `data`, `corrispettivo`, `pos`, `posBanca`, `satispay`, `sumup`, `totale`, `fatture`, `fattureContante`, `fatturePOS`, `note`, `created_at`, `updated_at`, `sign`, `is_active`) VALUES (183, '2017-07-07', 1369.50, 302.50, 0.00, 0.00, 0.00, 1530.00, 0.00, 0.00, 0.00, NULL, NULL, NULL, NULL, 1);
INSERT INTO `ub_corrispettivi` (`id`, `data`, `corrispettivo`, `pos`, `posBanca`, `satispay`, `sumup`, `totale`, `fatture`, `fattureContante`, `fatturePOS`, `note`, `created_at`, `updated_at`, `sign`, `is_active`) VALUES (184, '2017-07-08', 1485.00, 397.00, 0.00, 0.00, 0.00, 1628.50, 0.00, 0.00, 0.00, NULL, NULL, NULL, NULL, 1);
INSERT INTO `ub_corrispettivi` (`id`, `data`, `corrispettivo`, `pos`, `posBanca`, `satispay`, `sumup`, `totale`, `fatture`, `fattureContante`, `fatturePOS`, `note`, `created_at`, `updated_at`, `sign`, `is_active`) VALUES (185, '2017-07-09', 833.00, 180.50, 0.00, 0.00, 0.00, 957.50, 0.00, 0.00, 0.00, NULL, NULL, NULL, NULL, 1);
INSERT INTO `ub_corrispettivi` (`id`, `data`, `corrispettivo`, `pos`, `posBanca`, `satispay`, `sumup`, `totale`, `fatture`, `fattureContante`, `fatturePOS`, `note`, `created_at`, `updated_at`, `sign`, `is_active`) VALUES (186, '2017-07-10', 456.50, 107.50, 0.00, 0.00, 0.00, 479.00, 0.00, 0.00, 0.00, NULL, NULL, NULL, NULL, 1);
INSERT INTO `ub_corrispettivi` (`id`, `data`, `corrispettivo`, `pos`, `posBanca`, `satispay`, `sumup`, `totale`, `fatture`, `fattureContante`, `fatturePOS`, `note`, `created_at`, `updated_at`, `sign`, `is_active`) VALUES (187, '2017-07-11', 648.00, 306.50, 0.00, 0.00, 0.00, 673.50, 0.00, 0.00, 0.00, NULL, NULL, NULL, NULL, 1);
INSERT INTO `ub_corrispettivi` (`id`, `data`, `corrispettivo`, `pos`, `posBanca`, `satispay`, `sumup`, `totale`, `fatture`, `fattureContante`, `fatturePOS`, `note`, `created_at`, `updated_at`, `sign`, `is_active`) VALUES (188, '2017-07-12', 715.50, 239.00, 0.00, 0.00, 0.00, 912.50, 0.00, 0.00, 0.00, NULL, NULL, NULL, NULL, 1);
INSERT INTO `ub_corrispettivi` (`id`, `data`, `corrispettivo`, `pos`, `posBanca`, `satispay`, `sumup`, `totale`, `fatture`, `fattureContante`, `fatturePOS`, `note`, `created_at`, `updated_at`, `sign`, `is_active`) VALUES (189, '2017-07-13', 890.00, 398.00, 0.00, 0.00, 0.00, 941.50, 0.00, 0.00, 0.00, NULL, NULL, NULL, NULL, 1);
INSERT INTO `ub_corrispettivi` (`id`, `data`, `corrispettivo`, `pos`, `posBanca`, `satispay`, `sumup`, `totale`, `fatture`, `fattureContante`, `fatturePOS`, `note`, `created_at`, `updated_at`, `sign`, `is_active`) VALUES (190, '2017-07-14', 741.00, 106.50, 0.00, 0.00, 0.00, 797.00, 0.00, 0.00, 0.00, NULL, NULL, NULL, NULL, 1);
INSERT INTO `ub_corrispettivi` (`id`, `data`, `corrispettivo`, `pos`, `posBanca`, `satispay`, `sumup`, `totale`, `fatture`, `fattureContante`, `fatturePOS`, `note`, `created_at`, `updated_at`, `sign`, `is_active`) VALUES (191, '2017-07-15', 1541.00, 419.50, 0.00, 0.00, 0.00, 1644.50, 0.00, 0.00, 0.00, NULL, NULL, NULL, NULL, 1);
INSERT INTO `ub_corrispettivi` (`id`, `data`, `corrispettivo`, `pos`, `posBanca`, `satispay`, `sumup`, `totale`, `fatture`, `fattureContante`, `fatturePOS`, `note`, `created_at`, `updated_at`, `sign`, `is_active`) VALUES (192, '2017-07-16', 867.00, 224.00, 0.00, 0.00, 0.00, 999.00, 0.00, 0.00, 0.00, NULL, NULL, NULL, NULL, 1);
INSERT INTO `ub_corrispettivi` (`id`, `data`, `corrispettivo`, `pos`, `posBanca`, `satispay`, `sumup`, `totale`, `fatture`, `fattureContante`, `fatturePOS`, `note`, `created_at`, `updated_at`, `sign`, `is_active`) VALUES (193, '2017-07-17', 479.00, 168.50, 0.00, 0.00, 0.00, 555.50, 0.00, 0.00, 0.00, NULL, NULL, NULL, NULL, 1);
INSERT INTO `ub_corrispettivi` (`id`, `data`, `corrispettivo`, `pos`, `posBanca`, `satispay`, `sumup`, `totale`, `fatture`, `fattureContante`, `fatturePOS`, `note`, `created_at`, `updated_at`, `sign`, `is_active`) VALUES (194, '2017-07-18', 952.50, 284.00, 0.00, 0.00, 0.00, 1057.50, 0.00, 0.00, 0.00, NULL, NULL, NULL, NULL, 1);
INSERT INTO `ub_corrispettivi` (`id`, `data`, `corrispettivo`, `pos`, `posBanca`, `satispay`, `sumup`, `totale`, `fatture`, `fattureContante`, `fatturePOS`, `note`, `created_at`, `updated_at`, `sign`, `is_active`) VALUES (195, '2017-07-19', 789.50, 223.50, 0.00, 0.00, 0.00, 899.00, 0.00, 0.00, 0.00, NULL, NULL, NULL, NULL, 1);
INSERT INTO `ub_corrispettivi` (`id`, `data`, `corrispettivo`, `pos`, `posBanca`, `satispay`, `sumup`, `totale`, `fatture`, `fattureContante`, `fatturePOS`, `note`, `created_at`, `updated_at`, `sign`, `is_active`) VALUES (196, '2017-07-20', 1328.50, 419.50, 0.00, 0.00, 0.00, 1426.00, 0.00, 0.00, 0.00, NULL, NULL, NULL, NULL, 1);
INSERT INTO `ub_corrispettivi` (`id`, `data`, `corrispettivo`, `pos`, `posBanca`, `satispay`, `sumup`, `totale`, `fatture`, `fattureContante`, `fatturePOS`, `note`, `created_at`, `updated_at`, `sign`, `is_active`) VALUES (197, '2017-07-21', 831.00, 97.50, 0.00, 0.00, 0.00, 907.00, 0.00, 0.00, 0.00, NULL, NULL, NULL, NULL, 1);
INSERT INTO `ub_corrispettivi` (`id`, `data`, `corrispettivo`, `pos`, `posBanca`, `satispay`, `sumup`, `totale`, `fatture`, `fattureContante`, `fatturePOS`, `note`, `created_at`, `updated_at`, `sign`, `is_active`) VALUES (198, '2017-07-22', 1427.50, 358.50, 0.00, 0.00, 0.00, 1450.00, 0.00, 0.00, 0.00, NULL, NULL, NULL, NULL, 1);
INSERT INTO `ub_corrispettivi` (`id`, `data`, `corrispettivo`, `pos`, `posBanca`, `satispay`, `sumup`, `totale`, `fatture`, `fattureContante`, `fatturePOS`, `note`, `created_at`, `updated_at`, `sign`, `is_active`) VALUES (199, '2017-07-23', 604.50, 178.50, 0.00, 0.00, 0.00, 680.50, 0.00, 0.00, 0.00, NULL, NULL, NULL, NULL, 1);
INSERT INTO `ub_corrispettivi` (`id`, `data`, `corrispettivo`, `pos`, `posBanca`, `satispay`, `sumup`, `totale`, `fatture`, `fattureContante`, `fatturePOS`, `note`, `created_at`, `updated_at`, `sign`, `is_active`) VALUES (200, '2017-07-24', 720.50, 220.50, 0.00, 0.00, 0.00, 770.50, 0.00, 0.00, 0.00, NULL, NULL, NULL, NULL, 1);
INSERT INTO `ub_corrispettivi` (`id`, `data`, `corrispettivo`, `pos`, `posBanca`, `satispay`, `sumup`, `totale`, `fatture`, `fattureContante`, `fatturePOS`, `note`, `created_at`, `updated_at`, `sign`, `is_active`) VALUES (201, '2017-07-25', 1137.00, 566.50, 0.00, 0.00, 0.00, 1187.50, 0.00, 0.00, 0.00, NULL, NULL, NULL, NULL, 1);
INSERT INTO `ub_corrispettivi` (`id`, `data`, `corrispettivo`, `pos`, `posBanca`, `satispay`, `sumup`, `totale`, `fatture`, `fattureContante`, `fatturePOS`, `note`, `created_at`, `updated_at`, `sign`, `is_active`) VALUES (202, '2017-07-26', 882.50, 390.00, 0.00, 0.00, 0.00, 974.50, 0.00, 0.00, 0.00, NULL, NULL, NULL, NULL, 1);
INSERT INTO `ub_corrispettivi` (`id`, `data`, `corrispettivo`, `pos`, `posBanca`, `satispay`, `sumup`, `totale`, `fatture`, `fattureContante`, `fatturePOS`, `note`, `created_at`, `updated_at`, `sign`, `is_active`) VALUES (203, '2017-07-27', 1181.00, 381.00, 0.00, 0.00, 0.00, 1187.00, 0.00, 0.00, 0.00, NULL, NULL, NULL, NULL, 1);
INSERT INTO `ub_corrispettivi` (`id`, `data`, `corrispettivo`, `pos`, `posBanca`, `satispay`, `sumup`, `totale`, `fatture`, `fattureContante`, `fatturePOS`, `note`, `created_at`, `updated_at`, `sign`, `is_active`) VALUES (204, '2017-07-28', 640.00, 244.00, 0.00, 0.00, 0.00, 820.50, 0.00, 0.00, 0.00, NULL, NULL, NULL, NULL, 1);
INSERT INTO `ub_corrispettivi` (`id`, `data`, `corrispettivo`, `pos`, `posBanca`, `satispay`, `sumup`, `totale`, `fatture`, `fattureContante`, `fatturePOS`, `note`, `created_at`, `updated_at`, `sign`, `is_active`) VALUES (205, '2017-07-29', 1166.00, 593.00, 0.00, 0.00, 0.00, 1392.50, 39.00, 0.00, 0.00, NULL, NULL, NULL, NULL, 1);
INSERT INTO `ub_corrispettivi` (`id`, `data`, `corrispettivo`, `pos`, `posBanca`, `satispay`, `sumup`, `totale`, `fatture`, `fattureContante`, `fatturePOS`, `note`, `created_at`, `updated_at`, `sign`, `is_active`) VALUES (206, '2017-07-30', 1301.00, 600.50, 0.00, 0.00, 0.00, 1348.50, 0.00, 0.00, 0.00, NULL, NULL, NULL, NULL, 1);
INSERT INTO `ub_corrispettivi` (`id`, `data`, `corrispettivo`, `pos`, `posBanca`, `satispay`, `sumup`, `totale`, `fatture`, `fattureContante`, `fatturePOS`, `note`, `created_at`, `updated_at`, `sign`, `is_active`) VALUES (207, '2017-07-31', 652.50, 55.50, 0.00, 0.00, 0.00, 704.00, 0.00, 0.00, 0.00, NULL, NULL, NULL, NULL, 1);
INSERT INTO `ub_corrispettivi` (`id`, `data`, `corrispettivo`, `pos`, `posBanca`, `satispay`, `sumup`, `totale`, `fatture`, `fattureContante`, `fatturePOS`, `note`, `created_at`, `updated_at`, `sign`, `is_active`) VALUES (208, '2017-05-02', 514.00, 124.00, 0.00, 0.00, 0.00, 640.00, 0.00, 0.00, 0.00, NULL, NULL, NULL, NULL, 1);
INSERT INTO `ub_corrispettivi` (`id`, `data`, `corrispettivo`, `pos`, `posBanca`, `satispay`, `sumup`, `totale`, `fatture`, `fattureContante`, `fatturePOS`, `note`, `created_at`, `updated_at`, `sign`, `is_active`) VALUES (209, '2017-05-03', 407.50, 250.00, 0.00, 0.00, 0.00, 419.50, 0.00, 0.00, 0.00, NULL, NULL, NULL, NULL, 1);
INSERT INTO `ub_corrispettivi` (`id`, `data`, `corrispettivo`, `pos`, `posBanca`, `satispay`, `sumup`, `totale`, `fatture`, `fattureContante`, `fatturePOS`, `note`, `created_at`, `updated_at`, `sign`, `is_active`) VALUES (210, '2017-05-04', 1318.00, 214.00, 0.00, 0.00, 0.00, 1385.50, 0.00, 0.00, 0.00, NULL, NULL, NULL, NULL, 1);
INSERT INTO `ub_corrispettivi` (`id`, `data`, `corrispettivo`, `pos`, `posBanca`, `satispay`, `sumup`, `totale`, `fatture`, `fattureContante`, `fatturePOS`, `note`, `created_at`, `updated_at`, `sign`, `is_active`) VALUES (211, '2017-05-05', 888.50, 331.00, 0.00, 0.00, 0.00, 1004.00, 0.00, 0.00, 0.00, NULL, NULL, NULL, NULL, 1);
INSERT INTO `ub_corrispettivi` (`id`, `data`, `corrispettivo`, `pos`, `posBanca`, `satispay`, `sumup`, `totale`, `fatture`, `fattureContante`, `fatturePOS`, `note`, `created_at`, `updated_at`, `sign`, `is_active`) VALUES (212, '2017-05-06', 1691.50, 571.50, 0.00, 0.00, 0.00, 1833.00, 0.00, 0.00, 0.00, NULL, NULL, NULL, NULL, 1);
INSERT INTO `ub_corrispettivi` (`id`, `data`, `corrispettivo`, `pos`, `posBanca`, `satispay`, `sumup`, `totale`, `fatture`, `fattureContante`, `fatturePOS`, `note`, `created_at`, `updated_at`, `sign`, `is_active`) VALUES (213, '2017-05-07', 1054.00, 251.00, 0.00, 0.00, 0.00, 1077.00, 0.00, 0.00, 0.00, NULL, NULL, NULL, NULL, 1);
INSERT INTO `ub_corrispettivi` (`id`, `data`, `corrispettivo`, `pos`, `posBanca`, `satispay`, `sumup`, `totale`, `fatture`, `fattureContante`, `fatturePOS`, `note`, `created_at`, `updated_at`, `sign`, `is_active`) VALUES (214, '2017-05-08', 817.00, 282.50, 0.00, 0.00, 0.00, 850.50, 0.00, 0.00, 0.00, NULL, NULL, NULL, NULL, 1);
INSERT INTO `ub_corrispettivi` (`id`, `data`, `corrispettivo`, `pos`, `posBanca`, `satispay`, `sumup`, `totale`, `fatture`, `fattureContante`, `fatturePOS`, `note`, `created_at`, `updated_at`, `sign`, `is_active`) VALUES (215, '2017-05-09', 476.40, 238.90, 0.00, 0.00, 0.00, 497.90, 0.00, 0.00, 0.00, NULL, NULL, NULL, NULL, 1);
INSERT INTO `ub_corrispettivi` (`id`, `data`, `corrispettivo`, `pos`, `posBanca`, `satispay`, `sumup`, `totale`, `fatture`, `fattureContante`, `fatturePOS`, `note`, `created_at`, `updated_at`, `sign`, `is_active`) VALUES (216, '2017-05-10', 769.50, 306.50, 0.00, 0.00, 0.00, 793.50, 0.00, 0.00, 0.00, NULL, NULL, NULL, NULL, 1);
INSERT INTO `ub_corrispettivi` (`id`, `data`, `corrispettivo`, `pos`, `posBanca`, `satispay`, `sumup`, `totale`, `fatture`, `fattureContante`, `fatturePOS`, `note`, `created_at`, `updated_at`, `sign`, `is_active`) VALUES (217, '2017-05-11', 545.00, 122.00, 0.00, 0.00, 0.00, 599.00, 0.00, 0.00, 0.00, NULL, NULL, NULL, NULL, 1);
INSERT INTO `ub_corrispettivi` (`id`, `data`, `corrispettivo`, `pos`, `posBanca`, `satispay`, `sumup`, `totale`, `fatture`, `fattureContante`, `fatturePOS`, `note`, `created_at`, `updated_at`, `sign`, `is_active`) VALUES (218, '2017-05-12', 1680.50, 559.00, 0.00, 0.00, 0.00, 1739.00, 0.00, 0.00, 0.00, NULL, NULL, NULL, NULL, 1);
INSERT INTO `ub_corrispettivi` (`id`, `data`, `corrispettivo`, `pos`, `posBanca`, `satispay`, `sumup`, `totale`, `fatture`, `fattureContante`, `fatturePOS`, `note`, `created_at`, `updated_at`, `sign`, `is_active`) VALUES (219, '2017-05-13', 1476.00, 527.50, 0.00, 0.00, 0.00, 1591.00, 0.00, 0.00, 0.00, NULL, NULL, NULL, NULL, 1);
INSERT INTO `ub_corrispettivi` (`id`, `data`, `corrispettivo`, `pos`, `posBanca`, `satispay`, `sumup`, `totale`, `fatture`, `fattureContante`, `fatturePOS`, `note`, `created_at`, `updated_at`, `sign`, `is_active`) VALUES (220, '2017-05-14', 1151.50, 510.00, 0.00, 0.00, 0.00, 1174.50, 0.00, 0.00, 0.00, NULL, NULL, NULL, NULL, 1);
INSERT INTO `ub_corrispettivi` (`id`, `data`, `corrispettivo`, `pos`, `posBanca`, `satispay`, `sumup`, `totale`, `fatture`, `fattureContante`, `fatturePOS`, `note`, `created_at`, `updated_at`, `sign`, `is_active`) VALUES (221, '2017-05-15', 316.50, 100.50, 0.00, 0.00, 0.00, 340.50, 0.00, 0.00, 0.00, NULL, NULL, NULL, NULL, 1);
INSERT INTO `ub_corrispettivi` (`id`, `data`, `corrispettivo`, `pos`, `posBanca`, `satispay`, `sumup`, `totale`, `fatture`, `fattureContante`, `fatturePOS`, `note`, `created_at`, `updated_at`, `sign`, `is_active`) VALUES (222, '2017-05-16', 623.50, 169.00, 0.00, 0.00, 0.00, 626.00, 0.00, 0.00, 0.00, NULL, NULL, NULL, NULL, 1);
INSERT INTO `ub_corrispettivi` (`id`, `data`, `corrispettivo`, `pos`, `posBanca`, `satispay`, `sumup`, `totale`, `fatture`, `fattureContante`, `fatturePOS`, `note`, `created_at`, `updated_at`, `sign`, `is_active`) VALUES (223, '2017-05-17', 619.50, 322.50, 0.00, 0.00, 0.00, 644.50, 0.00, 0.00, 0.00, NULL, NULL, NULL, NULL, 1);
INSERT INTO `ub_corrispettivi` (`id`, `data`, `corrispettivo`, `pos`, `posBanca`, `satispay`, `sumup`, `totale`, `fatture`, `fattureContante`, `fatturePOS`, `note`, `created_at`, `updated_at`, `sign`, `is_active`) VALUES (224, '2017-05-18', 893.50, 347.50, 0.00, 0.00, 0.00, 910.00, 0.00, 0.00, 0.00, NULL, NULL, NULL, NULL, 1);
INSERT INTO `ub_corrispettivi` (`id`, `data`, `corrispettivo`, `pos`, `posBanca`, `satispay`, `sumup`, `totale`, `fatture`, `fattureContante`, `fatturePOS`, `note`, `created_at`, `updated_at`, `sign`, `is_active`) VALUES (225, '2017-05-19', 1854.00, 803.50, 0.00, 0.00, 0.00, 1998.00, 0.00, 0.00, 0.00, NULL, NULL, NULL, NULL, 1);
INSERT INTO `ub_corrispettivi` (`id`, `data`, `corrispettivo`, `pos`, `posBanca`, `satispay`, `sumup`, `totale`, `fatture`, `fattureContante`, `fatturePOS`, `note`, `created_at`, `updated_at`, `sign`, `is_active`) VALUES (226, '2017-05-20', 1617.00, 631.00, 0.00, 0.00, 0.00, 1704.00, 0.00, 0.00, 0.00, NULL, NULL, NULL, NULL, 1);
INSERT INTO `ub_corrispettivi` (`id`, `data`, `corrispettivo`, `pos`, `posBanca`, `satispay`, `sumup`, `totale`, `fatture`, `fattureContante`, `fatturePOS`, `note`, `created_at`, `updated_at`, `sign`, `is_active`) VALUES (227, '2017-05-21', 979.00, 191.00, 0.00, 0.00, 0.00, 1020.50, 0.00, 0.00, 0.00, NULL, NULL, NULL, NULL, 1);
INSERT INTO `ub_corrispettivi` (`id`, `data`, `corrispettivo`, `pos`, `posBanca`, `satispay`, `sumup`, `totale`, `fatture`, `fattureContante`, `fatturePOS`, `note`, `created_at`, `updated_at`, `sign`, `is_active`) VALUES (228, '2017-05-22', 1305.00, 354.00, 0.00, 0.00, 0.00, 1385.00, 0.00, 0.00, 0.00, NULL, NULL, NULL, NULL, 1);
INSERT INTO `ub_corrispettivi` (`id`, `data`, `corrispettivo`, `pos`, `posBanca`, `satispay`, `sumup`, `totale`, `fatture`, `fattureContante`, `fatturePOS`, `note`, `created_at`, `updated_at`, `sign`, `is_active`) VALUES (229, '2017-05-23', 828.00, 426.00, 0.00, 0.00, 0.00, 876.50, 0.00, 0.00, 0.00, NULL, NULL, NULL, NULL, 1);
INSERT INTO `ub_corrispettivi` (`id`, `data`, `corrispettivo`, `pos`, `posBanca`, `satispay`, `sumup`, `totale`, `fatture`, `fattureContante`, `fatturePOS`, `note`, `created_at`, `updated_at`, `sign`, `is_active`) VALUES (230, '2017-05-24', 675.00, 170.00, 0.00, 0.00, 0.00, 691.50, 0.00, 0.00, 0.00, NULL, NULL, NULL, NULL, 1);
INSERT INTO `ub_corrispettivi` (`id`, `data`, `corrispettivo`, `pos`, `posBanca`, `satispay`, `sumup`, `totale`, `fatture`, `fattureContante`, `fatturePOS`, `note`, `created_at`, `updated_at`, `sign`, `is_active`) VALUES (231, '2017-05-25', 843.00, 316.60, 0.00, 0.00, 0.00, 867.50, 0.00, 0.00, 0.00, NULL, NULL, NULL, NULL, 1);
INSERT INTO `ub_corrispettivi` (`id`, `data`, `corrispettivo`, `pos`, `posBanca`, `satispay`, `sumup`, `totale`, `fatture`, `fattureContante`, `fatturePOS`, `note`, `created_at`, `updated_at`, `sign`, `is_active`) VALUES (232, '2017-05-26', 1663.00, 813.00, 0.00, 0.00, 0.00, 1789.00, 0.00, 0.00, 0.00, NULL, NULL, NULL, NULL, 1);
INSERT INTO `ub_corrispettivi` (`id`, `data`, `corrispettivo`, `pos`, `posBanca`, `satispay`, `sumup`, `totale`, `fatture`, `fattureContante`, `fatturePOS`, `note`, `created_at`, `updated_at`, `sign`, `is_active`) VALUES (233, '2017-05-27', 1991.00, 374.50, 0.00, 0.00, 0.00, 2075.50, 0.00, 0.00, 0.00, NULL, NULL, NULL, NULL, 1);
INSERT INTO `ub_corrispettivi` (`id`, `data`, `corrispettivo`, `pos`, `posBanca`, `satispay`, `sumup`, `totale`, `fatture`, `fattureContante`, `fatturePOS`, `note`, `created_at`, `updated_at`, `sign`, `is_active`) VALUES (234, '2017-05-28', 1157.50, 523.50, 0.00, 0.00, 0.00, 1218.50, 0.00, 0.00, 0.00, NULL, NULL, NULL, NULL, 1);
INSERT INTO `ub_corrispettivi` (`id`, `data`, `corrispettivo`, `pos`, `posBanca`, `satispay`, `sumup`, `totale`, `fatture`, `fattureContante`, `fatturePOS`, `note`, `created_at`, `updated_at`, `sign`, `is_active`) VALUES (235, '2017-05-29', 571.50, 271.00, 0.00, 0.00, 0.00, 578.50, 0.00, 0.00, 0.00, NULL, NULL, NULL, NULL, 1);
INSERT INTO `ub_corrispettivi` (`id`, `data`, `corrispettivo`, `pos`, `posBanca`, `satispay`, `sumup`, `totale`, `fatture`, `fattureContante`, `fatturePOS`, `note`, `created_at`, `updated_at`, `sign`, `is_active`) VALUES (236, '2017-05-30', 727.50, 335.50, 0.00, 0.00, 0.00, 815.50, 0.00, 0.00, 0.00, NULL, NULL, NULL, NULL, 1);
INSERT INTO `ub_corrispettivi` (`id`, `data`, `corrispettivo`, `pos`, `posBanca`, `satispay`, `sumup`, `totale`, `fatture`, `fattureContante`, `fatturePOS`, `note`, `created_at`, `updated_at`, `sign`, `is_active`) VALUES (237, '2017-05-31', 1159.50, 388.50, 0.00, 0.00, 0.00, 1220.50, 0.00, 0.00, 0.00, NULL, NULL, NULL, NULL, 1);
INSERT INTO `ub_corrispettivi` (`id`, `data`, `corrispettivo`, `pos`, `posBanca`, `satispay`, `sumup`, `totale`, `fatture`, `fattureContante`, `fatturePOS`, `note`, `created_at`, `updated_at`, `sign`, `is_active`) VALUES (238, '2017-03-02', 704.00, 206.00, 0.00, 0.00, 0.00, 841.00, 0.00, 0.00, 0.00, NULL, NULL, NULL, NULL, 1);
INSERT INTO `ub_corrispettivi` (`id`, `data`, `corrispettivo`, `pos`, `posBanca`, `satispay`, `sumup`, `totale`, `fatture`, `fattureContante`, `fatturePOS`, `note`, `created_at`, `updated_at`, `sign`, `is_active`) VALUES (239, '2017-03-03', 1420.50, 380.50, 0.00, 0.00, 0.00, 1533.00, 0.00, 0.00, 0.00, NULL, NULL, NULL, NULL, 1);
INSERT INTO `ub_corrispettivi` (`id`, `data`, `corrispettivo`, `pos`, `posBanca`, `satispay`, `sumup`, `totale`, `fatture`, `fattureContante`, `fatturePOS`, `note`, `created_at`, `updated_at`, `sign`, `is_active`) VALUES (240, '2017-03-04', 1664.50, 523.00, 0.00, 0.00, 0.00, 1859.00, 0.00, 0.00, 0.00, NULL, NULL, NULL, NULL, 1);
INSERT INTO `ub_corrispettivi` (`id`, `data`, `corrispettivo`, `pos`, `posBanca`, `satispay`, `sumup`, `totale`, `fatture`, `fattureContante`, `fatturePOS`, `note`, `created_at`, `updated_at`, `sign`, `is_active`) VALUES (241, '2017-03-05', 1307.50, 363.50, 0.00, 0.00, 0.00, 1335.50, 0.00, 0.00, 0.00, NULL, NULL, NULL, NULL, 1);
INSERT INTO `ub_corrispettivi` (`id`, `data`, `corrispettivo`, `pos`, `posBanca`, `satispay`, `sumup`, `totale`, `fatture`, `fattureContante`, `fatturePOS`, `note`, `created_at`, `updated_at`, `sign`, `is_active`) VALUES (242, '2017-03-06', 502.00, 229.50, 0.00, 0.00, 0.00, 568.00, 0.00, 0.00, 0.00, NULL, NULL, NULL, NULL, 1);
INSERT INTO `ub_corrispettivi` (`id`, `data`, `corrispettivo`, `pos`, `posBanca`, `satispay`, `sumup`, `totale`, `fatture`, `fattureContante`, `fatturePOS`, `note`, `created_at`, `updated_at`, `sign`, `is_active`) VALUES (243, '2017-03-07', 539.00, 53.50, 0.00, 0.00, 0.00, 564.00, 0.00, 0.00, 0.00, NULL, NULL, NULL, NULL, 1);
INSERT INTO `ub_corrispettivi` (`id`, `data`, `corrispettivo`, `pos`, `posBanca`, `satispay`, `sumup`, `totale`, `fatture`, `fattureContante`, `fatturePOS`, `note`, `created_at`, `updated_at`, `sign`, `is_active`) VALUES (244, '2017-03-08', 1023.00, 295.00, 0.00, 0.00, 0.00, 1274.50, 0.00, 0.00, 0.00, NULL, NULL, NULL, NULL, 1);
INSERT INTO `ub_corrispettivi` (`id`, `data`, `corrispettivo`, `pos`, `posBanca`, `satispay`, `sumup`, `totale`, `fatture`, `fattureContante`, `fatturePOS`, `note`, `created_at`, `updated_at`, `sign`, `is_active`) VALUES (245, '2017-03-09', 845.50, 280.00, 0.00, 0.00, 0.00, 965.00, 0.00, 0.00, 0.00, NULL, NULL, NULL, NULL, 1);
INSERT INTO `ub_corrispettivi` (`id`, `data`, `corrispettivo`, `pos`, `posBanca`, `satispay`, `sumup`, `totale`, `fatture`, `fattureContante`, `fatturePOS`, `note`, `created_at`, `updated_at`, `sign`, `is_active`) VALUES (246, '2017-03-10', 1479.50, 489.50, 0.00, 0.00, 0.00, 1924.00, 0.00, 0.00, 0.00, NULL, NULL, NULL, NULL, 1);
INSERT INTO `ub_corrispettivi` (`id`, `data`, `corrispettivo`, `pos`, `posBanca`, `satispay`, `sumup`, `totale`, `fatture`, `fattureContante`, `fatturePOS`, `note`, `created_at`, `updated_at`, `sign`, `is_active`) VALUES (247, '2017-03-11', 1627.00, 707.50, 0.00, 0.00, 0.00, 2042.00, 0.00, 0.00, 0.00, NULL, NULL, NULL, NULL, 1);
INSERT INTO `ub_corrispettivi` (`id`, `data`, `corrispettivo`, `pos`, `posBanca`, `satispay`, `sumup`, `totale`, `fatture`, `fattureContante`, `fatturePOS`, `note`, `created_at`, `updated_at`, `sign`, `is_active`) VALUES (248, '2017-03-12', 1157.00, 151.00, 0.00, 0.00, 0.00, 1253.50, 0.00, 0.00, 0.00, NULL, NULL, NULL, NULL, 1);
INSERT INTO `ub_corrispettivi` (`id`, `data`, `corrispettivo`, `pos`, `posBanca`, `satispay`, `sumup`, `totale`, `fatture`, `fattureContante`, `fatturePOS`, `note`, `created_at`, `updated_at`, `sign`, `is_active`) VALUES (249, '2017-03-13', 521.00, 56.00, 0.00, 0.00, 0.00, 559.50, 0.00, 0.00, 0.00, NULL, NULL, NULL, NULL, 1);
INSERT INTO `ub_corrispettivi` (`id`, `data`, `corrispettivo`, `pos`, `posBanca`, `satispay`, `sumup`, `totale`, `fatture`, `fattureContante`, `fatturePOS`, `note`, `created_at`, `updated_at`, `sign`, `is_active`) VALUES (250, '2017-03-14', 661.50, 241.50, 0.00, 0.00, 0.00, 823.50, 0.00, 0.00, 0.00, NULL, NULL, NULL, NULL, 1);
INSERT INTO `ub_corrispettivi` (`id`, `data`, `corrispettivo`, `pos`, `posBanca`, `satispay`, `sumup`, `totale`, `fatture`, `fattureContante`, `fatturePOS`, `note`, `created_at`, `updated_at`, `sign`, `is_active`) VALUES (251, '2017-03-15', 709.00, 430.50, 0.00, 0.00, 0.00, 905.00, 0.00, 0.00, 0.00, NULL, NULL, NULL, NULL, 1);
INSERT INTO `ub_corrispettivi` (`id`, `data`, `corrispettivo`, `pos`, `posBanca`, `satispay`, `sumup`, `totale`, `fatture`, `fattureContante`, `fatturePOS`, `note`, `created_at`, `updated_at`, `sign`, `is_active`) VALUES (252, '2017-03-16', 838.00, 343.50, 0.00, 0.00, 0.00, 923.50, 0.00, 0.00, 0.00, NULL, NULL, NULL, NULL, 1);
INSERT INTO `ub_corrispettivi` (`id`, `data`, `corrispettivo`, `pos`, `posBanca`, `satispay`, `sumup`, `totale`, `fatture`, `fattureContante`, `fatturePOS`, `note`, `created_at`, `updated_at`, `sign`, `is_active`) VALUES (253, '2017-03-17', 1541.50, 387.50, 0.00, 0.00, 0.00, 1732.50, 0.00, 0.00, 0.00, NULL, NULL, NULL, NULL, 1);
INSERT INTO `ub_corrispettivi` (`id`, `data`, `corrispettivo`, `pos`, `posBanca`, `satispay`, `sumup`, `totale`, `fatture`, `fattureContante`, `fatturePOS`, `note`, `created_at`, `updated_at`, `sign`, `is_active`) VALUES (254, '2017-03-18', 1800.50, 658.50, 0.00, 0.00, 0.00, 1838.00, 0.00, 0.00, 0.00, NULL, NULL, NULL, NULL, 1);
INSERT INTO `ub_corrispettivi` (`id`, `data`, `corrispettivo`, `pos`, `posBanca`, `satispay`, `sumup`, `totale`, `fatture`, `fattureContante`, `fatturePOS`, `note`, `created_at`, `updated_at`, `sign`, `is_active`) VALUES (255, '2017-03-19', 1042.50, 515.00, 0.00, 0.00, 0.00, 1413.50, 0.00, 0.00, 0.00, NULL, NULL, NULL, NULL, 1);
INSERT INTO `ub_corrispettivi` (`id`, `data`, `corrispettivo`, `pos`, `posBanca`, `satispay`, `sumup`, `totale`, `fatture`, `fattureContante`, `fatturePOS`, `note`, `created_at`, `updated_at`, `sign`, `is_active`) VALUES (256, '2017-03-20', 485.00, 232.00, 0.00, 0.00, 0.00, 627.00, 0.00, 0.00, 0.00, NULL, NULL, NULL, NULL, 1);
INSERT INTO `ub_corrispettivi` (`id`, `data`, `corrispettivo`, `pos`, `posBanca`, `satispay`, `sumup`, `totale`, `fatture`, `fattureContante`, `fatturePOS`, `note`, `created_at`, `updated_at`, `sign`, `is_active`) VALUES (257, '2017-03-21', 399.50, 205.50, 0.00, 0.00, 0.00, 560.00, 0.00, 0.00, 0.00, NULL, NULL, NULL, NULL, 1);
INSERT INTO `ub_corrispettivi` (`id`, `data`, `corrispettivo`, `pos`, `posBanca`, `satispay`, `sumup`, `totale`, `fatture`, `fattureContante`, `fatturePOS`, `note`, `created_at`, `updated_at`, `sign`, `is_active`) VALUES (258, '2017-03-22', 953.50, 284.50, 0.00, 0.00, 0.00, 1045.00, 0.00, 0.00, 0.00, NULL, NULL, NULL, NULL, 1);
INSERT INTO `ub_corrispettivi` (`id`, `data`, `corrispettivo`, `pos`, `posBanca`, `satispay`, `sumup`, `totale`, `fatture`, `fattureContante`, `fatturePOS`, `note`, `created_at`, `updated_at`, `sign`, `is_active`) VALUES (259, '2017-03-23', 1258.50, 538.50, 0.00, 0.00, 0.00, 1468.00, 0.00, 0.00, 0.00, NULL, NULL, NULL, NULL, 1);
INSERT INTO `ub_corrispettivi` (`id`, `data`, `corrispettivo`, `pos`, `posBanca`, `satispay`, `sumup`, `totale`, `fatture`, `fattureContante`, `fatturePOS`, `note`, `created_at`, `updated_at`, `sign`, `is_active`) VALUES (260, '2017-03-24', 1288.00, 370.00, 0.00, 0.00, 0.00, 1525.50, 0.00, 0.00, 0.00, NULL, NULL, NULL, NULL, 1);
INSERT INTO `ub_corrispettivi` (`id`, `data`, `corrispettivo`, `pos`, `posBanca`, `satispay`, `sumup`, `totale`, `fatture`, `fattureContante`, `fatturePOS`, `note`, `created_at`, `updated_at`, `sign`, `is_active`) VALUES (261, '2017-03-25', 1475.00, 772.50, 0.00, 0.00, 0.00, 1576.00, 0.00, 0.00, 0.00, NULL, NULL, NULL, NULL, 1);
INSERT INTO `ub_corrispettivi` (`id`, `data`, `corrispettivo`, `pos`, `posBanca`, `satispay`, `sumup`, `totale`, `fatture`, `fattureContante`, `fatturePOS`, `note`, `created_at`, `updated_at`, `sign`, `is_active`) VALUES (262, '2017-03-26', 1115.50, 435.50, 0.00, 0.00, 0.00, 1241.50, 0.00, 0.00, 0.00, NULL, NULL, NULL, NULL, 1);
INSERT INTO `ub_corrispettivi` (`id`, `data`, `corrispettivo`, `pos`, `posBanca`, `satispay`, `sumup`, `totale`, `fatture`, `fattureContante`, `fatturePOS`, `note`, `created_at`, `updated_at`, `sign`, `is_active`) VALUES (263, '2017-03-27', 276.50, 0.00, 0.00, 0.00, 0.00, 285.00, 0.00, 0.00, 0.00, NULL, NULL, NULL, NULL, 1);
INSERT INTO `ub_corrispettivi` (`id`, `data`, `corrispettivo`, `pos`, `posBanca`, `satispay`, `sumup`, `totale`, `fatture`, `fattureContante`, `fatturePOS`, `note`, `created_at`, `updated_at`, `sign`, `is_active`) VALUES (264, '2017-03-28', 706.00, 227.00, 0.00, 0.00, 0.00, 760.00, 0.00, 0.00, 0.00, NULL, NULL, NULL, NULL, 1);
INSERT INTO `ub_corrispettivi` (`id`, `data`, `corrispettivo`, `pos`, `posBanca`, `satispay`, `sumup`, `totale`, `fatture`, `fattureContante`, `fatturePOS`, `note`, `created_at`, `updated_at`, `sign`, `is_active`) VALUES (265, '2017-03-29', 654.50, 130.00, 0.00, 0.00, 0.00, 760.50, 0.00, 0.00, 0.00, NULL, NULL, NULL, NULL, 1);
INSERT INTO `ub_corrispettivi` (`id`, `data`, `corrispettivo`, `pos`, `posBanca`, `satispay`, `sumup`, `totale`, `fatture`, `fattureContante`, `fatturePOS`, `note`, `created_at`, `updated_at`, `sign`, `is_active`) VALUES (266, '2017-03-30', 744.00, 391.00, 0.00, 0.00, 0.00, 861.50, 79.50, 0.00, 0.00, NULL, NULL, NULL, NULL, 1);
INSERT INTO `ub_corrispettivi` (`id`, `data`, `corrispettivo`, `pos`, `posBanca`, `satispay`, `sumup`, `totale`, `fatture`, `fattureContante`, `fatturePOS`, `note`, `created_at`, `updated_at`, `sign`, `is_active`) VALUES (267, '2017-03-31', 1177.50, 322.50, 0.00, 0.00, 0.00, 1375.50, 33.00, 0.00, 0.00, NULL, NULL, NULL, NULL, 1);
INSERT INTO `ub_corrispettivi` (`id`, `data`, `corrispettivo`, `pos`, `posBanca`, `satispay`, `sumup`, `totale`, `fatture`, `fattureContante`, `fatturePOS`, `note`, `created_at`, `updated_at`, `sign`, `is_active`) VALUES (268, '2017-11-02', 1013.50, 277.00, 0.00, 0.00, 0.00, 1104.50, 0.00, 0.00, 0.00, NULL, NULL, NULL, NULL, 1);
INSERT INTO `ub_corrispettivi` (`id`, `data`, `corrispettivo`, `pos`, `posBanca`, `satispay`, `sumup`, `totale`, `fatture`, `fattureContante`, `fatturePOS`, `note`, `created_at`, `updated_at`, `sign`, `is_active`) VALUES (269, '2017-11-03', 1540.00, 502.00, 0.00, 0.00, 0.00, 1617.50, 0.00, 0.00, 0.00, NULL, NULL, NULL, NULL, 1);
INSERT INTO `ub_corrispettivi` (`id`, `data`, `corrispettivo`, `pos`, `posBanca`, `satispay`, `sumup`, `totale`, `fatture`, `fattureContante`, `fatturePOS`, `note`, `created_at`, `updated_at`, `sign`, `is_active`) VALUES (270, '2017-11-04', 1403.00, 250.00, 0.00, 0.00, 0.00, 1424.50, 0.00, 0.00, 0.00, NULL, NULL, NULL, NULL, 1);
INSERT INTO `ub_corrispettivi` (`id`, `data`, `corrispettivo`, `pos`, `posBanca`, `satispay`, `sumup`, `totale`, `fatture`, `fattureContante`, `fatturePOS`, `note`, `created_at`, `updated_at`, `sign`, `is_active`) VALUES (271, '2017-11-05', 953.50, 451.00, 0.00, 0.00, 0.00, 1086.50, 0.00, 0.00, 0.00, NULL, NULL, NULL, NULL, 1);
INSERT INTO `ub_corrispettivi` (`id`, `data`, `corrispettivo`, `pos`, `posBanca`, `satispay`, `sumup`, `totale`, `fatture`, `fattureContante`, `fatturePOS`, `note`, `created_at`, `updated_at`, `sign`, `is_active`) VALUES (272, '2017-11-06', 430.50, 179.50, 0.00, 0.00, 0.00, 455.00, 0.00, 0.00, 0.00, NULL, NULL, NULL, NULL, 1);
INSERT INTO `ub_corrispettivi` (`id`, `data`, `corrispettivo`, `pos`, `posBanca`, `satispay`, `sumup`, `totale`, `fatture`, `fattureContante`, `fatturePOS`, `note`, `created_at`, `updated_at`, `sign`, `is_active`) VALUES (273, '2017-11-07', 979.50, 598.00, 0.00, 0.00, 0.00, 1062.00, 0.00, 0.00, 0.00, NULL, NULL, NULL, NULL, 1);
INSERT INTO `ub_corrispettivi` (`id`, `data`, `corrispettivo`, `pos`, `posBanca`, `satispay`, `sumup`, `totale`, `fatture`, `fattureContante`, `fatturePOS`, `note`, `created_at`, `updated_at`, `sign`, `is_active`) VALUES (274, '2017-11-08', 1004.50, 320.00, 0.00, 0.00, 0.00, 1078.00, 0.00, 0.00, 0.00, NULL, NULL, NULL, NULL, 1);
INSERT INTO `ub_corrispettivi` (`id`, `data`, `corrispettivo`, `pos`, `posBanca`, `satispay`, `sumup`, `totale`, `fatture`, `fattureContante`, `fatturePOS`, `note`, `created_at`, `updated_at`, `sign`, `is_active`) VALUES (275, '2017-11-09', 993.50, 414.50, 0.00, 0.00, 0.00, 1075.50, 0.00, 0.00, 0.00, NULL, NULL, NULL, NULL, 1);
INSERT INTO `ub_corrispettivi` (`id`, `data`, `corrispettivo`, `pos`, `posBanca`, `satispay`, `sumup`, `totale`, `fatture`, `fattureContante`, `fatturePOS`, `note`, `created_at`, `updated_at`, `sign`, `is_active`) VALUES (276, '2017-11-10', 1661.50, 700.10, 0.00, 0.00, 0.00, 1844.50, 70.00, 0.00, 0.00, NULL, NULL, NULL, NULL, 1);
INSERT INTO `ub_corrispettivi` (`id`, `data`, `corrispettivo`, `pos`, `posBanca`, `satispay`, `sumup`, `totale`, `fatture`, `fattureContante`, `fatturePOS`, `note`, `created_at`, `updated_at`, `sign`, `is_active`) VALUES (277, '2017-11-11', 1596.50, 391.50, 0.00, 0.00, 0.00, 1635.50, 0.00, 0.00, 0.00, NULL, NULL, NULL, NULL, 1);
INSERT INTO `ub_corrispettivi` (`id`, `data`, `corrispettivo`, `pos`, `posBanca`, `satispay`, `sumup`, `totale`, `fatture`, `fattureContante`, `fatturePOS`, `note`, `created_at`, `updated_at`, `sign`, `is_active`) VALUES (278, '2017-11-12', 1018.50, 282.50, 0.00, 0.00, 0.00, 1050.00, 0.00, 0.00, 0.00, NULL, NULL, NULL, NULL, 1);
INSERT INTO `ub_corrispettivi` (`id`, `data`, `corrispettivo`, `pos`, `posBanca`, `satispay`, `sumup`, `totale`, `fatture`, `fattureContante`, `fatturePOS`, `note`, `created_at`, `updated_at`, `sign`, `is_active`) VALUES (279, '2017-11-13', 467.50, 61.50, 0.00, 0.00, 0.00, 520.00, 0.00, 0.00, 0.00, NULL, NULL, NULL, NULL, 1);
INSERT INTO `ub_corrispettivi` (`id`, `data`, `corrispettivo`, `pos`, `posBanca`, `satispay`, `sumup`, `totale`, `fatture`, `fattureContante`, `fatturePOS`, `note`, `created_at`, `updated_at`, `sign`, `is_active`) VALUES (280, '2017-11-14', 543.00, 51.50, 0.00, 0.00, 0.00, 615.50, 0.00, 0.00, 0.00, NULL, NULL, NULL, NULL, 1);
INSERT INTO `ub_corrispettivi` (`id`, `data`, `corrispettivo`, `pos`, `posBanca`, `satispay`, `sumup`, `totale`, `fatture`, `fattureContante`, `fatturePOS`, `note`, `created_at`, `updated_at`, `sign`, `is_active`) VALUES (281, '2017-11-15', 561.00, 248.50, 0.00, 0.00, 0.00, 581.50, 0.00, 0.00, 0.00, NULL, NULL, NULL, NULL, 1);
INSERT INTO `ub_corrispettivi` (`id`, `data`, `corrispettivo`, `pos`, `posBanca`, `satispay`, `sumup`, `totale`, `fatture`, `fattureContante`, `fatturePOS`, `note`, `created_at`, `updated_at`, `sign`, `is_active`) VALUES (282, '2017-11-16', 757.50, 269.50, 0.00, 0.00, 0.00, 867.50, 0.00, 0.00, 0.00, NULL, NULL, NULL, NULL, 1);
INSERT INTO `ub_corrispettivi` (`id`, `data`, `corrispettivo`, `pos`, `posBanca`, `satispay`, `sumup`, `totale`, `fatture`, `fattureContante`, `fatturePOS`, `note`, `created_at`, `updated_at`, `sign`, `is_active`) VALUES (283, '2017-11-17', 1512.50, 691.00, 0.00, 0.00, 0.00, 1615.50, 60.00, 0.00, 0.00, NULL, NULL, NULL, NULL, 1);
INSERT INTO `ub_corrispettivi` (`id`, `data`, `corrispettivo`, `pos`, `posBanca`, `satispay`, `sumup`, `totale`, `fatture`, `fattureContante`, `fatturePOS`, `note`, `created_at`, `updated_at`, `sign`, `is_active`) VALUES (284, '2017-11-18', 1500.00, 589.50, 0.00, 0.00, 0.00, 1603.00, 0.00, 0.00, 0.00, NULL, NULL, NULL, NULL, 1);
INSERT INTO `ub_corrispettivi` (`id`, `data`, `corrispettivo`, `pos`, `posBanca`, `satispay`, `sumup`, `totale`, `fatture`, `fattureContante`, `fatturePOS`, `note`, `created_at`, `updated_at`, `sign`, `is_active`) VALUES (285, '2017-11-19', 905.00, 202.50, 0.00, 0.00, 0.00, 1030.00, 49.00, 0.00, 0.00, NULL, NULL, NULL, NULL, 1);
INSERT INTO `ub_corrispettivi` (`id`, `data`, `corrispettivo`, `pos`, `posBanca`, `satispay`, `sumup`, `totale`, `fatture`, `fattureContante`, `fatturePOS`, `note`, `created_at`, `updated_at`, `sign`, `is_active`) VALUES (286, '2017-11-20', 572.50, 109.00, 0.00, 0.00, 0.00, 631.50, 0.00, 0.00, 0.00, NULL, NULL, NULL, NULL, 1);
INSERT INTO `ub_corrispettivi` (`id`, `data`, `corrispettivo`, `pos`, `posBanca`, `satispay`, `sumup`, `totale`, `fatture`, `fattureContante`, `fatturePOS`, `note`, `created_at`, `updated_at`, `sign`, `is_active`) VALUES (287, '2017-11-21', 572.50, 195.00, 0.00, 0.00, 0.00, 644.50, 0.00, 0.00, 0.00, NULL, NULL, NULL, NULL, 1);
INSERT INTO `ub_corrispettivi` (`id`, `data`, `corrispettivo`, `pos`, `posBanca`, `satispay`, `sumup`, `totale`, `fatture`, `fattureContante`, `fatturePOS`, `note`, `created_at`, `updated_at`, `sign`, `is_active`) VALUES (288, '2017-11-22', 542.50, 147.00, 0.00, 0.00, 0.00, 598.50, 0.00, 0.00, 0.00, NULL, NULL, NULL, NULL, 1);
INSERT INTO `ub_corrispettivi` (`id`, `data`, `corrispettivo`, `pos`, `posBanca`, `satispay`, `sumup`, `totale`, `fatture`, `fattureContante`, `fatturePOS`, `note`, `created_at`, `updated_at`, `sign`, `is_active`) VALUES (289, '2017-11-23', 1277.50, 448.00, 0.00, 0.00, 0.00, 1460.50, 0.00, 0.00, 0.00, NULL, NULL, NULL, NULL, 1);
INSERT INTO `ub_corrispettivi` (`id`, `data`, `corrispettivo`, `pos`, `posBanca`, `satispay`, `sumup`, `totale`, `fatture`, `fattureContante`, `fatturePOS`, `note`, `created_at`, `updated_at`, `sign`, `is_active`) VALUES (290, '2017-11-24', 1408.00, 590.00, 0.00, 0.00, 0.00, 1523.50, 0.00, 0.00, 0.00, NULL, NULL, NULL, NULL, 1);
INSERT INTO `ub_corrispettivi` (`id`, `data`, `corrispettivo`, `pos`, `posBanca`, `satispay`, `sumup`, `totale`, `fatture`, `fattureContante`, `fatturePOS`, `note`, `created_at`, `updated_at`, `sign`, `is_active`) VALUES (291, '2017-11-25', 1896.00, 445.00, 0.00, 0.00, 0.00, 2014.50, 0.00, 0.00, 0.00, NULL, NULL, NULL, NULL, 1);
INSERT INTO `ub_corrispettivi` (`id`, `data`, `corrispettivo`, `pos`, `posBanca`, `satispay`, `sumup`, `totale`, `fatture`, `fattureContante`, `fatturePOS`, `note`, `created_at`, `updated_at`, `sign`, `is_active`) VALUES (292, '2017-11-26', 781.50, 333.50, 0.00, 0.00, 0.00, 802.50, 0.00, 0.00, 0.00, NULL, NULL, NULL, NULL, 1);
INSERT INTO `ub_corrispettivi` (`id`, `data`, `corrispettivo`, `pos`, `posBanca`, `satispay`, `sumup`, `totale`, `fatture`, `fattureContante`, `fatturePOS`, `note`, `created_at`, `updated_at`, `sign`, `is_active`) VALUES (293, '2017-11-27', 376.00, 52.50, 0.00, 0.00, 0.00, 457.00, 42.50, 0.00, 0.00, NULL, NULL, NULL, NULL, 1);
INSERT INTO `ub_corrispettivi` (`id`, `data`, `corrispettivo`, `pos`, `posBanca`, `satispay`, `sumup`, `totale`, `fatture`, `fattureContante`, `fatturePOS`, `note`, `created_at`, `updated_at`, `sign`, `is_active`) VALUES (294, '2017-11-28', 872.00, 336.00, 0.00, 0.00, 0.00, 978.00, 24.00, 0.00, 0.00, NULL, NULL, NULL, NULL, 1);
INSERT INTO `ub_corrispettivi` (`id`, `data`, `corrispettivo`, `pos`, `posBanca`, `satispay`, `sumup`, `totale`, `fatture`, `fattureContante`, `fatturePOS`, `note`, `created_at`, `updated_at`, `sign`, `is_active`) VALUES (295, '2017-11-29', 412.50, 231.50, 0.00, 0.00, 0.00, 450.00, 0.00, 0.00, 0.00, NULL, NULL, NULL, NULL, 1);
INSERT INTO `ub_corrispettivi` (`id`, `data`, `corrispettivo`, `pos`, `posBanca`, `satispay`, `sumup`, `totale`, `fatture`, `fattureContante`, `fatturePOS`, `note`, `created_at`, `updated_at`, `sign`, `is_active`) VALUES (296, '2017-11-30', 766.50, 341.50, 0.00, 0.00, 0.00, 838.00, 1.00, 0.00, 0.00, NULL, NULL, NULL, NULL, 1);
INSERT INTO `ub_corrispettivi` (`id`, `data`, `corrispettivo`, `pos`, `posBanca`, `satispay`, `sumup`, `totale`, `fatture`, `fattureContante`, `fatturePOS`, `note`, `created_at`, `updated_at`, `sign`, `is_active`) VALUES (297, '2017-10-02', 457.50, 514.50, 0.00, 0.00, 0.00, 769.50, 196.00, 0.00, 0.00, NULL, NULL, NULL, NULL, 1);
INSERT INTO `ub_corrispettivi` (`id`, `data`, `corrispettivo`, `pos`, `posBanca`, `satispay`, `sumup`, `totale`, `fatture`, `fattureContante`, `fatturePOS`, `note`, `created_at`, `updated_at`, `sign`, `is_active`) VALUES (298, '2017-10-03', 861.50, 204.00, 0.00, 0.00, 0.00, 899.00, 0.00, 0.00, 0.00, NULL, NULL, NULL, NULL, 1);
INSERT INTO `ub_corrispettivi` (`id`, `data`, `corrispettivo`, `pos`, `posBanca`, `satispay`, `sumup`, `totale`, `fatture`, `fattureContante`, `fatturePOS`, `note`, `created_at`, `updated_at`, `sign`, `is_active`) VALUES (299, '2017-10-04', 723.50, 258.00, 0.00, 0.00, 0.00, 802.00, 0.00, 0.00, 0.00, NULL, NULL, NULL, NULL, 1);
INSERT INTO `ub_corrispettivi` (`id`, `data`, `corrispettivo`, `pos`, `posBanca`, `satispay`, `sumup`, `totale`, `fatture`, `fattureContante`, `fatturePOS`, `note`, `created_at`, `updated_at`, `sign`, `is_active`) VALUES (300, '2017-10-05', 1344.00, 272.50, 0.00, 0.00, 0.00, 1512.00, 84.00, 0.00, 0.00, NULL, NULL, NULL, NULL, 1);
INSERT INTO `ub_corrispettivi` (`id`, `data`, `corrispettivo`, `pos`, `posBanca`, `satispay`, `sumup`, `totale`, `fatture`, `fattureContante`, `fatturePOS`, `note`, `created_at`, `updated_at`, `sign`, `is_active`) VALUES (301, '2017-10-06', 1288.00, 487.50, 0.00, 0.00, 0.00, 1526.00, 0.00, 0.00, 0.00, NULL, NULL, NULL, NULL, 1);
INSERT INTO `ub_corrispettivi` (`id`, `data`, `corrispettivo`, `pos`, `posBanca`, `satispay`, `sumup`, `totale`, `fatture`, `fattureContante`, `fatturePOS`, `note`, `created_at`, `updated_at`, `sign`, `is_active`) VALUES (302, '2017-10-07', 1652.00, 665.50, 0.00, 0.00, 0.00, 1770.00, 0.00, 0.00, 0.00, NULL, NULL, NULL, NULL, 1);
INSERT INTO `ub_corrispettivi` (`id`, `data`, `corrispettivo`, `pos`, `posBanca`, `satispay`, `sumup`, `totale`, `fatture`, `fattureContante`, `fatturePOS`, `note`, `created_at`, `updated_at`, `sign`, `is_active`) VALUES (303, '2017-10-08', 1025.00, 202.50, 0.00, 0.00, 0.00, 1143.00, 0.00, 0.00, 0.00, NULL, NULL, NULL, NULL, 1);
INSERT INTO `ub_corrispettivi` (`id`, `data`, `corrispettivo`, `pos`, `posBanca`, `satispay`, `sumup`, `totale`, `fatture`, `fattureContante`, `fatturePOS`, `note`, `created_at`, `updated_at`, `sign`, `is_active`) VALUES (304, '2017-10-09', 270.00, 144.50, 0.00, 0.00, 0.00, 450.00, 0.00, 0.00, 0.00, NULL, NULL, NULL, NULL, 1);
INSERT INTO `ub_corrispettivi` (`id`, `data`, `corrispettivo`, `pos`, `posBanca`, `satispay`, `sumup`, `totale`, `fatture`, `fattureContante`, `fatturePOS`, `note`, `created_at`, `updated_at`, `sign`, `is_active`) VALUES (305, '2017-10-10', 868.00, 230.50, 0.00, 0.00, 0.00, 975.00, 34.50, 0.00, 0.00, NULL, NULL, NULL, NULL, 1);
INSERT INTO `ub_corrispettivi` (`id`, `data`, `corrispettivo`, `pos`, `posBanca`, `satispay`, `sumup`, `totale`, `fatture`, `fattureContante`, `fatturePOS`, `note`, `created_at`, `updated_at`, `sign`, `is_active`) VALUES (306, '2017-10-11', 1035.50, 204.50, 0.00, 0.00, 0.00, 1124.50, 61.50, 0.00, 0.00, NULL, NULL, NULL, NULL, 1);
INSERT INTO `ub_corrispettivi` (`id`, `data`, `corrispettivo`, `pos`, `posBanca`, `satispay`, `sumup`, `totale`, `fatture`, `fattureContante`, `fatturePOS`, `note`, `created_at`, `updated_at`, `sign`, `is_active`) VALUES (307, '2017-10-12', 806.50, 341.50, 0.00, 0.00, 0.00, 880.50, 0.00, 0.00, 0.00, NULL, NULL, NULL, NULL, 1);
INSERT INTO `ub_corrispettivi` (`id`, `data`, `corrispettivo`, `pos`, `posBanca`, `satispay`, `sumup`, `totale`, `fatture`, `fattureContante`, `fatturePOS`, `note`, `created_at`, `updated_at`, `sign`, `is_active`) VALUES (308, '2017-10-13', 768.50, 370.50, 0.00, 0.00, 0.00, 1012.00, 0.00, 0.00, 0.00, NULL, NULL, NULL, NULL, 1);
INSERT INTO `ub_corrispettivi` (`id`, `data`, `corrispettivo`, `pos`, `posBanca`, `satispay`, `sumup`, `totale`, `fatture`, `fattureContante`, `fatturePOS`, `note`, `created_at`, `updated_at`, `sign`, `is_active`) VALUES (309, '2017-10-14', 1693.50, 197.00, 0.00, 0.00, 0.00, 1744.50, 0.00, 0.00, 0.00, NULL, NULL, NULL, NULL, 1);
INSERT INTO `ub_corrispettivi` (`id`, `data`, `corrispettivo`, `pos`, `posBanca`, `satispay`, `sumup`, `totale`, `fatture`, `fattureContante`, `fatturePOS`, `note`, `created_at`, `updated_at`, `sign`, `is_active`) VALUES (310, '2017-10-15', 1070.00, 437.00, 0.00, 0.00, 0.00, 1106.50, 0.00, 0.00, 0.00, NULL, NULL, NULL, NULL, 1);
INSERT INTO `ub_corrispettivi` (`id`, `data`, `corrispettivo`, `pos`, `posBanca`, `satispay`, `sumup`, `totale`, `fatture`, `fattureContante`, `fatturePOS`, `note`, `created_at`, `updated_at`, `sign`, `is_active`) VALUES (311, '2017-10-16', 719.00, 323.50, 0.00, 0.00, 0.00, 780.00, 0.00, 0.00, 0.00, NULL, NULL, NULL, NULL, 1);
INSERT INTO `ub_corrispettivi` (`id`, `data`, `corrispettivo`, `pos`, `posBanca`, `satispay`, `sumup`, `totale`, `fatture`, `fattureContante`, `fatturePOS`, `note`, `created_at`, `updated_at`, `sign`, `is_active`) VALUES (312, '2017-10-17', 860.50, 328.50, 0.00, 0.00, 0.00, 887.50, 0.00, 0.00, 0.00, NULL, NULL, NULL, NULL, 1);
INSERT INTO `ub_corrispettivi` (`id`, `data`, `corrispettivo`, `pos`, `posBanca`, `satispay`, `sumup`, `totale`, `fatture`, `fattureContante`, `fatturePOS`, `note`, `created_at`, `updated_at`, `sign`, `is_active`) VALUES (313, '2017-10-18', 859.00, 271.00, 0.00, 0.00, 0.00, 947.00, 0.00, 0.00, 0.00, NULL, NULL, NULL, NULL, 1);
INSERT INTO `ub_corrispettivi` (`id`, `data`, `corrispettivo`, `pos`, `posBanca`, `satispay`, `sumup`, `totale`, `fatture`, `fattureContante`, `fatturePOS`, `note`, `created_at`, `updated_at`, `sign`, `is_active`) VALUES (314, '2017-10-19', 924.50, 362.50, 0.00, 0.00, 0.00, 1052.00, 0.00, 0.00, 0.00, NULL, NULL, NULL, NULL, 1);
INSERT INTO `ub_corrispettivi` (`id`, `data`, `corrispettivo`, `pos`, `posBanca`, `satispay`, `sumup`, `totale`, `fatture`, `fattureContante`, `fatturePOS`, `note`, `created_at`, `updated_at`, `sign`, `is_active`) VALUES (315, '2017-10-20', 1384.50, 661.50, 0.00, 0.00, 0.00, 1518.00, 0.00, 0.00, 0.00, NULL, NULL, NULL, NULL, 1);
INSERT INTO `ub_corrispettivi` (`id`, `data`, `corrispettivo`, `pos`, `posBanca`, `satispay`, `sumup`, `totale`, `fatture`, `fattureContante`, `fatturePOS`, `note`, `created_at`, `updated_at`, `sign`, `is_active`) VALUES (316, '2017-10-21', 2036.00, 688.00, 0.00, 0.00, 0.00, 2066.50, 0.00, 0.00, 0.00, NULL, NULL, NULL, NULL, 1);
INSERT INTO `ub_corrispettivi` (`id`, `data`, `corrispettivo`, `pos`, `posBanca`, `satispay`, `sumup`, `totale`, `fatture`, `fattureContante`, `fatturePOS`, `note`, `created_at`, `updated_at`, `sign`, `is_active`) VALUES (317, '2017-10-22', 1030.50, 366.00, 0.00, 0.00, 0.00, 1084.00, 0.00, 0.00, 0.00, NULL, NULL, NULL, NULL, 1);
INSERT INTO `ub_corrispettivi` (`id`, `data`, `corrispettivo`, `pos`, `posBanca`, `satispay`, `sumup`, `totale`, `fatture`, `fattureContante`, `fatturePOS`, `note`, `created_at`, `updated_at`, `sign`, `is_active`) VALUES (318, '2017-10-23', 394.50, 206.00, 0.00, 0.00, 0.00, 430.50, 0.00, 0.00, 0.00, NULL, NULL, NULL, NULL, 1);
INSERT INTO `ub_corrispettivi` (`id`, `data`, `corrispettivo`, `pos`, `posBanca`, `satispay`, `sumup`, `totale`, `fatture`, `fattureContante`, `fatturePOS`, `note`, `created_at`, `updated_at`, `sign`, `is_active`) VALUES (319, '2017-10-24', 846.00, 325.50, 0.00, 0.00, 0.00, 892.50, 0.00, 0.00, 0.00, NULL, NULL, NULL, NULL, 1);
INSERT INTO `ub_corrispettivi` (`id`, `data`, `corrispettivo`, `pos`, `posBanca`, `satispay`, `sumup`, `totale`, `fatture`, `fattureContante`, `fatturePOS`, `note`, `created_at`, `updated_at`, `sign`, `is_active`) VALUES (320, '2017-10-25', 730.50, 242.00, 0.00, 0.00, 0.00, 756.00, 0.00, 0.00, 0.00, NULL, NULL, NULL, NULL, 1);
INSERT INTO `ub_corrispettivi` (`id`, `data`, `corrispettivo`, `pos`, `posBanca`, `satispay`, `sumup`, `totale`, `fatture`, `fattureContante`, `fatturePOS`, `note`, `created_at`, `updated_at`, `sign`, `is_active`) VALUES (321, '2017-10-26', 719.00, 230.00, 0.00, 0.00, 0.00, 787.50, 0.00, 0.00, 0.00, NULL, NULL, NULL, NULL, 1);
INSERT INTO `ub_corrispettivi` (`id`, `data`, `corrispettivo`, `pos`, `posBanca`, `satispay`, `sumup`, `totale`, `fatture`, `fattureContante`, `fatturePOS`, `note`, `created_at`, `updated_at`, `sign`, `is_active`) VALUES (322, '2017-10-27', 1091.00, 289.70, 0.00, 0.00, 0.00, 1159.20, 0.00, 0.00, 0.00, NULL, NULL, NULL, NULL, 1);
INSERT INTO `ub_corrispettivi` (`id`, `data`, `corrispettivo`, `pos`, `posBanca`, `satispay`, `sumup`, `totale`, `fatture`, `fattureContante`, `fatturePOS`, `note`, `created_at`, `updated_at`, `sign`, `is_active`) VALUES (323, '2017-10-28', 1441.00, 424.00, 0.00, 0.00, 0.00, 1547.00, 0.00, 0.00, 0.00, NULL, NULL, NULL, NULL, 1);
INSERT INTO `ub_corrispettivi` (`id`, `data`, `corrispettivo`, `pos`, `posBanca`, `satispay`, `sumup`, `totale`, `fatture`, `fattureContante`, `fatturePOS`, `note`, `created_at`, `updated_at`, `sign`, `is_active`) VALUES (324, '2017-10-29', 942.00, 241.50, 0.00, 0.00, 0.00, 986.50, 0.00, 0.00, 0.00, NULL, NULL, NULL, NULL, 1);
INSERT INTO `ub_corrispettivi` (`id`, `data`, `corrispettivo`, `pos`, `posBanca`, `satispay`, `sumup`, `totale`, `fatture`, `fattureContante`, `fatturePOS`, `note`, `created_at`, `updated_at`, `sign`, `is_active`) VALUES (325, '2017-10-30', 1205.00, 292.00, 0.00, 0.00, 0.00, 1253.00, 0.00, 0.00, 0.00, NULL, NULL, NULL, NULL, 1);
INSERT INTO `ub_corrispettivi` (`id`, `data`, `corrispettivo`, `pos`, `posBanca`, `satispay`, `sumup`, `totale`, `fatture`, `fattureContante`, `fatturePOS`, `note`, `created_at`, `updated_at`, `sign`, `is_active`) VALUES (326, '2017-10-31', 1235.50, 512.00, 0.00, 0.00, 0.00, 1354.50, 18.50, 0.00, 0.00, NULL, NULL, NULL, NULL, 1);
INSERT INTO `ub_corrispettivi` (`id`, `data`, `corrispettivo`, `pos`, `posBanca`, `satispay`, `sumup`, `totale`, `fatture`, `fattureContante`, `fatturePOS`, `note`, `created_at`, `updated_at`, `sign`, `is_active`) VALUES (327, '2017-09-02', 1602.50, 624.00, 0.00, 0.00, 0.00, 1709.50, 0.00, 0.00, 0.00, NULL, NULL, NULL, NULL, 1);
INSERT INTO `ub_corrispettivi` (`id`, `data`, `corrispettivo`, `pos`, `posBanca`, `satispay`, `sumup`, `totale`, `fatture`, `fattureContante`, `fatturePOS`, `note`, `created_at`, `updated_at`, `sign`, `is_active`) VALUES (328, '2017-09-03', 825.00, 352.00, 0.00, 0.00, 0.00, 923.50, 0.00, 0.00, 0.00, NULL, NULL, NULL, NULL, 1);
INSERT INTO `ub_corrispettivi` (`id`, `data`, `corrispettivo`, `pos`, `posBanca`, `satispay`, `sumup`, `totale`, `fatture`, `fattureContante`, `fatturePOS`, `note`, `created_at`, `updated_at`, `sign`, `is_active`) VALUES (329, '2017-09-04', 436.50, 215.00, 0.00, 0.00, 0.00, 547.00, 0.00, 0.00, 0.00, NULL, NULL, NULL, NULL, 1);
INSERT INTO `ub_corrispettivi` (`id`, `data`, `corrispettivo`, `pos`, `posBanca`, `satispay`, `sumup`, `totale`, `fatture`, `fattureContante`, `fatturePOS`, `note`, `created_at`, `updated_at`, `sign`, `is_active`) VALUES (330, '2017-09-05', 772.00, 176.00, 0.00, 0.00, 0.00, 891.50, 0.00, 0.00, 0.00, NULL, NULL, NULL, NULL, 1);
INSERT INTO `ub_corrispettivi` (`id`, `data`, `corrispettivo`, `pos`, `posBanca`, `satispay`, `sumup`, `totale`, `fatture`, `fattureContante`, `fatturePOS`, `note`, `created_at`, `updated_at`, `sign`, `is_active`) VALUES (331, '2017-09-06', 695.50, 269.50, 0.00, 0.00, 0.00, 795.50, 0.00, 0.00, 0.00, NULL, NULL, NULL, NULL, 1);
INSERT INTO `ub_corrispettivi` (`id`, `data`, `corrispettivo`, `pos`, `posBanca`, `satispay`, `sumup`, `totale`, `fatture`, `fattureContante`, `fatturePOS`, `note`, `created_at`, `updated_at`, `sign`, `is_active`) VALUES (332, '2017-09-07', 1083.00, 466.00, 0.00, 0.00, 0.00, 993.00, 0.00, 0.00, 0.00, NULL, NULL, NULL, NULL, 1);
INSERT INTO `ub_corrispettivi` (`id`, `data`, `corrispettivo`, `pos`, `posBanca`, `satispay`, `sumup`, `totale`, `fatture`, `fattureContante`, `fatturePOS`, `note`, `created_at`, `updated_at`, `sign`, `is_active`) VALUES (333, '2017-09-08', 1037.00, 731.50, 0.00, 0.00, 0.00, 1301.00, 0.00, 0.00, 0.00, NULL, NULL, NULL, NULL, 1);
INSERT INTO `ub_corrispettivi` (`id`, `data`, `corrispettivo`, `pos`, `posBanca`, `satispay`, `sumup`, `totale`, `fatture`, `fattureContante`, `fatturePOS`, `note`, `created_at`, `updated_at`, `sign`, `is_active`) VALUES (334, '2017-09-09', 1863.50, 665.50, 0.00, 0.00, 0.00, 1964.00, 0.00, 0.00, 0.00, NULL, NULL, NULL, NULL, 1);
INSERT INTO `ub_corrispettivi` (`id`, `data`, `corrispettivo`, `pos`, `posBanca`, `satispay`, `sumup`, `totale`, `fatture`, `fattureContante`, `fatturePOS`, `note`, `created_at`, `updated_at`, `sign`, `is_active`) VALUES (335, '2017-09-10', 1257.50, 314.00, 0.00, 0.00, 0.00, 1374.00, 57.50, 0.00, 0.00, NULL, NULL, NULL, NULL, 1);
INSERT INTO `ub_corrispettivi` (`id`, `data`, `corrispettivo`, `pos`, `posBanca`, `satispay`, `sumup`, `totale`, `fatture`, `fattureContante`, `fatturePOS`, `note`, `created_at`, `updated_at`, `sign`, `is_active`) VALUES (336, '2017-09-11', 538.50, 195.50, 0.00, 0.00, 0.00, 612.50, 0.00, 0.00, 0.00, NULL, NULL, NULL, NULL, 1);
INSERT INTO `ub_corrispettivi` (`id`, `data`, `corrispettivo`, `pos`, `posBanca`, `satispay`, `sumup`, `totale`, `fatture`, `fattureContante`, `fatturePOS`, `note`, `created_at`, `updated_at`, `sign`, `is_active`) VALUES (337, '2017-09-12', 613.50, 110.50, 0.00, 0.00, 0.00, 694.50, 0.00, 0.00, 0.00, NULL, NULL, NULL, NULL, 1);
INSERT INTO `ub_corrispettivi` (`id`, `data`, `corrispettivo`, `pos`, `posBanca`, `satispay`, `sumup`, `totale`, `fatture`, `fattureContante`, `fatturePOS`, `note`, `created_at`, `updated_at`, `sign`, `is_active`) VALUES (338, '2017-09-13', 551.00, 253.50, 0.00, 0.00, 0.00, 608.00, 0.00, 0.00, 0.00, NULL, NULL, NULL, NULL, 1);
INSERT INTO `ub_corrispettivi` (`id`, `data`, `corrispettivo`, `pos`, `posBanca`, `satispay`, `sumup`, `totale`, `fatture`, `fattureContante`, `fatturePOS`, `note`, `created_at`, `updated_at`, `sign`, `is_active`) VALUES (339, '2017-09-14', 977.50, 439.00, 0.00, 0.00, 0.00, 1151.00, 66.50, 0.00, 0.00, NULL, NULL, NULL, NULL, 1);
INSERT INTO `ub_corrispettivi` (`id`, `data`, `corrispettivo`, `pos`, `posBanca`, `satispay`, `sumup`, `totale`, `fatture`, `fattureContante`, `fatturePOS`, `note`, `created_at`, `updated_at`, `sign`, `is_active`) VALUES (340, '2017-09-15', 1217.50, 433.00, 0.00, 0.00, 0.00, 1413.50, 0.00, 0.00, 0.00, NULL, NULL, NULL, NULL, 1);
INSERT INTO `ub_corrispettivi` (`id`, `data`, `corrispettivo`, `pos`, `posBanca`, `satispay`, `sumup`, `totale`, `fatture`, `fattureContante`, `fatturePOS`, `note`, `created_at`, `updated_at`, `sign`, `is_active`) VALUES (341, '2017-09-16', 1530.00, 210.50, 0.00, 0.00, 0.00, 1636.50, 0.00, 0.00, 0.00, NULL, NULL, NULL, NULL, 1);
INSERT INTO `ub_corrispettivi` (`id`, `data`, `corrispettivo`, `pos`, `posBanca`, `satispay`, `sumup`, `totale`, `fatture`, `fattureContante`, `fatturePOS`, `note`, `created_at`, `updated_at`, `sign`, `is_active`) VALUES (342, '2017-09-17', 1306.50, 401.50, 0.00, 0.00, 0.00, 1374.00, 0.00, 0.00, 0.00, NULL, NULL, NULL, NULL, 1);
INSERT INTO `ub_corrispettivi` (`id`, `data`, `corrispettivo`, `pos`, `posBanca`, `satispay`, `sumup`, `totale`, `fatture`, `fattureContante`, `fatturePOS`, `note`, `created_at`, `updated_at`, `sign`, `is_active`) VALUES (343, '2017-09-18', 229.00, 64.00, 0.00, 0.00, 0.00, 328.00, 0.00, 0.00, 0.00, NULL, NULL, NULL, NULL, 1);
INSERT INTO `ub_corrispettivi` (`id`, `data`, `corrispettivo`, `pos`, `posBanca`, `satispay`, `sumup`, `totale`, `fatture`, `fattureContante`, `fatturePOS`, `note`, `created_at`, `updated_at`, `sign`, `is_active`) VALUES (344, '2017-09-19', 749.00, 112.00, 0.00, 0.00, 0.00, 841.50, 0.00, 0.00, 0.00, NULL, NULL, NULL, NULL, 1);
INSERT INTO `ub_corrispettivi` (`id`, `data`, `corrispettivo`, `pos`, `posBanca`, `satispay`, `sumup`, `totale`, `fatture`, `fattureContante`, `fatturePOS`, `note`, `created_at`, `updated_at`, `sign`, `is_active`) VALUES (345, '2017-09-20', 688.00, 140.50, 0.00, 0.00, 0.00, 725.50, 0.00, 0.00, 0.00, NULL, NULL, NULL, NULL, 1);
INSERT INTO `ub_corrispettivi` (`id`, `data`, `corrispettivo`, `pos`, `posBanca`, `satispay`, `sumup`, `totale`, `fatture`, `fattureContante`, `fatturePOS`, `note`, `created_at`, `updated_at`, `sign`, `is_active`) VALUES (346, '2017-09-21', 377.50, 89.00, 0.00, 0.00, 0.00, 437.00, 0.00, 0.00, 0.00, NULL, NULL, NULL, NULL, 1);
INSERT INTO `ub_corrispettivi` (`id`, `data`, `corrispettivo`, `pos`, `posBanca`, `satispay`, `sumup`, `totale`, `fatture`, `fattureContante`, `fatturePOS`, `note`, `created_at`, `updated_at`, `sign`, `is_active`) VALUES (347, '2017-09-22', 579.00, 129.00, 0.00, 0.00, 0.00, 790.00, 0.00, 0.00, 0.00, NULL, NULL, NULL, NULL, 1);
INSERT INTO `ub_corrispettivi` (`id`, `data`, `corrispettivo`, `pos`, `posBanca`, `satispay`, `sumup`, `totale`, `fatture`, `fattureContante`, `fatturePOS`, `note`, `created_at`, `updated_at`, `sign`, `is_active`) VALUES (348, '2017-09-23', 1443.00, 299.50, 0.00, 0.00, 0.00, 1590.50, 38.50, 0.00, 0.00, NULL, NULL, NULL, NULL, 1);
INSERT INTO `ub_corrispettivi` (`id`, `data`, `corrispettivo`, `pos`, `posBanca`, `satispay`, `sumup`, `totale`, `fatture`, `fattureContante`, `fatturePOS`, `note`, `created_at`, `updated_at`, `sign`, `is_active`) VALUES (349, '2017-09-24', 888.50, 270.50, 0.00, 0.00, 0.00, 934.00, 0.00, 0.00, 0.00, NULL, NULL, NULL, NULL, 1);
INSERT INTO `ub_corrispettivi` (`id`, `data`, `corrispettivo`, `pos`, `posBanca`, `satispay`, `sumup`, `totale`, `fatture`, `fattureContante`, `fatturePOS`, `note`, `created_at`, `updated_at`, `sign`, `is_active`) VALUES (350, '2017-09-25', 356.00, 162.50, 0.00, 0.00, 0.00, 383.00, 0.00, 0.00, 0.00, NULL, NULL, NULL, NULL, 1);
INSERT INTO `ub_corrispettivi` (`id`, `data`, `corrispettivo`, `pos`, `posBanca`, `satispay`, `sumup`, `totale`, `fatture`, `fattureContante`, `fatturePOS`, `note`, `created_at`, `updated_at`, `sign`, `is_active`) VALUES (351, '2017-09-26', 416.50, 150.00, 0.00, 0.00, 0.00, 480.50, 0.00, 0.00, 0.00, NULL, NULL, NULL, NULL, 1);
INSERT INTO `ub_corrispettivi` (`id`, `data`, `corrispettivo`, `pos`, `posBanca`, `satispay`, `sumup`, `totale`, `fatture`, `fattureContante`, `fatturePOS`, `note`, `created_at`, `updated_at`, `sign`, `is_active`) VALUES (352, '2017-09-27', 695.50, 172.00, 0.00, 0.00, 0.00, 783.50, 0.00, 0.00, 0.00, NULL, NULL, NULL, NULL, 1);
INSERT INTO `ub_corrispettivi` (`id`, `data`, `corrispettivo`, `pos`, `posBanca`, `satispay`, `sumup`, `totale`, `fatture`, `fattureContante`, `fatturePOS`, `note`, `created_at`, `updated_at`, `sign`, `is_active`) VALUES (353, '2017-09-28', 989.00, 788.50, 0.00, 0.00, 0.00, 1060.50, 0.00, 0.00, 0.00, NULL, NULL, NULL, NULL, 1);
INSERT INTO `ub_corrispettivi` (`id`, `data`, `corrispettivo`, `pos`, `posBanca`, `satispay`, `sumup`, `totale`, `fatture`, `fattureContante`, `fatturePOS`, `note`, `created_at`, `updated_at`, `sign`, `is_active`) VALUES (354, '2017-09-29', 895.00, 436.00, 0.00, 0.00, 0.00, 983.50, 0.00, 0.00, 0.00, NULL, NULL, NULL, NULL, 1);
INSERT INTO `ub_corrispettivi` (`id`, `data`, `corrispettivo`, `pos`, `posBanca`, `satispay`, `sumup`, `totale`, `fatture`, `fattureContante`, `fatturePOS`, `note`, `created_at`, `updated_at`, `sign`, `is_active`) VALUES (355, '2017-09-30', 1551.00, 446.50, 0.00, 0.00, 0.00, 1717.00, 60.00, 0.00, 0.00, NULL, NULL, NULL, NULL, 1);
INSERT INTO `ub_corrispettivi` (`id`, `data`, `corrispettivo`, `pos`, `posBanca`, `satispay`, `sumup`, `totale`, `fatture`, `fattureContante`, `fatturePOS`, `note`, `created_at`, `updated_at`, `sign`, `is_active`) VALUES (356, '2017-01-01', 0.00, 0.00, 0.00, 0.00, 0.00, 0.00, 0.00, 0.00, 0.00, NULL, NULL, NULL, NULL, 1);
INSERT INTO `ub_corrispettivi` (`id`, `data`, `corrispettivo`, `pos`, `posBanca`, `satispay`, `sumup`, `totale`, `fatture`, `fattureContante`, `fatturePOS`, `note`, `created_at`, `updated_at`, `sign`, `is_active`) VALUES (357, '2017-02-01', 722.00, 205.00, 0.00, 0.00, 0.00, 733.00, NULL, 0.00, 0.00, NULL, NULL, NULL, NULL, 1);
INSERT INTO `ub_corrispettivi` (`id`, `data`, `corrispettivo`, `pos`, `posBanca`, `satispay`, `sumup`, `totale`, `fatture`, `fattureContante`, `fatturePOS`, `note`, `created_at`, `updated_at`, `sign`, `is_active`) VALUES (358, '2017-03-01', 682.00, 287.00, 0.00, 0.00, 0.00, 782.00, NULL, 0.00, 0.00, NULL, NULL, NULL, NULL, 1);
INSERT INTO `ub_corrispettivi` (`id`, `data`, `corrispettivo`, `pos`, `posBanca`, `satispay`, `sumup`, `totale`, `fatture`, `fattureContante`, `fatturePOS`, `note`, `created_at`, `updated_at`, `sign`, `is_active`) VALUES (359, '2017-04-01', 1618.00, 229.00, 0.00, 0.00, 0.00, 1720.00, NULL, 0.00, 0.00, NULL, NULL, NULL, NULL, 1);
INSERT INTO `ub_corrispettivi` (`id`, `data`, `corrispettivo`, `pos`, `posBanca`, `satispay`, `sumup`, `totale`, `fatture`, `fattureContante`, `fatturePOS`, `note`, `created_at`, `updated_at`, `sign`, `is_active`) VALUES (360, '2017-05-01', 1235.00, 220.00, 0.00, 0.00, 0.00, 1322.00, NULL, 0.00, 0.00, NULL, NULL, NULL, NULL, 1);
INSERT INTO `ub_corrispettivi` (`id`, `data`, `corrispettivo`, `pos`, `posBanca`, `satispay`, `sumup`, `totale`, `fatture`, `fattureContante`, `fatturePOS`, `note`, `created_at`, `updated_at`, `sign`, `is_active`) VALUES (362, '2017-07-01', 0.00, 0.00, 0.00, 0.00, 0.00, 0.00, 0.00, 0.00, 0.00, NULL, NULL, NULL, NULL, 1);
INSERT INTO `ub_corrispettivi` (`id`, `data`, `corrispettivo`, `pos`, `posBanca`, `satispay`, `sumup`, `totale`, `fatture`, `fattureContante`, `fatturePOS`, `note`, `created_at`, `updated_at`, `sign`, `is_active`) VALUES (364, '2017-09-01', 853.00, 240.00, 0.00, 0.00, 0.00, 980.00, NULL, 0.00, 0.00, NULL, NULL, NULL, NULL, 1);
INSERT INTO `ub_corrispettivi` (`id`, `data`, `corrispettivo`, `pos`, `posBanca`, `satispay`, `sumup`, `totale`, `fatture`, `fattureContante`, `fatturePOS`, `note`, `created_at`, `updated_at`, `sign`, `is_active`) VALUES (365, '2017-10-01', 901.00, 161.00, 0.00, 0.00, 0.00, 1043.00, NULL, 0.00, 0.00, NULL, NULL, NULL, NULL, 1);
INSERT INTO `ub_corrispettivi` (`id`, `data`, `corrispettivo`, `pos`, `posBanca`, `satispay`, `sumup`, `totale`, `fatture`, `fattureContante`, `fatturePOS`, `note`, `created_at`, `updated_at`, `sign`, `is_active`) VALUES (366, '2017-11-01', 826.00, 316.00, 0.00, 0.00, 0.00, 1009.00, NULL, 0.00, 0.00, NULL, NULL, NULL, NULL, 1);
INSERT INTO `ub_corrispettivi` (`id`, `data`, `corrispettivo`, `pos`, `posBanca`, `satispay`, `sumup`, `totale`, `fatture`, `fattureContante`, `fatturePOS`, `note`, `created_at`, `updated_at`, `sign`, `is_active`) VALUES (367, '2017-12-01', 1219.00, 342.00, 0.00, 0.00, 0.00, 1451.00, NULL, 0.00, 0.00, NULL, NULL, NULL, NULL, 1);
INSERT INTO `ub_corrispettivi` (`id`, `data`, `corrispettivo`, `pos`, `posBanca`, `satispay`, `sumup`, `totale`, `fatture`, `fattureContante`, `fatturePOS`, `note`, `created_at`, `updated_at`, `sign`, `is_active`) VALUES (368, '2018-01-02', 1099.00, 399.00, 0.00, 0.00, 0.00, 1238.50, 46.00, 0.00, 0.00, NULL, '2018-01-03 00:32:46', '2018-01-04 00:26:42', NULL, 1);
INSERT INTO `ub_corrispettivi` (`id`, `data`, `corrispettivo`, `pos`, `posBanca`, `satispay`, `sumup`, `totale`, `fatture`, `fattureContante`, `fatturePOS`, `note`, `created_at`, `updated_at`, `sign`, `is_active`) VALUES (369, '2018-01-03', 1222.50, 247.00, 0.00, 0.00, 0.00, 1308.50, 0.00, 0.00, 0.00, NULL, '2018-01-04 00:32:45', '2018-01-04 00:33:06', NULL, 1);
INSERT INTO `ub_corrispettivi` (`id`, `data`, `corrispettivo`, `pos`, `posBanca`, `satispay`, `sumup`, `totale`, `fatture`, `fattureContante`, `fatturePOS`, `note`, `created_at`, `updated_at`, `sign`, `is_active`) VALUES (370, '2018-01-04', 1280.00, 426.00, 0.00, 0.00, 0.00, 1387.50, 0.00, 0.00, 0.00, NULL, '2018-01-05 01:40:25', NULL, NULL, 1);
INSERT INTO `ub_corrispettivi` (`id`, `data`, `corrispettivo`, `pos`, `posBanca`, `satispay`, `sumup`, `totale`, `fatture`, `fattureContante`, `fatturePOS`, `note`, `created_at`, `updated_at`, `sign`, `is_active`) VALUES (371, '2018-01-05', 1162.50, 292.00, 0.00, 0.00, 0.00, 1281.50, 0.00, 0.00, 0.00, NULL, '2018-01-06 01:24:27', '2018-01-06 01:24:42', NULL, 1);
INSERT INTO `ub_corrispettivi` (`id`, `data`, `corrispettivo`, `pos`, `posBanca`, `satispay`, `sumup`, `totale`, `fatture`, `fattureContante`, `fatturePOS`, `note`, `created_at`, `updated_at`, `sign`, `is_active`) VALUES (372, '2018-01-06', 1421.00, 422.50, 0.00, 0.00, 0.00, 1535.00, 0.00, 0.00, 0.00, NULL, '2018-01-07 02:26:38', NULL, NULL, 1);
INSERT INTO `ub_corrispettivi` (`id`, `data`, `corrispettivo`, `pos`, `posBanca`, `satispay`, `sumup`, `totale`, `fatture`, `fattureContante`, `fatturePOS`, `note`, `created_at`, `updated_at`, `sign`, `is_active`) VALUES (373, '2018-01-07', 1015.50, 225.50, 0.00, 0.00, 0.00, 1043.50, 0.00, 0.00, 0.00, NULL, '2018-01-08 00:00:57', NULL, NULL, 1);
INSERT INTO `ub_corrispettivi` (`id`, `data`, `corrispettivo`, `pos`, `posBanca`, `satispay`, `sumup`, `totale`, `fatture`, `fattureContante`, `fatturePOS`, `note`, `created_at`, `updated_at`, `sign`, `is_active`) VALUES (374, '2018-01-01', 0.00, 0.00, 0.00, 0.00, 0.00, 0.00, 0.00, 0.00, 0.00, NULL, '2018-01-09 15:02:12', NULL, NULL, 1);
INSERT INTO `ub_corrispettivi` (`id`, `data`, `corrispettivo`, `pos`, `posBanca`, `satispay`, `sumup`, `totale`, `fatture`, `fattureContante`, `fatturePOS`, `note`, `created_at`, `updated_at`, `sign`, `is_active`) VALUES (375, '2018-01-08', 929.50, 180.50, 0.00, 0.00, 0.00, 1009.50, 0.00, 0.00, 0.00, NULL, '2018-01-09 18:35:28', NULL, NULL, 1);
INSERT INTO `ub_corrispettivi` (`id`, `data`, `corrispettivo`, `pos`, `posBanca`, `satispay`, `sumup`, `totale`, `fatture`, `fattureContante`, `fatturePOS`, `note`, `created_at`, `updated_at`, `sign`, `is_active`) VALUES (376, '2018-01-09', 749.50, 443.50, 0.00, 0.00, 0.00, 831.50, 0.00, 0.00, 0.00, NULL, '2018-01-09 23:32:13', NULL, NULL, 1);
INSERT INTO `ub_corrispettivi` (`id`, `data`, `corrispettivo`, `pos`, `posBanca`, `satispay`, `sumup`, `totale`, `fatture`, `fattureContante`, `fatturePOS`, `note`, `created_at`, `updated_at`, `sign`, `is_active`) VALUES (377, '2018-01-10', 720.00, 261.00, 0.00, 0.00, 0.00, 1161.00, 371.00, 0.00, 0.00, NULL, '2018-01-11 03:00:46', NULL, NULL, 1);
INSERT INTO `ub_corrispettivi` (`id`, `data`, `corrispettivo`, `pos`, `posBanca`, `satispay`, `sumup`, `totale`, `fatture`, `fattureContante`, `fatturePOS`, `note`, `created_at`, `updated_at`, `sign`, `is_active`) VALUES (378, '2018-01-11', 905.50, 322.00, 0.00, 0.00, 0.00, 1060.00, 45.00, 0.00, 0.00, NULL, '2018-01-12 00:12:39', NULL, NULL, 1);
INSERT INTO `ub_corrispettivi` (`id`, `data`, `corrispettivo`, `pos`, `posBanca`, `satispay`, `sumup`, `totale`, `fatture`, `fattureContante`, `fatturePOS`, `note`, `created_at`, `updated_at`, `sign`, `is_active`) VALUES (379, '2018-01-12', 1295.00, 141.00, 0.00, 0.00, 0.00, 1374.00, 0.00, 0.00, 0.00, NULL, '2018-01-13 01:54:15', NULL, NULL, 1);
INSERT INTO `ub_corrispettivi` (`id`, `data`, `corrispettivo`, `pos`, `posBanca`, `satispay`, `sumup`, `totale`, `fatture`, `fattureContante`, `fatturePOS`, `note`, `created_at`, `updated_at`, `sign`, `is_active`) VALUES (380, '2018-01-13', 1769.00, 762.80, 0.00, 0.00, 0.00, 1907.00, 0.00, 0.00, 0.00, NULL, '2018-01-14 02:15:47', '2018-01-14 02:17:04', NULL, 1);
INSERT INTO `ub_corrispettivi` (`id`, `data`, `corrispettivo`, `pos`, `posBanca`, `satispay`, `sumup`, `totale`, `fatture`, `fattureContante`, `fatturePOS`, `note`, `created_at`, `updated_at`, `sign`, `is_active`) VALUES (381, '2018-01-14', 1175.00, 359.50, 0.00, 0.00, 0.00, 1326.50, 0.00, 0.00, 0.00, NULL, '2018-01-14 23:54:13', NULL, NULL, 1);
INSERT INTO `ub_corrispettivi` (`id`, `data`, `corrispettivo`, `pos`, `posBanca`, `satispay`, `sumup`, `totale`, `fatture`, `fattureContante`, `fatturePOS`, `note`, `created_at`, `updated_at`, `sign`, `is_active`) VALUES (382, '2018-01-15', 466.00, 173.00, 0.00, 0.00, 0.00, 526.50, 0.00, 0.00, 0.00, NULL, '2018-01-16 00:07:28', NULL, NULL, 1);
INSERT INTO `ub_corrispettivi` (`id`, `data`, `corrispettivo`, `pos`, `posBanca`, `satispay`, `sumup`, `totale`, `fatture`, `fattureContante`, `fatturePOS`, `note`, `created_at`, `updated_at`, `sign`, `is_active`) VALUES (383, '2018-01-16', 653.00, 382.00, 0.00, 0.00, 0.00, 702.00, 40.00, 0.00, 0.00, NULL, '2018-01-16 23:59:39', NULL, NULL, 1);
INSERT INTO `ub_corrispettivi` (`id`, `data`, `corrispettivo`, `pos`, `posBanca`, `satispay`, `sumup`, `totale`, `fatture`, `fattureContante`, `fatturePOS`, `note`, `created_at`, `updated_at`, `sign`, `is_active`) VALUES (384, '2018-01-17', 409.00, 195.00, 0.00, 0.00, 0.00, 544.00, 85.50, 0.00, 0.00, NULL, '2018-01-17 23:30:55', NULL, NULL, 1);
INSERT INTO `ub_corrispettivi` (`id`, `data`, `corrispettivo`, `pos`, `posBanca`, `satispay`, `sumup`, `totale`, `fatture`, `fattureContante`, `fatturePOS`, `note`, `created_at`, `updated_at`, `sign`, `is_active`) VALUES (385, '2018-01-18', 788.50, 236.50, 0.00, 0.00, 0.00, 913.00, 0.00, 0.00, 0.00, NULL, '2018-01-18 23:46:12', NULL, NULL, 1);
INSERT INTO `ub_corrispettivi` (`id`, `data`, `corrispettivo`, `pos`, `posBanca`, `satispay`, `sumup`, `totale`, `fatture`, `fattureContante`, `fatturePOS`, `note`, `created_at`, `updated_at`, `sign`, `is_active`) VALUES (386, '2018-01-19', 1587.50, 853.00, 0.00, 0.00, 0.00, 1698.50, 0.00, 0.00, 0.00, NULL, '2018-01-20 02:03:49', NULL, NULL, 1);
INSERT INTO `ub_corrispettivi` (`id`, `data`, `corrispettivo`, `pos`, `posBanca`, `satispay`, `sumup`, `totale`, `fatture`, `fattureContante`, `fatturePOS`, `note`, `created_at`, `updated_at`, `sign`, `is_active`) VALUES (387, '2018-01-20', 1917.00, 771.00, 0.00, 0.00, 0.00, 2091.50, 0.00, 0.00, 0.00, NULL, '2018-01-21 01:51:48', NULL, NULL, 1);
INSERT INTO `ub_corrispettivi` (`id`, `data`, `corrispettivo`, `pos`, `posBanca`, `satispay`, `sumup`, `totale`, `fatture`, `fattureContante`, `fatturePOS`, `note`, `created_at`, `updated_at`, `sign`, `is_active`) VALUES (388, '2018-01-21', 1089.50, 386.50, 0.00, 0.00, 0.00, 1148.00, 0.00, 0.00, 0.00, NULL, '2018-01-22 01:25:50', NULL, NULL, 1);
INSERT INTO `ub_corrispettivi` (`id`, `data`, `corrispettivo`, `pos`, `posBanca`, `satispay`, `sumup`, `totale`, `fatture`, `fattureContante`, `fatturePOS`, `note`, `created_at`, `updated_at`, `sign`, `is_active`) VALUES (389, '2018-01-22', 364.00, 38.00, 0.00, 0.00, 0.00, 418.00, 0.00, 0.00, 0.00, NULL, '2018-01-22 23:54:57', NULL, NULL, 1);
INSERT INTO `ub_corrispettivi` (`id`, `data`, `corrispettivo`, `pos`, `posBanca`, `satispay`, `sumup`, `totale`, `fatture`, `fattureContante`, `fatturePOS`, `note`, `created_at`, `updated_at`, `sign`, `is_active`) VALUES (390, '2018-01-23', 453.50, 270.50, 0.00, 0.00, 0.00, 629.50, 38.50, 0.00, 0.00, NULL, '2018-01-24 01:01:27', NULL, NULL, 1);
INSERT INTO `ub_corrispettivi` (`id`, `data`, `corrispettivo`, `pos`, `posBanca`, `satispay`, `sumup`, `totale`, `fatture`, `fattureContante`, `fatturePOS`, `note`, `created_at`, `updated_at`, `sign`, `is_active`) VALUES (391, '2018-01-24', 857.00, 543.50, 0.00, 0.00, 0.00, 1092.50, 0.00, 0.00, 0.00, NULL, '2018-01-25 00:09:15', NULL, NULL, 1);
INSERT INTO `ub_corrispettivi` (`id`, `data`, `corrispettivo`, `pos`, `posBanca`, `satispay`, `sumup`, `totale`, `fatture`, `fattureContante`, `fatturePOS`, `note`, `created_at`, `updated_at`, `sign`, `is_active`) VALUES (392, '2018-01-25', 1032.00, 210.00, 0.00, 0.00, 0.00, 1192.00, 0.00, 0.00, 0.00, NULL, '2018-01-26 01:06:35', NULL, NULL, 1);
INSERT INTO `ub_corrispettivi` (`id`, `data`, `corrispettivo`, `pos`, `posBanca`, `satispay`, `sumup`, `totale`, `fatture`, `fattureContante`, `fatturePOS`, `note`, `created_at`, `updated_at`, `sign`, `is_active`) VALUES (393, '2018-01-26', 1517.00, 713.50, 0.00, 0.00, 0.00, 1694.00, 77.00, 0.00, 0.00, NULL, '2018-01-27 03:09:51', '2018-01-28 02:41:56', NULL, 1);
INSERT INTO `ub_corrispettivi` (`id`, `data`, `corrispettivo`, `pos`, `posBanca`, `satispay`, `sumup`, `totale`, `fatture`, `fattureContante`, `fatturePOS`, `note`, `created_at`, `updated_at`, `sign`, `is_active`) VALUES (394, '2018-01-27', 1544.00, 350.50, 0.00, 0.00, 0.00, 1706.00, 31.50, 0.00, 0.00, NULL, '2018-01-28 02:42:58', NULL, NULL, 1);
INSERT INTO `ub_corrispettivi` (`id`, `data`, `corrispettivo`, `pos`, `posBanca`, `satispay`, `sumup`, `totale`, `fatture`, `fattureContante`, `fatturePOS`, `note`, `created_at`, `updated_at`, `sign`, `is_active`) VALUES (395, '2018-01-28', 1211.50, 361.50, 0.00, 0.00, 0.00, 1296.50, 0.00, 0.00, 0.00, NULL, '2018-01-29 00:27:54', NULL, NULL, 1);
INSERT INTO `ub_corrispettivi` (`id`, `data`, `corrispettivo`, `pos`, `posBanca`, `satispay`, `sumup`, `totale`, `fatture`, `fattureContante`, `fatturePOS`, `note`, `created_at`, `updated_at`, `sign`, `is_active`) VALUES (396, '2018-01-29', 287.50, 18.00, 0.00, 0.00, 0.00, 321.00, 0.00, 0.00, 0.00, NULL, '2018-01-30 00:46:40', NULL, NULL, 1);
INSERT INTO `ub_corrispettivi` (`id`, `data`, `corrispettivo`, `pos`, `posBanca`, `satispay`, `sumup`, `totale`, `fatture`, `fattureContante`, `fatturePOS`, `note`, `created_at`, `updated_at`, `sign`, `is_active`) VALUES (397, '2018-01-30', 719.50, 353.00, 0.00, 0.00, 0.00, 775.00, 0.00, 0.00, 0.00, NULL, '2018-01-31 01:17:39', NULL, NULL, 1);
INSERT INTO `ub_corrispettivi` (`id`, `data`, `corrispettivo`, `pos`, `posBanca`, `satispay`, `sumup`, `totale`, `fatture`, `fattureContante`, `fatturePOS`, `note`, `created_at`, `updated_at`, `sign`, `is_active`) VALUES (398, '2018-01-31', 808.50, 438.00, 0.00, 0.00, 0.00, 1049.00, 102.00, 0.00, 0.00, NULL, '2018-02-01 01:15:59', NULL, NULL, 1);
INSERT INTO `ub_corrispettivi` (`id`, `data`, `corrispettivo`, `pos`, `posBanca`, `satispay`, `sumup`, `totale`, `fatture`, `fattureContante`, `fatturePOS`, `note`, `created_at`, `updated_at`, `sign`, `is_active`) VALUES (399, '2018-02-01', 1401.00, 494.50, 0.00, 0.00, 0.00, 1554.00, 0.00, 0.00, 0.00, NULL, '2018-02-02 03:00:30', NULL, NULL, 1);
INSERT INTO `ub_corrispettivi` (`id`, `data`, `corrispettivo`, `pos`, `posBanca`, `satispay`, `sumup`, `totale`, `fatture`, `fattureContante`, `fatturePOS`, `note`, `created_at`, `updated_at`, `sign`, `is_active`) VALUES (400, '2018-02-02', 1118.50, 577.00, 0.00, 0.00, 0.00, 1324.50, 50.00, 0.00, 0.00, NULL, '2018-02-03 02:30:14', '2018-02-03 02:32:23', NULL, 1);
INSERT INTO `ub_corrispettivi` (`id`, `data`, `corrispettivo`, `pos`, `posBanca`, `satispay`, `sumup`, `totale`, `fatture`, `fattureContante`, `fatturePOS`, `note`, `created_at`, `updated_at`, `sign`, `is_active`) VALUES (401, '2018-02-03', 1823.00, 703.00, 0.00, 0.00, 0.00, 2026.00, 0.00, 0.00, 0.00, NULL, '2018-02-04 03:05:24', '2018-02-05 01:06:57', NULL, 1);
INSERT INTO `ub_corrispettivi` (`id`, `data`, `corrispettivo`, `pos`, `posBanca`, `satispay`, `sumup`, `totale`, `fatture`, `fattureContante`, `fatturePOS`, `note`, `created_at`, `updated_at`, `sign`, `is_active`) VALUES (402, '2018-02-04', 1190.00, 558.00, 0.00, 0.00, 0.00, 1223.00, 0.00, 0.00, 0.00, NULL, '2018-02-05 01:15:09', NULL, NULL, 1);
INSERT INTO `ub_corrispettivi` (`id`, `data`, `corrispettivo`, `pos`, `posBanca`, `satispay`, `sumup`, `totale`, `fatture`, `fattureContante`, `fatturePOS`, `note`, `created_at`, `updated_at`, `sign`, `is_active`) VALUES (403, '2018-02-05', 676.00, 315.00, 0.00, 0.00, 0.00, 814.00, 0.00, 0.00, 0.00, NULL, '2018-02-06 00:19:11', NULL, NULL, 1);
INSERT INTO `ub_corrispettivi` (`id`, `data`, `corrispettivo`, `pos`, `posBanca`, `satispay`, `sumup`, `totale`, `fatture`, `fattureContante`, `fatturePOS`, `note`, `created_at`, `updated_at`, `sign`, `is_active`) VALUES (404, '2018-02-06', 629.50, 101.50, 0.00, 0.00, 0.00, 651.50, 0.00, 0.00, 0.00, NULL, '2018-02-07 00:33:10', NULL, NULL, 1);
INSERT INTO `ub_corrispettivi` (`id`, `data`, `corrispettivo`, `pos`, `posBanca`, `satispay`, `sumup`, `totale`, `fatture`, `fattureContante`, `fatturePOS`, `note`, `created_at`, `updated_at`, `sign`, `is_active`) VALUES (405, '2018-02-07', 713.50, 171.00, 0.00, 0.00, 0.00, 790.00, 0.00, 0.00, 0.00, NULL, '2018-02-08 00:22:31', NULL, NULL, 1);
INSERT INTO `ub_corrispettivi` (`id`, `data`, `corrispettivo`, `pos`, `posBanca`, `satispay`, `sumup`, `totale`, `fatture`, `fattureContante`, `fatturePOS`, `note`, `created_at`, `updated_at`, `sign`, `is_active`) VALUES (406, '2018-02-08', 795.50, 343.50, 0.00, 0.00, 0.00, 841.00, 0.00, 0.00, 0.00, NULL, '2018-02-09 00:48:31', NULL, NULL, 1);
INSERT INTO `ub_corrispettivi` (`id`, `data`, `corrispettivo`, `pos`, `posBanca`, `satispay`, `sumup`, `totale`, `fatture`, `fattureContante`, `fatturePOS`, `note`, `created_at`, `updated_at`, `sign`, `is_active`) VALUES (407, '2018-02-09', 1524.00, 782.00, 0.00, 0.00, 0.00, 1622.00, 0.00, 0.00, 0.00, NULL, '2018-02-10 03:16:16', NULL, NULL, 1);
INSERT INTO `ub_corrispettivi` (`id`, `data`, `corrispettivo`, `pos`, `posBanca`, `satispay`, `sumup`, `totale`, `fatture`, `fattureContante`, `fatturePOS`, `note`, `created_at`, `updated_at`, `sign`, `is_active`) VALUES (408, '2018-02-10', 1696.50, 545.50, 0.00, 0.00, 0.00, 1839.50, 0.00, 0.00, 0.00, NULL, '2018-02-11 02:01:03', '2018-02-11 02:01:17', NULL, 1);
INSERT INTO `ub_corrispettivi` (`id`, `data`, `corrispettivo`, `pos`, `posBanca`, `satispay`, `sumup`, `totale`, `fatture`, `fattureContante`, `fatturePOS`, `note`, `created_at`, `updated_at`, `sign`, `is_active`) VALUES (409, '2018-02-11', 1161.00, 327.00, 0.00, 0.00, 0.00, 1199.00, 0.00, 0.00, 0.00, NULL, '2018-02-12 00:01:53', NULL, NULL, 1);
INSERT INTO `ub_corrispettivi` (`id`, `data`, `corrispettivo`, `pos`, `posBanca`, `satispay`, `sumup`, `totale`, `fatture`, `fattureContante`, `fatturePOS`, `note`, `created_at`, `updated_at`, `sign`, `is_active`) VALUES (410, '2018-02-12', 664.00, 511.00, 0.00, 0.00, 0.00, 701.00, 0.00, 0.00, 0.00, NULL, '2018-02-12 22:46:36', NULL, NULL, 1);
INSERT INTO `ub_corrispettivi` (`id`, `data`, `corrispettivo`, `pos`, `posBanca`, `satispay`, `sumup`, `totale`, `fatture`, `fattureContante`, `fatturePOS`, `note`, `created_at`, `updated_at`, `sign`, `is_active`) VALUES (411, '2018-02-13', 783.00, 353.50, 0.00, 0.00, 0.00, 856.50, 0.00, 0.00, 0.00, NULL, '2018-02-14 00:40:34', NULL, NULL, 1);
INSERT INTO `ub_corrispettivi` (`id`, `data`, `corrispettivo`, `pos`, `posBanca`, `satispay`, `sumup`, `totale`, `fatture`, `fattureContante`, `fatturePOS`, `note`, `created_at`, `updated_at`, `sign`, `is_active`) VALUES (412, '2018-02-14', 1102.00, 608.00, 0.00, 0.00, 0.00, 1164.50, 0.00, 0.00, 0.00, NULL, '2018-02-15 00:47:11', NULL, NULL, 1);
INSERT INTO `ub_corrispettivi` (`id`, `data`, `corrispettivo`, `pos`, `posBanca`, `satispay`, `sumup`, `totale`, `fatture`, `fattureContante`, `fatturePOS`, `note`, `created_at`, `updated_at`, `sign`, `is_active`) VALUES (413, '2018-02-15', 768.00, 51.00, 0.00, 0.00, 0.00, 851.50, 0.00, 0.00, 0.00, NULL, '2018-02-16 00:42:18', NULL, NULL, 1);
INSERT INTO `ub_corrispettivi` (`id`, `data`, `corrispettivo`, `pos`, `posBanca`, `satispay`, `sumup`, `totale`, `fatture`, `fattureContante`, `fatturePOS`, `note`, `created_at`, `updated_at`, `sign`, `is_active`) VALUES (414, '2018-02-16', 1475.00, 427.50, 0.00, 0.00, 0.00, 1576.50, 0.00, 0.00, 0.00, NULL, '2018-02-17 01:48:40', NULL, NULL, 1);
INSERT INTO `ub_corrispettivi` (`id`, `data`, `corrispettivo`, `pos`, `posBanca`, `satispay`, `sumup`, `totale`, `fatture`, `fattureContante`, `fatturePOS`, `note`, `created_at`, `updated_at`, `sign`, `is_active`) VALUES (415, '2018-02-17', 1701.00, 650.50, 0.00, 0.00, 0.00, 1794.00, 0.00, 0.00, 0.00, NULL, '2018-02-18 02:06:56', '2018-02-18 02:18:06', NULL, 1);
INSERT INTO `ub_corrispettivi` (`id`, `data`, `corrispettivo`, `pos`, `posBanca`, `satispay`, `sumup`, `totale`, `fatture`, `fattureContante`, `fatturePOS`, `note`, `created_at`, `updated_at`, `sign`, `is_active`) VALUES (416, '2018-02-18', 1360.00, 653.00, 0.00, 0.00, 0.00, 1460.00, 0.00, 0.00, 0.00, NULL, '2018-02-19 01:01:05', NULL, NULL, 1);
INSERT INTO `ub_corrispettivi` (`id`, `data`, `corrispettivo`, `pos`, `posBanca`, `satispay`, `sumup`, `totale`, `fatture`, `fattureContante`, `fatturePOS`, `note`, `created_at`, `updated_at`, `sign`, `is_active`) VALUES (417, '2018-02-19', 0.00, 0.00, 0.00, 0.00, 0.00, 0.00, 0.00, 0.00, 0.00, NULL, '2018-02-19 01:03:07', NULL, NULL, 1);
INSERT INTO `ub_corrispettivi` (`id`, `data`, `corrispettivo`, `pos`, `posBanca`, `satispay`, `sumup`, `totale`, `fatture`, `fattureContante`, `fatturePOS`, `note`, `created_at`, `updated_at`, `sign`, `is_active`) VALUES (418, '2018-02-20', 0.00, 0.00, 0.00, 0.00, 0.00, 0.00, 0.00, 0.00, 0.00, NULL, '2018-02-19 01:03:18', NULL, NULL, 1);
INSERT INTO `ub_corrispettivi` (`id`, `data`, `corrispettivo`, `pos`, `posBanca`, `satispay`, `sumup`, `totale`, `fatture`, `fattureContante`, `fatturePOS`, `note`, `created_at`, `updated_at`, `sign`, `is_active`) VALUES (419, '2018-02-21', 0.00, 0.00, 0.00, 0.00, 0.00, 0.00, 0.00, 0.00, 0.00, NULL, '2018-02-19 01:03:29', NULL, NULL, 1);
INSERT INTO `ub_corrispettivi` (`id`, `data`, `corrispettivo`, `pos`, `posBanca`, `satispay`, `sumup`, `totale`, `fatture`, `fattureContante`, `fatturePOS`, `note`, `created_at`, `updated_at`, `sign`, `is_active`) VALUES (420, '2018-02-22', 0.00, 0.00, 0.00, 0.00, 0.00, 0.00, 0.00, 0.00, 0.00, NULL, '2018-02-19 01:03:39', NULL, NULL, 1);
INSERT INTO `ub_corrispettivi` (`id`, `data`, `corrispettivo`, `pos`, `posBanca`, `satispay`, `sumup`, `totale`, `fatture`, `fattureContante`, `fatturePOS`, `note`, `created_at`, `updated_at`, `sign`, `is_active`) VALUES (421, '2018-02-23', 1204.50, 635.00, 0.00, 0.00, 0.00, 1386.00, 0.00, 0.00, 0.00, NULL, '2018-02-24 02:44:12', NULL, NULL, 1);
INSERT INTO `ub_corrispettivi` (`id`, `data`, `corrispettivo`, `pos`, `posBanca`, `satispay`, `sumup`, `totale`, `fatture`, `fattureContante`, `fatturePOS`, `note`, `created_at`, `updated_at`, `sign`, `is_active`) VALUES (422, '2018-02-24', 1921.00, 745.70, 0.00, 0.00, 0.00, 2015.50, 0.00, 0.00, 0.00, NULL, '2018-02-25 02:25:12', NULL, NULL, 1);
INSERT INTO `ub_corrispettivi` (`id`, `data`, `corrispettivo`, `pos`, `posBanca`, `satispay`, `sumup`, `totale`, `fatture`, `fattureContante`, `fatturePOS`, `note`, `created_at`, `updated_at`, `sign`, `is_active`) VALUES (423, '2018-02-25', 643.50, 189.00, 0.00, 0.00, 0.00, 800.00, 0.00, 0.00, 0.00, NULL, '2018-02-26 00:33:27', NULL, NULL, 1);
INSERT INTO `ub_corrispettivi` (`id`, `data`, `corrispettivo`, `pos`, `posBanca`, `satispay`, `sumup`, `totale`, `fatture`, `fattureContante`, `fatturePOS`, `note`, `created_at`, `updated_at`, `sign`, `is_active`) VALUES (424, '2018-02-26', 587.50, 127.50, 0.00, 0.00, 0.00, 808.00, 0.00, 0.00, 0.00, NULL, '2018-02-27 00:52:12', NULL, NULL, 1);
INSERT INTO `ub_corrispettivi` (`id`, `data`, `corrispettivo`, `pos`, `posBanca`, `satispay`, `sumup`, `totale`, `fatture`, `fattureContante`, `fatturePOS`, `note`, `created_at`, `updated_at`, `sign`, `is_active`) VALUES (425, '2018-02-27', 452.50, 298.00, 0.00, 0.00, 0.00, 628.00, 0.00, 0.00, 0.00, NULL, '2018-02-28 00:11:32', '2018-02-28 00:23:40', NULL, 1);
INSERT INTO `ub_corrispettivi` (`id`, `data`, `corrispettivo`, `pos`, `posBanca`, `satispay`, `sumup`, `totale`, `fatture`, `fattureContante`, `fatturePOS`, `note`, `created_at`, `updated_at`, `sign`, `is_active`) VALUES (426, '2018-02-28', 880.00, 450.00, 0.00, 0.00, 0.00, 1097.00, 0.00, 0.00, 0.00, NULL, '2018-03-01 02:20:55', NULL, NULL, 1);
INSERT INTO `ub_corrispettivi` (`id`, `data`, `corrispettivo`, `pos`, `posBanca`, `satispay`, `sumup`, `totale`, `fatture`, `fattureContante`, `fatturePOS`, `note`, `created_at`, `updated_at`, `sign`, `is_active`) VALUES (427, '2018-03-01', 841.00, 374.50, 0.00, 0.00, 0.00, 991.50, 0.00, 0.00, 0.00, NULL, '2018-03-02 00:29:54', NULL, NULL, 1);
INSERT INTO `ub_corrispettivi` (`id`, `data`, `corrispettivo`, `pos`, `posBanca`, `satispay`, `sumup`, `totale`, `fatture`, `fattureContante`, `fatturePOS`, `note`, `created_at`, `updated_at`, `sign`, `is_active`) VALUES (428, '2018-03-02', 1302.50, 696.00, 0.00, 0.00, 0.00, 1667.00, 0.00, 0.00, 0.00, NULL, '2018-03-03 02:43:42', NULL, NULL, 1);
INSERT INTO `ub_corrispettivi` (`id`, `data`, `corrispettivo`, `pos`, `posBanca`, `satispay`, `sumup`, `totale`, `fatture`, `fattureContante`, `fatturePOS`, `note`, `created_at`, `updated_at`, `sign`, `is_active`) VALUES (429, '2018-03-03', 1563.50, 915.50, 0.00, 0.00, 0.00, 1834.00, 0.00, 0.00, 0.00, NULL, '2018-03-04 02:57:49', NULL, NULL, 1);
INSERT INTO `ub_corrispettivi` (`id`, `data`, `corrispettivo`, `pos`, `posBanca`, `satispay`, `sumup`, `totale`, `fatture`, `fattureContante`, `fatturePOS`, `note`, `created_at`, `updated_at`, `sign`, `is_active`) VALUES (430, '2018-03-04', 1269.50, 720.00, 0.00, 0.00, 0.00, 1410.00, 0.00, 0.00, 0.00, NULL, '2018-03-05 00:25:56', NULL, NULL, 1);
INSERT INTO `ub_corrispettivi` (`id`, `data`, `corrispettivo`, `pos`, `posBanca`, `satispay`, `sumup`, `totale`, `fatture`, `fattureContante`, `fatturePOS`, `note`, `created_at`, `updated_at`, `sign`, `is_active`) VALUES (431, '2018-03-05', 704.00, 226.50, 0.00, 0.00, 0.00, 797.00, 0.00, 0.00, 0.00, NULL, '2018-03-06 01:34:35', NULL, NULL, 1);
INSERT INTO `ub_corrispettivi` (`id`, `data`, `corrispettivo`, `pos`, `posBanca`, `satispay`, `sumup`, `totale`, `fatture`, `fattureContante`, `fatturePOS`, `note`, `created_at`, `updated_at`, `sign`, `is_active`) VALUES (432, '2018-03-06', 707.50, 315.00, 0.00, 0.00, 0.00, 948.50, 0.00, 0.00, 0.00, NULL, '2018-03-07 01:42:20', NULL, NULL, 1);
INSERT INTO `ub_corrispettivi` (`id`, `data`, `corrispettivo`, `pos`, `posBanca`, `satispay`, `sumup`, `totale`, `fatture`, `fattureContante`, `fatturePOS`, `note`, `created_at`, `updated_at`, `sign`, `is_active`) VALUES (433, '2018-03-07', 605.00, 128.50, 0.00, 0.00, 0.00, 694.50, 32.00, 0.00, 0.00, NULL, '2018-03-08 00:34:48', NULL, NULL, 1);
INSERT INTO `ub_corrispettivi` (`id`, `data`, `corrispettivo`, `pos`, `posBanca`, `satispay`, `sumup`, `totale`, `fatture`, `fattureContante`, `fatturePOS`, `note`, `created_at`, `updated_at`, `sign`, `is_active`) VALUES (434, '2018-03-08', 1082.00, 360.50, 0.00, 0.00, 0.00, 1231.50, 0.00, 0.00, 0.00, NULL, '2018-03-09 01:31:00', NULL, NULL, 1);
INSERT INTO `ub_corrispettivi` (`id`, `data`, `corrispettivo`, `pos`, `posBanca`, `satispay`, `sumup`, `totale`, `fatture`, `fattureContante`, `fatturePOS`, `note`, `created_at`, `updated_at`, `sign`, `is_active`) VALUES (435, '2018-03-09', 1119.50, 292.50, 0.00, 0.00, 0.00, 1467.50, 60.00, 0.00, 0.00, NULL, '2018-03-10 02:25:19', NULL, NULL, 1);
INSERT INTO `ub_corrispettivi` (`id`, `data`, `corrispettivo`, `pos`, `posBanca`, `satispay`, `sumup`, `totale`, `fatture`, `fattureContante`, `fatturePOS`, `note`, `created_at`, `updated_at`, `sign`, `is_active`) VALUES (436, '2018-03-10', 1811.50, 776.00, 0.00, 0.00, 0.00, 1973.50, 0.00, 0.00, 0.00, NULL, '2018-03-11 02:52:36', NULL, NULL, 1);
INSERT INTO `ub_corrispettivi` (`id`, `data`, `corrispettivo`, `pos`, `posBanca`, `satispay`, `sumup`, `totale`, `fatture`, `fattureContante`, `fatturePOS`, `note`, `created_at`, `updated_at`, `sign`, `is_active`) VALUES (437, '2018-03-11', 1316.00, 483.00, 0.00, 0.00, 0.00, 1514.00, 0.00, 0.00, 0.00, NULL, '2018-03-12 00:29:05', NULL, NULL, 1);
INSERT INTO `ub_corrispettivi` (`id`, `data`, `corrispettivo`, `pos`, `posBanca`, `satispay`, `sumup`, `totale`, `fatture`, `fattureContante`, `fatturePOS`, `note`, `created_at`, `updated_at`, `sign`, `is_active`) VALUES (438, '2018-03-12', 765.50, 401.00, 0.00, 0.00, 0.00, 935.50, 0.00, 0.00, 0.00, NULL, '2018-03-13 01:59:07', NULL, NULL, 1);
INSERT INTO `ub_corrispettivi` (`id`, `data`, `corrispettivo`, `pos`, `posBanca`, `satispay`, `sumup`, `totale`, `fatture`, `fattureContante`, `fatturePOS`, `note`, `created_at`, `updated_at`, `sign`, `is_active`) VALUES (439, '2018-03-13', 901.50, 398.00, 0.00, 0.00, 0.00, 1076.50, 0.00, 0.00, 0.00, NULL, '2018-03-14 01:10:54', NULL, NULL, 1);
INSERT INTO `ub_corrispettivi` (`id`, `data`, `corrispettivo`, `pos`, `posBanca`, `satispay`, `sumup`, `totale`, `fatture`, `fattureContante`, `fatturePOS`, `note`, `created_at`, `updated_at`, `sign`, `is_active`) VALUES (440, '2018-03-14', 1030.00, 650.50, 0.00, 0.00, 0.00, 1219.50, 0.00, 0.00, 0.00, NULL, '2018-03-15 00:31:47', NULL, NULL, 1);
INSERT INTO `ub_corrispettivi` (`id`, `data`, `corrispettivo`, `pos`, `posBanca`, `satispay`, `sumup`, `totale`, `fatture`, `fattureContante`, `fatturePOS`, `note`, `created_at`, `updated_at`, `sign`, `is_active`) VALUES (441, '2018-03-15', 742.00, 294.00, 0.00, 0.00, 0.00, 850.00, 0.00, 0.00, 0.00, NULL, '2018-03-16 00:19:51', NULL, NULL, 1);
INSERT INTO `ub_corrispettivi` (`id`, `data`, `corrispettivo`, `pos`, `posBanca`, `satispay`, `sumup`, `totale`, `fatture`, `fattureContante`, `fatturePOS`, `note`, `created_at`, `updated_at`, `sign`, `is_active`) VALUES (442, '2018-03-16', 1604.50, 382.00, 0.00, 0.00, 0.00, 1704.50, 0.00, 0.00, 0.00, NULL, '2018-03-17 01:46:53', NULL, NULL, 1);
INSERT INTO `ub_corrispettivi` (`id`, `data`, `corrispettivo`, `pos`, `posBanca`, `satispay`, `sumup`, `totale`, `fatture`, `fattureContante`, `fatturePOS`, `note`, `created_at`, `updated_at`, `sign`, `is_active`) VALUES (443, '2018-03-17', 1637.50, 379.00, 0.00, 0.00, 0.00, 1813.00, 35.00, 0.00, 0.00, NULL, '2018-03-18 01:49:16', NULL, NULL, 1);
INSERT INTO `ub_corrispettivi` (`id`, `data`, `corrispettivo`, `pos`, `posBanca`, `satispay`, `sumup`, `totale`, `fatture`, `fattureContante`, `fatturePOS`, `note`, `created_at`, `updated_at`, `sign`, `is_active`) VALUES (444, '2018-03-18', 1114.00, 311.50, 0.00, 0.00, 0.00, 1192.00, 0.00, 0.00, 0.00, NULL, '2018-03-19 00:07:55', NULL, NULL, 1);
INSERT INTO `ub_corrispettivi` (`id`, `data`, `corrispettivo`, `pos`, `posBanca`, `satispay`, `sumup`, `totale`, `fatture`, `fattureContante`, `fatturePOS`, `note`, `created_at`, `updated_at`, `sign`, `is_active`) VALUES (445, '2018-03-19', 520.50, 177.50, 0.00, 0.00, 0.00, 567.00, 0.00, 0.00, 0.00, NULL, '2018-03-19 23:05:26', NULL, NULL, 1);
INSERT INTO `ub_corrispettivi` (`id`, `data`, `corrispettivo`, `pos`, `posBanca`, `satispay`, `sumup`, `totale`, `fatture`, `fattureContante`, `fatturePOS`, `note`, `created_at`, `updated_at`, `sign`, `is_active`) VALUES (446, '2018-03-20', 918.00, 156.00, 0.00, 0.00, 0.00, 995.50, 29.50, 0.00, 0.00, NULL, '2018-03-21 00:03:19', NULL, NULL, 1);
INSERT INTO `ub_corrispettivi` (`id`, `data`, `corrispettivo`, `pos`, `posBanca`, `satispay`, `sumup`, `totale`, `fatture`, `fattureContante`, `fatturePOS`, `note`, `created_at`, `updated_at`, `sign`, `is_active`) VALUES (447, '2018-03-21', 1055.50, 476.50, 0.00, 0.00, 0.00, 1104.50, 26.00, 0.00, 0.00, NULL, '2018-03-23 00:31:29', NULL, NULL, 1);
INSERT INTO `ub_corrispettivi` (`id`, `data`, `corrispettivo`, `pos`, `posBanca`, `satispay`, `sumup`, `totale`, `fatture`, `fattureContante`, `fatturePOS`, `note`, `created_at`, `updated_at`, `sign`, `is_active`) VALUES (448, '2018-03-22', 1237.00, 351.00, 0.00, 0.00, 0.00, 1413.00, 22.50, 0.00, 0.00, NULL, '2018-03-23 00:37:12', NULL, NULL, 1);
INSERT INTO `ub_corrispettivi` (`id`, `data`, `corrispettivo`, `pos`, `posBanca`, `satispay`, `sumup`, `totale`, `fatture`, `fattureContante`, `fatturePOS`, `note`, `created_at`, `updated_at`, `sign`, `is_active`) VALUES (449, '2018-03-23', 1264.00, 290.50, 0.00, 0.00, 0.00, 1543.00, 0.00, 0.00, 0.00, NULL, '2018-03-24 02:36:58', NULL, NULL, 1);
INSERT INTO `ub_corrispettivi` (`id`, `data`, `corrispettivo`, `pos`, `posBanca`, `satispay`, `sumup`, `totale`, `fatture`, `fattureContante`, `fatturePOS`, `note`, `created_at`, `updated_at`, `sign`, `is_active`) VALUES (450, '2018-03-24', 1749.00, 633.50, 0.00, 0.00, 0.00, 1851.50, 0.00, 0.00, 0.00, NULL, '2018-03-25 00:41:13', NULL, NULL, 1);
INSERT INTO `ub_corrispettivi` (`id`, `data`, `corrispettivo`, `pos`, `posBanca`, `satispay`, `sumup`, `totale`, `fatture`, `fattureContante`, `fatturePOS`, `note`, `created_at`, `updated_at`, `sign`, `is_active`) VALUES (451, '2018-03-25', 1051.50, 114.50, 0.00, 0.00, 0.00, 1133.00, 0.00, 0.00, 0.00, NULL, '2018-03-25 23:47:07', '2018-03-25 23:48:52', NULL, 1);
INSERT INTO `ub_corrispettivi` (`id`, `data`, `corrispettivo`, `pos`, `posBanca`, `satispay`, `sumup`, `totale`, `fatture`, `fattureContante`, `fatturePOS`, `note`, `created_at`, `updated_at`, `sign`, `is_active`) VALUES (452, '2018-03-26', 1254.50, 630.00, 0.00, 0.00, 0.00, 1297.50, 0.00, 0.00, 0.00, NULL, '2018-03-26 23:19:30', NULL, NULL, 1);
INSERT INTO `ub_corrispettivi` (`id`, `data`, `corrispettivo`, `pos`, `posBanca`, `satispay`, `sumup`, `totale`, `fatture`, `fattureContante`, `fatturePOS`, `note`, `created_at`, `updated_at`, `sign`, `is_active`) VALUES (453, '2018-03-27', 884.00, 340.00, 0.00, 0.00, 0.00, 988.50, 0.00, 0.00, 0.00, NULL, '2018-03-27 23:26:37', NULL, NULL, 1);
INSERT INTO `ub_corrispettivi` (`id`, `data`, `corrispettivo`, `pos`, `posBanca`, `satispay`, `sumup`, `totale`, `fatture`, `fattureContante`, `fatturePOS`, `note`, `created_at`, `updated_at`, `sign`, `is_active`) VALUES (454, '2018-03-28', 1027.00, 514.00, 0.00, 0.00, 0.00, 1127.50, 0.00, 0.00, 0.00, NULL, '2018-03-29 00:44:19', NULL, NULL, 1);
INSERT INTO `ub_corrispettivi` (`id`, `data`, `corrispettivo`, `pos`, `posBanca`, `satispay`, `sumup`, `totale`, `fatture`, `fattureContante`, `fatturePOS`, `note`, `created_at`, `updated_at`, `sign`, `is_active`) VALUES (455, '2018-03-29', 1015.00, 323.00, 0.00, 0.00, 0.00, 1130.50, 0.00, 0.00, 0.00, NULL, '2018-03-30 03:07:35', '2018-03-30 03:08:04', NULL, 1);
INSERT INTO `ub_corrispettivi` (`id`, `data`, `corrispettivo`, `pos`, `posBanca`, `satispay`, `sumup`, `totale`, `fatture`, `fattureContante`, `fatturePOS`, `note`, `created_at`, `updated_at`, `sign`, `is_active`) VALUES (456, '2018-03-30', 1172.00, 379.00, 0.00, 0.00, 0.00, 1269.00, 0.00, 0.00, 0.00, NULL, '2018-03-31 00:20:11', NULL, NULL, 1);
INSERT INTO `ub_corrispettivi` (`id`, `data`, `corrispettivo`, `pos`, `posBanca`, `satispay`, `sumup`, `totale`, `fatture`, `fattureContante`, `fatturePOS`, `note`, `created_at`, `updated_at`, `sign`, `is_active`) VALUES (457, '2018-03-31', 1657.50, 720.50, 0.00, 0.00, 0.00, 1759.50, 0.00, 0.00, 0.00, NULL, '2018-04-01 01:15:49', NULL, NULL, 1);
INSERT INTO `ub_corrispettivi` (`id`, `data`, `corrispettivo`, `pos`, `posBanca`, `satispay`, `sumup`, `totale`, `fatture`, `fattureContante`, `fatturePOS`, `note`, `created_at`, `updated_at`, `sign`, `is_active`) VALUES (458, '2018-04-01', 1316.00, 348.60, 0.00, 0.00, 0.00, 1448.50, 0.00, 0.00, 0.00, NULL, '2018-04-02 00:39:54', NULL, NULL, 1);
INSERT INTO `ub_corrispettivi` (`id`, `data`, `corrispettivo`, `pos`, `posBanca`, `satispay`, `sumup`, `totale`, `fatture`, `fattureContante`, `fatturePOS`, `note`, `created_at`, `updated_at`, `sign`, `is_active`) VALUES (459, '2018-04-02', 1102.50, 431.50, 0.00, 0.00, 0.00, 1167.50, 0.00, 0.00, 0.00, NULL, '2018-04-02 23:39:37', NULL, NULL, 1);
INSERT INTO `ub_corrispettivi` (`id`, `data`, `corrispettivo`, `pos`, `posBanca`, `satispay`, `sumup`, `totale`, `fatture`, `fattureContante`, `fatturePOS`, `note`, `created_at`, `updated_at`, `sign`, `is_active`) VALUES (460, '2018-04-03', 361.50, 123.50, 0.00, 0.00, 0.00, 565.50, 78.00, 0.00, 0.00, NULL, '2018-04-03 23:47:19', NULL, NULL, 1);
INSERT INTO `ub_corrispettivi` (`id`, `data`, `corrispettivo`, `pos`, `posBanca`, `satispay`, `sumup`, `totale`, `fatture`, `fattureContante`, `fatturePOS`, `note`, `created_at`, `updated_at`, `sign`, `is_active`) VALUES (461, '2018-04-04', 414.00, 135.50, 0.00, 0.00, 0.00, 506.00, 31.00, 0.00, 0.00, NULL, '2018-04-04 22:43:55', NULL, NULL, 1);
INSERT INTO `ub_corrispettivi` (`id`, `data`, `corrispettivo`, `pos`, `posBanca`, `satispay`, `sumup`, `totale`, `fatture`, `fattureContante`, `fatturePOS`, `note`, `created_at`, `updated_at`, `sign`, `is_active`) VALUES (462, '2018-04-05', 788.50, 231.50, 0.00, 0.00, 0.00, 859.00, 42.00, 0.00, 0.00, NULL, '2018-04-06 17:19:37', NULL, NULL, 1);
INSERT INTO `ub_corrispettivi` (`id`, `data`, `corrispettivo`, `pos`, `posBanca`, `satispay`, `sumup`, `totale`, `fatture`, `fattureContante`, `fatturePOS`, `note`, `created_at`, `updated_at`, `sign`, `is_active`) VALUES (463, '2018-04-06', 1245.50, 495.00, 0.00, 0.00, 0.00, 1444.50, 86.00, 0.00, 0.00, NULL, '2018-04-07 00:23:00', NULL, NULL, 1);
INSERT INTO `ub_corrispettivi` (`id`, `data`, `corrispettivo`, `pos`, `posBanca`, `satispay`, `sumup`, `totale`, `fatture`, `fattureContante`, `fatturePOS`, `note`, `created_at`, `updated_at`, `sign`, `is_active`) VALUES (464, '2018-04-07', 2203.50, 989.50, 0.00, 0.00, 0.00, 2273.50, 0.00, 0.00, 0.00, NULL, '2018-04-08 00:58:57', '2018-04-08 23:15:59', NULL, 1);
INSERT INTO `ub_corrispettivi` (`id`, `data`, `corrispettivo`, `pos`, `posBanca`, `satispay`, `sumup`, `totale`, `fatture`, `fattureContante`, `fatturePOS`, `note`, `created_at`, `updated_at`, `sign`, `is_active`) VALUES (465, '2018-04-08', 1072.00, 342.00, 0.00, 0.00, 0.00, 1194.00, 0.00, 0.00, 0.00, NULL, '2018-04-08 23:24:53', NULL, NULL, 1);
INSERT INTO `ub_corrispettivi` (`id`, `data`, `corrispettivo`, `pos`, `posBanca`, `satispay`, `sumup`, `totale`, `fatture`, `fattureContante`, `fatturePOS`, `note`, `created_at`, `updated_at`, `sign`, `is_active`) VALUES (466, '2018-04-09', 592.00, 258.50, 0.00, 0.00, 0.00, 662.00, 39.00, 0.00, 0.00, NULL, '2018-04-09 23:15:13', '2018-04-09 23:15:39', NULL, 1);
INSERT INTO `ub_corrispettivi` (`id`, `data`, `corrispettivo`, `pos`, `posBanca`, `satispay`, `sumup`, `totale`, `fatture`, `fattureContante`, `fatturePOS`, `note`, `created_at`, `updated_at`, `sign`, `is_active`) VALUES (467, '2018-04-10', 563.50, 262.00, 0.00, 0.00, 0.00, 618.00, 0.00, 0.00, 0.00, NULL, '2018-04-10 22:50:36', NULL, NULL, 1);
INSERT INTO `ub_corrispettivi` (`id`, `data`, `corrispettivo`, `pos`, `posBanca`, `satispay`, `sumup`, `totale`, `fatture`, `fattureContante`, `fatturePOS`, `note`, `created_at`, `updated_at`, `sign`, `is_active`) VALUES (468, '2018-04-11', 858.50, 397.00, 0.00, 0.00, 0.00, 889.50, 0.00, 0.00, 0.00, NULL, '2018-04-13 00:11:19', NULL, NULL, 1);
INSERT INTO `ub_corrispettivi` (`id`, `data`, `corrispettivo`, `pos`, `posBanca`, `satispay`, `sumup`, `totale`, `fatture`, `fattureContante`, `fatturePOS`, `note`, `created_at`, `updated_at`, `sign`, `is_active`) VALUES (469, '2018-04-12', 908.50, 429.00, 0.00, 0.00, 0.00, 1098.00, 51.00, 0.00, 0.00, NULL, '2018-04-13 00:22:00', NULL, NULL, 1);
INSERT INTO `ub_corrispettivi` (`id`, `data`, `corrispettivo`, `pos`, `posBanca`, `satispay`, `sumup`, `totale`, `fatture`, `fattureContante`, `fatturePOS`, `note`, `created_at`, `updated_at`, `sign`, `is_active`) VALUES (470, '2018-04-13', 1291.00, 390.50, 0.00, 0.00, 0.00, 1367.50, 0.00, 0.00, 0.00, NULL, '2018-04-14 00:45:13', NULL, NULL, 1);
INSERT INTO `ub_corrispettivi` (`id`, `data`, `corrispettivo`, `pos`, `posBanca`, `satispay`, `sumup`, `totale`, `fatture`, `fattureContante`, `fatturePOS`, `note`, `created_at`, `updated_at`, `sign`, `is_active`) VALUES (471, '2018-04-14', 2081.50, 595.00, 0.00, 0.00, 0.00, 2190.00, 0.00, 0.00, 0.00, NULL, '2018-04-15 01:30:58', NULL, NULL, 1);
INSERT INTO `ub_corrispettivi` (`id`, `data`, `corrispettivo`, `pos`, `posBanca`, `satispay`, `sumup`, `totale`, `fatture`, `fattureContante`, `fatturePOS`, `note`, `created_at`, `updated_at`, `sign`, `is_active`) VALUES (472, '2018-04-15', 986.50, 123.50, 0.00, 0.00, 0.00, 1051.50, 0.00, 0.00, 0.00, NULL, '2018-04-15 23:32:57', NULL, NULL, 1);
INSERT INTO `ub_corrispettivi` (`id`, `data`, `corrispettivo`, `pos`, `posBanca`, `satispay`, `sumup`, `totale`, `fatture`, `fattureContante`, `fatturePOS`, `note`, `created_at`, `updated_at`, `sign`, `is_active`) VALUES (473, '2018-04-16', 652.50, 242.00, 0.00, 0.00, 0.00, 690.50, 0.00, 0.00, 0.00, NULL, '2018-04-16 22:48:49', NULL, NULL, 1);
INSERT INTO `ub_corrispettivi` (`id`, `data`, `corrispettivo`, `pos`, `posBanca`, `satispay`, `sumup`, `totale`, `fatture`, `fattureContante`, `fatturePOS`, `note`, `created_at`, `updated_at`, `sign`, `is_active`) VALUES (474, '2018-04-17', 1188.00, 256.50, 0.00, 0.00, 0.00, 1381.00, 70.00, 0.00, 0.00, NULL, '2018-04-17 23:01:03', NULL, NULL, 1);
INSERT INTO `ub_corrispettivi` (`id`, `data`, `corrispettivo`, `pos`, `posBanca`, `satispay`, `sumup`, `totale`, `fatture`, `fattureContante`, `fatturePOS`, `note`, `created_at`, `updated_at`, `sign`, `is_active`) VALUES (475, '2018-04-18', 668.50, 220.50, 0.00, 0.00, 0.00, 851.00, 78.00, 0.00, 0.00, NULL, '2018-04-19 01:12:40', NULL, NULL, 1);
INSERT INTO `ub_corrispettivi` (`id`, `data`, `corrispettivo`, `pos`, `posBanca`, `satispay`, `sumup`, `totale`, `fatture`, `fattureContante`, `fatturePOS`, `note`, `created_at`, `updated_at`, `sign`, `is_active`) VALUES (476, '2018-04-19', 1122.00, 528.50, 0.00, 0.00, 0.00, 1350.00, 0.00, 0.00, 0.00, NULL, '2018-04-20 00:10:10', NULL, NULL, 1);
INSERT INTO `ub_corrispettivi` (`id`, `data`, `corrispettivo`, `pos`, `posBanca`, `satispay`, `sumup`, `totale`, `fatture`, `fattureContante`, `fatturePOS`, `note`, `created_at`, `updated_at`, `sign`, `is_active`) VALUES (477, '2018-04-20', 1793.00, 512.50, 0.00, 0.00, 0.00, 1900.50, 62.00, 0.00, 0.00, NULL, '2018-04-21 02:16:07', NULL, NULL, 1);
INSERT INTO `ub_corrispettivi` (`id`, `data`, `corrispettivo`, `pos`, `posBanca`, `satispay`, `sumup`, `totale`, `fatture`, `fattureContante`, `fatturePOS`, `note`, `created_at`, `updated_at`, `sign`, `is_active`) VALUES (478, '2018-04-21', 2042.50, 763.50, 0.00, 0.00, 0.00, 2134.00, 0.00, 0.00, 0.00, NULL, '2018-04-22 00:38:38', NULL, NULL, 1);
INSERT INTO `ub_corrispettivi` (`id`, `data`, `corrispettivo`, `pos`, `posBanca`, `satispay`, `sumup`, `totale`, `fatture`, `fattureContante`, `fatturePOS`, `note`, `created_at`, `updated_at`, `sign`, `is_active`) VALUES (479, '2018-04-22', 1195.00, 277.50, 0.00, 0.00, 0.00, 1218.00, 0.00, 0.00, 0.00, NULL, '2018-04-22 22:58:25', '2018-04-22 23:04:36', NULL, 1);
INSERT INTO `ub_corrispettivi` (`id`, `data`, `corrispettivo`, `pos`, `posBanca`, `satispay`, `sumup`, `totale`, `fatture`, `fattureContante`, `fatturePOS`, `note`, `created_at`, `updated_at`, `sign`, `is_active`) VALUES (480, '2018-04-23', 805.50, 191.50, 0.00, 0.00, 0.00, 848.50, 0.00, 0.00, 0.00, NULL, '2018-04-23 23:30:09', NULL, NULL, 1);
INSERT INTO `ub_corrispettivi` (`id`, `data`, `corrispettivo`, `pos`, `posBanca`, `satispay`, `sumup`, `totale`, `fatture`, `fattureContante`, `fatturePOS`, `note`, `created_at`, `updated_at`, `sign`, `is_active`) VALUES (481, '2018-04-24', 1369.00, 469.50, 0.00, 0.00, 0.00, 1502.50, 0.00, 0.00, 0.00, NULL, '2018-04-25 01:03:38', NULL, NULL, 1);
INSERT INTO `ub_corrispettivi` (`id`, `data`, `corrispettivo`, `pos`, `posBanca`, `satispay`, `sumup`, `totale`, `fatture`, `fattureContante`, `fatturePOS`, `note`, `created_at`, `updated_at`, `sign`, `is_active`) VALUES (482, '2018-04-25', 1606.00, 959.00, 0.00, 0.00, 0.00, 1736.50, 0.00, 0.00, 0.00, NULL, '2018-04-25 23:48:41', NULL, NULL, 1);
INSERT INTO `ub_corrispettivi` (`id`, `data`, `corrispettivo`, `pos`, `posBanca`, `satispay`, `sumup`, `totale`, `fatture`, `fattureContante`, `fatturePOS`, `note`, `created_at`, `updated_at`, `sign`, `is_active`) VALUES (483, '2018-04-26', 689.00, 374.50, 0.00, 0.00, 0.00, 764.50, 0.00, 0.00, 0.00, NULL, '2018-04-26 23:38:47', NULL, NULL, 1);
INSERT INTO `ub_corrispettivi` (`id`, `data`, `corrispettivo`, `pos`, `posBanca`, `satispay`, `sumup`, `totale`, `fatture`, `fattureContante`, `fatturePOS`, `note`, `created_at`, `updated_at`, `sign`, `is_active`) VALUES (484, '2018-04-27', 1426.00, 177.50, 0.00, 0.00, 0.00, 1586.50, 93.00, 0.00, 0.00, NULL, '2018-04-28 00:57:53', NULL, NULL, 1);
INSERT INTO `ub_corrispettivi` (`id`, `data`, `corrispettivo`, `pos`, `posBanca`, `satispay`, `sumup`, `totale`, `fatture`, `fattureContante`, `fatturePOS`, `note`, `created_at`, `updated_at`, `sign`, `is_active`) VALUES (485, '2018-04-28', 1995.00, 685.00, 0.00, 0.00, 0.00, 2114.50, 0.00, 0.00, 0.00, NULL, '2018-04-29 00:40:00', NULL, NULL, 1);
INSERT INTO `ub_corrispettivi` (`id`, `data`, `corrispettivo`, `pos`, `posBanca`, `satispay`, `sumup`, `totale`, `fatture`, `fattureContante`, `fatturePOS`, `note`, `created_at`, `updated_at`, `sign`, `is_active`) VALUES (486, '2018-04-29', 1578.50, 335.50, 0.00, 0.00, 0.00, 1666.00, 0.00, 0.00, 0.00, NULL, '2018-04-30 00:12:48', NULL, NULL, 1);
INSERT INTO `ub_corrispettivi` (`id`, `data`, `corrispettivo`, `pos`, `posBanca`, `satispay`, `sumup`, `totale`, `fatture`, `fattureContante`, `fatturePOS`, `note`, `created_at`, `updated_at`, `sign`, `is_active`) VALUES (487, '2018-04-30', 1531.50, 523.00, 0.00, 0.00, 0.00, 1717.50, 0.00, 0.00, 0.00, NULL, '2018-05-01 02:03:21', '2018-05-01 02:03:33', NULL, 1);
INSERT INTO `ub_corrispettivi` (`id`, `data`, `corrispettivo`, `pos`, `posBanca`, `satispay`, `sumup`, `totale`, `fatture`, `fattureContante`, `fatturePOS`, `note`, `created_at`, `updated_at`, `sign`, `is_active`) VALUES (488, '2018-05-01', 1569.00, 615.00, 0.00, 0.00, 0.00, 1629.50, 0.00, 0.00, 0.00, NULL, '2018-05-02 00:02:40', NULL, NULL, 1);
INSERT INTO `ub_corrispettivi` (`id`, `data`, `corrispettivo`, `pos`, `posBanca`, `satispay`, `sumup`, `totale`, `fatture`, `fattureContante`, `fatturePOS`, `note`, `created_at`, `updated_at`, `sign`, `is_active`) VALUES (489, '2018-05-02', 0.00, 0.00, 0.00, 0.00, 0.00, 0.00, 0.00, 0.00, 0.00, NULL, '2018-05-03 19:17:03', NULL, NULL, 1);
INSERT INTO `ub_corrispettivi` (`id`, `data`, `corrispettivo`, `pos`, `posBanca`, `satispay`, `sumup`, `totale`, `fatture`, `fattureContante`, `fatturePOS`, `note`, `created_at`, `updated_at`, `sign`, `is_active`) VALUES (490, '2018-05-03', 1075.00, 424.00, 0.00, 0.00, 0.00, 1144.00, 0.00, 0.00, 0.00, NULL, '2018-05-03 22:52:01', NULL, NULL, 1);
INSERT INTO `ub_corrispettivi` (`id`, `data`, `corrispettivo`, `pos`, `posBanca`, `satispay`, `sumup`, `totale`, `fatture`, `fattureContante`, `fatturePOS`, `note`, `created_at`, `updated_at`, `sign`, `is_active`) VALUES (491, '2018-05-04', 1530.00, 706.00, 0.00, 0.00, 0.00, 1609.50, 0.00, 0.00, 0.00, NULL, '2018-05-05 00:38:55', NULL, NULL, 1);
INSERT INTO `ub_corrispettivi` (`id`, `data`, `corrispettivo`, `pos`, `posBanca`, `satispay`, `sumup`, `totale`, `fatture`, `fattureContante`, `fatturePOS`, `note`, `created_at`, `updated_at`, `sign`, `is_active`) VALUES (492, '2018-05-05', 2556.50, 1050.00, 0.00, 0.00, 0.00, 2625.00, 0.00, 0.00, 0.00, NULL, '2018-05-06 01:36:22', NULL, NULL, 1);
INSERT INTO `ub_corrispettivi` (`id`, `data`, `corrispettivo`, `pos`, `posBanca`, `satispay`, `sumup`, `totale`, `fatture`, `fattureContante`, `fatturePOS`, `note`, `created_at`, `updated_at`, `sign`, `is_active`) VALUES (493, '2018-05-06', 935.00, 326.50, 0.00, 0.00, 0.00, 979.50, 0.00, 0.00, 0.00, NULL, '2018-05-06 23:18:13', '2018-05-06 23:20:27', NULL, 1);
INSERT INTO `ub_corrispettivi` (`id`, `data`, `corrispettivo`, `pos`, `posBanca`, `satispay`, `sumup`, `totale`, `fatture`, `fattureContante`, `fatturePOS`, `note`, `created_at`, `updated_at`, `sign`, `is_active`) VALUES (494, '2018-05-07', 651.00, 302.50, 0.00, 0.00, 0.00, 728.00, 0.00, 0.00, 0.00, NULL, '2018-05-07 23:44:12', NULL, NULL, 1);
INSERT INTO `ub_corrispettivi` (`id`, `data`, `corrispettivo`, `pos`, `posBanca`, `satispay`, `sumup`, `totale`, `fatture`, `fattureContante`, `fatturePOS`, `note`, `created_at`, `updated_at`, `sign`, `is_active`) VALUES (495, '2018-05-08', 759.00, 413.00, 0.00, 0.00, 0.00, 789.50, 0.00, 0.00, 0.00, NULL, '2018-05-09 00:09:49', NULL, NULL, 1);
INSERT INTO `ub_corrispettivi` (`id`, `data`, `corrispettivo`, `pos`, `posBanca`, `satispay`, `sumup`, `totale`, `fatture`, `fattureContante`, `fatturePOS`, `note`, `created_at`, `updated_at`, `sign`, `is_active`) VALUES (496, '2018-05-09', 616.50, 229.00, 0.00, 0.00, 0.00, 630.00, 0.00, 0.00, 0.00, NULL, '2018-05-09 23:04:58', NULL, NULL, 1);
INSERT INTO `ub_corrispettivi` (`id`, `data`, `corrispettivo`, `pos`, `posBanca`, `satispay`, `sumup`, `totale`, `fatture`, `fattureContante`, `fatturePOS`, `note`, `created_at`, `updated_at`, `sign`, `is_active`) VALUES (497, '2018-05-10', 735.00, 349.00, 0.00, 0.00, 0.00, 842.00, 0.00, 0.00, 0.00, NULL, '2018-05-11 00:35:55', NULL, NULL, 1);
INSERT INTO `ub_corrispettivi` (`id`, `data`, `corrispettivo`, `pos`, `posBanca`, `satispay`, `sumup`, `totale`, `fatture`, `fattureContante`, `fatturePOS`, `note`, `created_at`, `updated_at`, `sign`, `is_active`) VALUES (498, '2018-05-11', 1735.00, 437.50, 0.00, 0.00, 0.00, 1873.00, 0.00, 0.00, 0.00, NULL, '2018-05-12 01:05:55', NULL, NULL, 1);
INSERT INTO `ub_corrispettivi` (`id`, `data`, `corrispettivo`, `pos`, `posBanca`, `satispay`, `sumup`, `totale`, `fatture`, `fattureContante`, `fatturePOS`, `note`, `created_at`, `updated_at`, `sign`, `is_active`) VALUES (499, '2018-05-12', 1921.50, 1036.50, 0.00, 0.00, 0.00, 1998.50, 0.00, 0.00, 0.00, NULL, '2018-05-13 01:12:01', NULL, NULL, 1);
INSERT INTO `ub_corrispettivi` (`id`, `data`, `corrispettivo`, `pos`, `posBanca`, `satispay`, `sumup`, `totale`, `fatture`, `fattureContante`, `fatturePOS`, `note`, `created_at`, `updated_at`, `sign`, `is_active`) VALUES (500, '2018-05-13', 1881.00, 816.10, 0.00, 0.00, 0.00, 1990.60, 0.00, 0.00, 0.00, NULL, '2018-05-14 00:11:04', NULL, NULL, 1);
INSERT INTO `ub_corrispettivi` (`id`, `data`, `corrispettivo`, `pos`, `posBanca`, `satispay`, `sumup`, `totale`, `fatture`, `fattureContante`, `fatturePOS`, `note`, `created_at`, `updated_at`, `sign`, `is_active`) VALUES (501, '2018-05-14', 518.00, 165.50, 0.00, 0.00, 0.00, 552.00, 0.00, 0.00, 0.00, NULL, '2018-05-14 23:05:19', NULL, NULL, 1);
INSERT INTO `ub_corrispettivi` (`id`, `data`, `corrispettivo`, `pos`, `posBanca`, `satispay`, `sumup`, `totale`, `fatture`, `fattureContante`, `fatturePOS`, `note`, `created_at`, `updated_at`, `sign`, `is_active`) VALUES (502, '2018-05-15', 925.00, 517.00, 0.00, 0.00, 0.00, 1013.00, 0.00, 0.00, 0.00, NULL, '2018-05-16 00:52:11', NULL, NULL, 1);
INSERT INTO `ub_corrispettivi` (`id`, `data`, `corrispettivo`, `pos`, `posBanca`, `satispay`, `sumup`, `totale`, `fatture`, `fattureContante`, `fatturePOS`, `note`, `created_at`, `updated_at`, `sign`, `is_active`) VALUES (503, '2018-05-16', 795.00, 222.50, 0.00, 0.00, 0.00, 826.00, 0.00, 0.00, 0.00, NULL, '2018-05-16 23:17:52', NULL, NULL, 1);
INSERT INTO `ub_corrispettivi` (`id`, `data`, `corrispettivo`, `pos`, `posBanca`, `satispay`, `sumup`, `totale`, `fatture`, `fattureContante`, `fatturePOS`, `note`, `created_at`, `updated_at`, `sign`, `is_active`) VALUES (504, '2018-05-17', 1249.00, 479.00, 0.00, 0.00, 0.00, 1292.00, 0.00, 0.00, 0.00, NULL, '2018-05-17 23:47:58', NULL, NULL, 1);
INSERT INTO `ub_corrispettivi` (`id`, `data`, `corrispettivo`, `pos`, `posBanca`, `satispay`, `sumup`, `totale`, `fatture`, `fattureContante`, `fatturePOS`, `note`, `created_at`, `updated_at`, `sign`, `is_active`) VALUES (505, '2018-05-18', 1551.00, 663.00, 0.00, 0.00, 0.00, 1634.50, 0.00, 0.00, 0.00, NULL, '2018-05-19 00:13:19', NULL, NULL, 1);
INSERT INTO `ub_corrispettivi` (`id`, `data`, `corrispettivo`, `pos`, `posBanca`, `satispay`, `sumup`, `totale`, `fatture`, `fattureContante`, `fatturePOS`, `note`, `created_at`, `updated_at`, `sign`, `is_active`) VALUES (506, '2018-05-19', 1847.50, 671.50, 0.00, 0.00, 0.00, 1970.50, 0.00, 0.00, 0.00, NULL, '2018-05-20 00:45:20', NULL, NULL, 1);
INSERT INTO `ub_corrispettivi` (`id`, `data`, `corrispettivo`, `pos`, `posBanca`, `satispay`, `sumup`, `totale`, `fatture`, `fattureContante`, `fatturePOS`, `note`, `created_at`, `updated_at`, `sign`, `is_active`) VALUES (507, '2018-05-20', 1413.00, 0.00, 0.00, 0.00, 0.00, 1413.00, 0.00, 0.00, 0.00, NULL, '2018-05-20 18:10:16', NULL, NULL, 1);
INSERT INTO `ub_corrispettivi` (`id`, `data`, `corrispettivo`, `pos`, `posBanca`, `satispay`, `sumup`, `totale`, `fatture`, `fattureContante`, `fatturePOS`, `note`, `created_at`, `updated_at`, `sign`, `is_active`) VALUES (508, '2018-05-21', 871.00, 409.00, 0.00, 0.00, 0.00, 1009.00, 30.00, 0.00, 0.00, NULL, '2018-05-22 00:15:25', '2018-05-22 00:20:35', NULL, 1);
INSERT INTO `ub_corrispettivi` (`id`, `data`, `corrispettivo`, `pos`, `posBanca`, `satispay`, `sumup`, `totale`, `fatture`, `fattureContante`, `fatturePOS`, `note`, `created_at`, `updated_at`, `sign`, `is_active`) VALUES (509, '2018-05-22', 930.00, 265.50, 0.00, 0.00, 0.00, 1013.00, 0.00, 0.00, 0.00, NULL, '2018-05-22 23:40:03', NULL, NULL, 1);
INSERT INTO `ub_corrispettivi` (`id`, `data`, `corrispettivo`, `pos`, `posBanca`, `satispay`, `sumup`, `totale`, `fatture`, `fattureContante`, `fatturePOS`, `note`, `created_at`, `updated_at`, `sign`, `is_active`) VALUES (510, '2018-05-23', 1094.00, 502.60, 0.00, 0.00, 0.00, 1128.10, 0.00, 0.00, 0.00, NULL, '2018-05-23 23:48:59', NULL, NULL, 1);
INSERT INTO `ub_corrispettivi` (`id`, `data`, `corrispettivo`, `pos`, `posBanca`, `satispay`, `sumup`, `totale`, `fatture`, `fattureContante`, `fatturePOS`, `note`, `created_at`, `updated_at`, `sign`, `is_active`) VALUES (511, '2018-05-24', 1215.50, 366.50, 0.00, 0.00, 0.00, 1273.00, 0.00, 0.00, 0.00, NULL, '2018-05-25 00:11:16', NULL, NULL, 1);
INSERT INTO `ub_corrispettivi` (`id`, `data`, `corrispettivo`, `pos`, `posBanca`, `satispay`, `sumup`, `totale`, `fatture`, `fattureContante`, `fatturePOS`, `note`, `created_at`, `updated_at`, `sign`, `is_active`) VALUES (512, '2018-05-25', 1276.50, 432.00, 0.00, 0.00, 0.00, 1364.50, 56.50, 0.00, 0.00, NULL, '2018-05-25 23:59:44', NULL, NULL, 1);
INSERT INTO `ub_corrispettivi` (`id`, `data`, `corrispettivo`, `pos`, `posBanca`, `satispay`, `sumup`, `totale`, `fatture`, `fattureContante`, `fatturePOS`, `note`, `created_at`, `updated_at`, `sign`, `is_active`) VALUES (513, '2018-05-26', 1800.50, 309.50, 0.00, 0.00, 0.00, 2068.00, 41.50, 0.00, 0.00, NULL, '2018-05-27 01:50:16', NULL, NULL, 1);
INSERT INTO `ub_corrispettivi` (`id`, `data`, `corrispettivo`, `pos`, `posBanca`, `satispay`, `sumup`, `totale`, `fatture`, `fattureContante`, `fatturePOS`, `note`, `created_at`, `updated_at`, `sign`, `is_active`) VALUES (514, '2018-05-27', 765.00, 416.50, 0.00, 0.00, 0.00, 785.00, 0.00, 0.00, 0.00, NULL, '2018-05-27 23:27:21', NULL, NULL, 1);
INSERT INTO `ub_corrispettivi` (`id`, `data`, `corrispettivo`, `pos`, `posBanca`, `satispay`, `sumup`, `totale`, `fatture`, `fattureContante`, `fatturePOS`, `note`, `created_at`, `updated_at`, `sign`, `is_active`) VALUES (515, '2018-05-28', 1472.50, 281.50, 0.00, 0.00, 0.00, 1531.50, 0.00, 0.00, 0.00, NULL, '2018-05-29 00:11:06', '2018-06-02 00:09:34', NULL, 1);
INSERT INTO `ub_corrispettivi` (`id`, `data`, `corrispettivo`, `pos`, `posBanca`, `satispay`, `sumup`, `totale`, `fatture`, `fattureContante`, `fatturePOS`, `note`, `created_at`, `updated_at`, `sign`, `is_active`) VALUES (516, '2018-05-29', 1156.00, 366.00, 0.00, 0.00, 0.00, 1223.00, 0.00, 0.00, 0.00, NULL, '2018-05-30 01:07:38', '2018-05-30 22:58:55', NULL, 1);
INSERT INTO `ub_corrispettivi` (`id`, `data`, `corrispettivo`, `pos`, `posBanca`, `satispay`, `sumup`, `totale`, `fatture`, `fattureContante`, `fatturePOS`, `note`, `created_at`, `updated_at`, `sign`, `is_active`) VALUES (517, '2018-05-30', 1334.50, 418.50, 0.00, 0.00, 0.00, 1383.50, 0.00, 0.00, 0.00, NULL, '2018-05-30 23:00:15', NULL, NULL, 1);
INSERT INTO `ub_corrispettivi` (`id`, `data`, `corrispettivo`, `pos`, `posBanca`, `satispay`, `sumup`, `totale`, `fatture`, `fattureContante`, `fatturePOS`, `note`, `created_at`, `updated_at`, `sign`, `is_active`) VALUES (518, '2018-05-31', 961.00, 604.50, 0.00, 0.00, 0.00, 1367.50, 302.00, 0.00, 0.00, NULL, '2018-06-01 00:11:06', NULL, NULL, 1);
INSERT INTO `ub_corrispettivi` (`id`, `data`, `corrispettivo`, `pos`, `posBanca`, `satispay`, `sumup`, `totale`, `fatture`, `fattureContante`, `fatturePOS`, `note`, `created_at`, `updated_at`, `sign`, `is_active`) VALUES (519, '2018-06-01', 1197.50, 925.00, 0.00, 0.00, 0.00, 1867.50, 525.00, 0.00, 0.00, NULL, '2018-06-02 00:39:58', NULL, NULL, 1);
INSERT INTO `ub_corrispettivi` (`id`, `data`, `corrispettivo`, `pos`, `posBanca`, `satispay`, `sumup`, `totale`, `fatture`, `fattureContante`, `fatturePOS`, `note`, `created_at`, `updated_at`, `sign`, `is_active`) VALUES (520, '2018-06-02', 1690.50, 575.50, 0.00, 0.00, 0.00, 1768.00, 0.00, 0.00, 0.00, NULL, '2018-06-03 01:14:36', NULL, NULL, 1);
INSERT INTO `ub_corrispettivi` (`id`, `data`, `corrispettivo`, `pos`, `posBanca`, `satispay`, `sumup`, `totale`, `fatture`, `fattureContante`, `fatturePOS`, `note`, `created_at`, `updated_at`, `sign`, `is_active`) VALUES (521, '2018-06-03', 875.50, 251.50, 0.00, 0.00, 0.00, 911.00, 0.00, 0.00, 0.00, NULL, '2018-06-03 23:27:00', NULL, NULL, 1);
INSERT INTO `ub_corrispettivi` (`id`, `data`, `corrispettivo`, `pos`, `posBanca`, `satispay`, `sumup`, `totale`, `fatture`, `fattureContante`, `fatturePOS`, `note`, `created_at`, `updated_at`, `sign`, `is_active`) VALUES (522, '2018-06-04', 1016.00, 184.00, 0.00, 0.00, 0.00, 1084.50, 0.00, 0.00, 0.00, NULL, '2018-06-05 00:25:33', NULL, NULL, 1);
INSERT INTO `ub_corrispettivi` (`id`, `data`, `corrispettivo`, `pos`, `posBanca`, `satispay`, `sumup`, `totale`, `fatture`, `fattureContante`, `fatturePOS`, `note`, `created_at`, `updated_at`, `sign`, `is_active`) VALUES (523, '2018-06-05', 603.50, 277.00, 0.00, 0.00, 0.00, 716.00, 0.00, 0.00, 0.00, NULL, '2018-06-05 23:01:58', '2018-06-06 23:54:41', NULL, 1);
INSERT INTO `ub_corrispettivi` (`id`, `data`, `corrispettivo`, `pos`, `posBanca`, `satispay`, `sumup`, `totale`, `fatture`, `fattureContante`, `fatturePOS`, `note`, `created_at`, `updated_at`, `sign`, `is_active`) VALUES (524, '2018-06-06', 922.50, 375.50, 0.00, 0.00, 0.00, 979.00, 0.00, 0.00, 0.00, NULL, '2018-06-06 23:55:34', NULL, NULL, 1);
INSERT INTO `ub_corrispettivi` (`id`, `data`, `corrispettivo`, `pos`, `posBanca`, `satispay`, `sumup`, `totale`, `fatture`, `fattureContante`, `fatturePOS`, `note`, `created_at`, `updated_at`, `sign`, `is_active`) VALUES (525, '2018-06-07', 944.50, 303.50, 0.00, 0.00, 0.00, 1002.00, 0.00, 0.00, 0.00, NULL, '2018-06-08 00:36:18', '2018-06-09 01:32:03', NULL, 1);
INSERT INTO `ub_corrispettivi` (`id`, `data`, `corrispettivo`, `pos`, `posBanca`, `satispay`, `sumup`, `totale`, `fatture`, `fattureContante`, `fatturePOS`, `note`, `created_at`, `updated_at`, `sign`, `is_active`) VALUES (526, '2018-06-08', 1595.00, 562.00, 0.00, 0.00, 0.00, 1659.50, 0.00, 0.00, 0.00, NULL, '2018-06-09 01:32:30', NULL, NULL, 1);
INSERT INTO `ub_corrispettivi` (`id`, `data`, `corrispettivo`, `pos`, `posBanca`, `satispay`, `sumup`, `totale`, `fatture`, `fattureContante`, `fatturePOS`, `note`, `created_at`, `updated_at`, `sign`, `is_active`) VALUES (527, '2018-06-09', 1932.00, 935.00, 0.00, 0.00, 0.00, 2056.00, 0.00, 0.00, 0.00, NULL, '2018-06-10 00:39:45', NULL, NULL, 1);
INSERT INTO `ub_corrispettivi` (`id`, `data`, `corrispettivo`, `pos`, `posBanca`, `satispay`, `sumup`, `totale`, `fatture`, `fattureContante`, `fatturePOS`, `note`, `created_at`, `updated_at`, `sign`, `is_active`) VALUES (528, '2018-06-10', 916.50, 236.50, 0.00, 0.00, 0.00, 950.00, 0.00, 0.00, 0.00, NULL, '2018-06-10 22:14:30', NULL, NULL, 1);
INSERT INTO `ub_corrispettivi` (`id`, `data`, `corrispettivo`, `pos`, `posBanca`, `satispay`, `sumup`, `totale`, `fatture`, `fattureContante`, `fatturePOS`, `note`, `created_at`, `updated_at`, `sign`, `is_active`) VALUES (529, '2018-06-11', 542.50, 251.00, 0.00, 0.00, 0.00, 581.00, 0.00, 0.00, 0.00, NULL, '2018-06-11 22:07:14', NULL, NULL, 1);
INSERT INTO `ub_corrispettivi` (`id`, `data`, `corrispettivo`, `pos`, `posBanca`, `satispay`, `sumup`, `totale`, `fatture`, `fattureContante`, `fatturePOS`, `note`, `created_at`, `updated_at`, `sign`, `is_active`) VALUES (530, '2018-06-12', 870.50, 367.00, 0.00, 0.00, 0.00, 897.50, 0.00, 0.00, 0.00, NULL, '2018-06-12 23:19:56', NULL, NULL, 1);
INSERT INTO `ub_corrispettivi` (`id`, `data`, `corrispettivo`, `pos`, `posBanca`, `satispay`, `sumup`, `totale`, `fatture`, `fattureContante`, `fatturePOS`, `note`, `created_at`, `updated_at`, `sign`, `is_active`) VALUES (531, '2018-06-13', 879.00, 439.50, 0.00, 0.00, 0.00, 930.50, 46.00, 0.00, 0.00, NULL, '2018-06-13 23:33:28', NULL, NULL, 1);
INSERT INTO `ub_corrispettivi` (`id`, `data`, `corrispettivo`, `pos`, `posBanca`, `satispay`, `sumup`, `totale`, `fatture`, `fattureContante`, `fatturePOS`, `note`, `created_at`, `updated_at`, `sign`, `is_active`) VALUES (532, '2018-06-14', 801.50, 288.00, 0.00, 0.00, 0.00, 840.00, 16.50, 0.00, 0.00, NULL, '2018-06-14 23:48:08', '2018-06-15 00:10:15', NULL, 1);
INSERT INTO `ub_corrispettivi` (`id`, `data`, `corrispettivo`, `pos`, `posBanca`, `satispay`, `sumup`, `totale`, `fatture`, `fattureContante`, `fatturePOS`, `note`, `created_at`, `updated_at`, `sign`, `is_active`) VALUES (533, '2018-06-15', 1204.50, 402.50, 0.00, 0.00, 0.00, 1383.00, 59.50, 0.00, 0.00, NULL, '2018-06-16 01:39:11', NULL, NULL, 1);
INSERT INTO `ub_corrispettivi` (`id`, `data`, `corrispettivo`, `pos`, `posBanca`, `satispay`, `sumup`, `totale`, `fatture`, `fattureContante`, `fatturePOS`, `note`, `created_at`, `updated_at`, `sign`, `is_active`) VALUES (534, '2018-06-16', 1975.00, 786.00, 0.00, 0.00, 0.00, 2096.50, 0.00, 0.00, 0.00, NULL, '2018-06-17 01:22:04', NULL, NULL, 1);
INSERT INTO `ub_corrispettivi` (`id`, `data`, `corrispettivo`, `pos`, `posBanca`, `satispay`, `sumup`, `totale`, `fatture`, `fattureContante`, `fatturePOS`, `note`, `created_at`, `updated_at`, `sign`, `is_active`) VALUES (535, '2018-06-17', 958.50, 320.50, 0.00, 0.00, 0.00, 976.00, 0.00, 0.00, 0.00, NULL, '2018-06-18 00:27:23', NULL, NULL, 1);
INSERT INTO `ub_corrispettivi` (`id`, `data`, `corrispettivo`, `pos`, `posBanca`, `satispay`, `sumup`, `totale`, `fatture`, `fattureContante`, `fatturePOS`, `note`, `created_at`, `updated_at`, `sign`, `is_active`) VALUES (536, '2018-06-18', 362.00, 199.50, 0.00, 0.00, 0.00, 445.50, 68.00, 0.00, 0.00, NULL, '2018-06-18 23:48:08', NULL, NULL, 1);
INSERT INTO `ub_corrispettivi` (`id`, `data`, `corrispettivo`, `pos`, `posBanca`, `satispay`, `sumup`, `totale`, `fatture`, `fattureContante`, `fatturePOS`, `note`, `created_at`, `updated_at`, `sign`, `is_active`) VALUES (537, '2018-06-19', 726.50, 391.00, 0.00, 0.00, 0.00, 749.50, 0.00, 0.00, 0.00, NULL, '2018-06-19 23:49:39', NULL, NULL, 1);
INSERT INTO `ub_corrispettivi` (`id`, `data`, `corrispettivo`, `pos`, `posBanca`, `satispay`, `sumup`, `totale`, `fatture`, `fattureContante`, `fatturePOS`, `note`, `created_at`, `updated_at`, `sign`, `is_active`) VALUES (538, '2018-06-20', 1490.50, 664.00, 0.00, 0.00, 0.00, 1698.50, 0.00, 0.00, 0.00, NULL, '2018-06-21 00:09:35', NULL, NULL, 1);
INSERT INTO `ub_corrispettivi` (`id`, `data`, `corrispettivo`, `pos`, `posBanca`, `satispay`, `sumup`, `totale`, `fatture`, `fattureContante`, `fatturePOS`, `note`, `created_at`, `updated_at`, `sign`, `is_active`) VALUES (539, '2018-06-21', 1228.00, 510.50, 0.00, 0.00, 0.00, 1318.50, 0.00, 0.00, 0.00, NULL, '2018-06-22 15:48:13', NULL, NULL, 1);
INSERT INTO `ub_corrispettivi` (`id`, `data`, `corrispettivo`, `pos`, `posBanca`, `satispay`, `sumup`, `totale`, `fatture`, `fattureContante`, `fatturePOS`, `note`, `created_at`, `updated_at`, `sign`, `is_active`) VALUES (540, '2018-06-22', 1993.50, 864.00, 0.00, 0.00, 0.00, 2044.00, 0.00, 0.00, 0.00, NULL, '2018-06-23 01:28:49', NULL, NULL, 1);
INSERT INTO `ub_corrispettivi` (`id`, `data`, `corrispettivo`, `pos`, `posBanca`, `satispay`, `sumup`, `totale`, `fatture`, `fattureContante`, `fatturePOS`, `note`, `created_at`, `updated_at`, `sign`, `is_active`) VALUES (541, '2018-06-23', 1729.00, 762.50, 0.00, 0.00, 0.00, 1829.00, 0.00, 0.00, 0.00, NULL, '2018-06-24 02:21:47', NULL, NULL, 1);
INSERT INTO `ub_corrispettivi` (`id`, `data`, `corrispettivo`, `pos`, `posBanca`, `satispay`, `sumup`, `totale`, `fatture`, `fattureContante`, `fatturePOS`, `note`, `created_at`, `updated_at`, `sign`, `is_active`) VALUES (542, '2018-06-24', 936.50, 303.50, 0.00, 0.00, 0.00, 1005.00, 0.00, 0.00, 0.00, NULL, '2018-06-24 22:39:45', NULL, NULL, 1);
INSERT INTO `ub_corrispettivi` (`id`, `data`, `corrispettivo`, `pos`, `posBanca`, `satispay`, `sumup`, `totale`, `fatture`, `fattureContante`, `fatturePOS`, `note`, `created_at`, `updated_at`, `sign`, `is_active`) VALUES (543, '2018-06-25', 399.50, 169.00, 0.00, 0.00, 0.00, 424.50, 0.00, 0.00, 0.00, NULL, '2018-06-25 23:11:19', NULL, NULL, 1);
INSERT INTO `ub_corrispettivi` (`id`, `data`, `corrispettivo`, `pos`, `posBanca`, `satispay`, `sumup`, `totale`, `fatture`, `fattureContante`, `fatturePOS`, `note`, `created_at`, `updated_at`, `sign`, `is_active`) VALUES (544, '2018-06-26', 781.00, 247.00, 0.00, 0.00, 0.00, 829.50, 0.00, 0.00, 0.00, NULL, '2018-06-27 00:35:46', NULL, NULL, 1);
INSERT INTO `ub_corrispettivi` (`id`, `data`, `corrispettivo`, `pos`, `posBanca`, `satispay`, `sumup`, `totale`, `fatture`, `fattureContante`, `fatturePOS`, `note`, `created_at`, `updated_at`, `sign`, `is_active`) VALUES (545, '2018-06-27', 769.50, 313.50, 0.00, 0.00, 0.00, 859.50, 47.00, 0.00, 0.00, NULL, '2018-06-27 23:12:49', NULL, NULL, 1);
INSERT INTO `ub_corrispettivi` (`id`, `data`, `corrispettivo`, `pos`, `posBanca`, `satispay`, `sumup`, `totale`, `fatture`, `fattureContante`, `fatturePOS`, `note`, `created_at`, `updated_at`, `sign`, `is_active`) VALUES (546, '2018-06-28', 1644.00, 629.00, 0.00, 0.00, 0.00, 1738.00, 0.00, 0.00, 0.00, NULL, '2018-06-28 23:29:00', '2018-06-30 01:27:48', NULL, 1);
INSERT INTO `ub_corrispettivi` (`id`, `data`, `corrispettivo`, `pos`, `posBanca`, `satispay`, `sumup`, `totale`, `fatture`, `fattureContante`, `fatturePOS`, `note`, `created_at`, `updated_at`, `sign`, `is_active`) VALUES (547, '2018-06-29', 1658.50, 618.00, 0.00, 0.00, 0.00, 1723.50, 0.00, 0.00, 0.00, NULL, '2018-06-30 01:32:08', NULL, NULL, 1);
INSERT INTO `ub_corrispettivi` (`id`, `data`, `corrispettivo`, `pos`, `posBanca`, `satispay`, `sumup`, `totale`, `fatture`, `fattureContante`, `fatturePOS`, `note`, `created_at`, `updated_at`, `sign`, `is_active`) VALUES (548, '2018-06-30', 1757.50, 528.50, 0.00, 0.00, 0.00, 1832.00, 0.00, 0.00, 0.00, NULL, '2018-07-01 01:23:52', NULL, NULL, 1);
INSERT INTO `ub_corrispettivi` (`id`, `data`, `corrispettivo`, `pos`, `posBanca`, `satispay`, `sumup`, `totale`, `fatture`, `fattureContante`, `fatturePOS`, `note`, `created_at`, `updated_at`, `sign`, `is_active`) VALUES (549, '2018-07-01', 855.50, 202.00, 0.00, 0.00, 0.00, 895.50, 0.00, 0.00, 0.00, NULL, '2018-07-01 23:02:53', NULL, NULL, 1);
INSERT INTO `ub_corrispettivi` (`id`, `data`, `corrispettivo`, `pos`, `posBanca`, `satispay`, `sumup`, `totale`, `fatture`, `fattureContante`, `fatturePOS`, `note`, `created_at`, `updated_at`, `sign`, `is_active`) VALUES (550, '2018-07-02', 586.50, 219.50, 0.00, 0.00, 0.00, 626.00, 0.00, 0.00, 0.00, NULL, '2018-07-03 00:02:38', NULL, NULL, 1);
INSERT INTO `ub_corrispettivi` (`id`, `data`, `corrispettivo`, `pos`, `posBanca`, `satispay`, `sumup`, `totale`, `fatture`, `fattureContante`, `fatturePOS`, `note`, `created_at`, `updated_at`, `sign`, `is_active`) VALUES (551, '2018-07-03', 461.50, 54.50, 0.00, 0.00, 0.00, 525.00, 0.00, 0.00, 0.00, NULL, '2018-07-04 00:23:05', NULL, NULL, 1);
INSERT INTO `ub_corrispettivi` (`id`, `data`, `corrispettivo`, `pos`, `posBanca`, `satispay`, `sumup`, `totale`, `fatture`, `fattureContante`, `fatturePOS`, `note`, `created_at`, `updated_at`, `sign`, `is_active`) VALUES (552, '2018-07-04', 892.50, 449.00, 0.00, 0.00, 0.00, 899.00, 0.00, 0.00, 0.00, NULL, '2018-07-04 23:45:28', NULL, NULL, 1);
INSERT INTO `ub_corrispettivi` (`id`, `data`, `corrispettivo`, `pos`, `posBanca`, `satispay`, `sumup`, `totale`, `fatture`, `fattureContante`, `fatturePOS`, `note`, `created_at`, `updated_at`, `sign`, `is_active`) VALUES (553, '2018-07-05', 1033.00, 723.00, 0.00, 0.00, 0.00, 1241.00, 0.00, 0.00, 0.00, NULL, '2018-07-06 01:14:27', NULL, NULL, 1);
INSERT INTO `ub_corrispettivi` (`id`, `data`, `corrispettivo`, `pos`, `posBanca`, `satispay`, `sumup`, `totale`, `fatture`, `fattureContante`, `fatturePOS`, `note`, `created_at`, `updated_at`, `sign`, `is_active`) VALUES (554, '2018-07-06', 1391.50, 875.50, 0.00, 0.00, 0.00, 1487.00, 0.00, 0.00, 0.00, NULL, '2018-07-07 01:17:52', NULL, NULL, 1);
INSERT INTO `ub_corrispettivi` (`id`, `data`, `corrispettivo`, `pos`, `posBanca`, `satispay`, `sumup`, `totale`, `fatture`, `fattureContante`, `fatturePOS`, `note`, `created_at`, `updated_at`, `sign`, `is_active`) VALUES (555, '2018-07-07', 1651.50, 928.00, 0.00, 0.00, 0.00, 1698.00, 0.00, 0.00, 0.00, NULL, '2018-07-08 00:38:19', NULL, NULL, 1);
INSERT INTO `ub_corrispettivi` (`id`, `data`, `corrispettivo`, `pos`, `posBanca`, `satispay`, `sumup`, `totale`, `fatture`, `fattureContante`, `fatturePOS`, `note`, `created_at`, `updated_at`, `sign`, `is_active`) VALUES (556, '2018-07-08', 1238.00, 621.00, 0.00, 0.00, 0.00, 1395.50, 0.00, 0.00, 0.00, NULL, '2018-07-08 23:51:18', '2018-07-09 00:04:02', NULL, 1);
INSERT INTO `ub_corrispettivi` (`id`, `data`, `corrispettivo`, `pos`, `posBanca`, `satispay`, `sumup`, `totale`, `fatture`, `fattureContante`, `fatturePOS`, `note`, `created_at`, `updated_at`, `sign`, `is_active`) VALUES (557, '2018-07-09', 630.50, 208.50, 0.00, 0.00, 0.00, 640.00, 0.00, 0.00, 0.00, NULL, '2018-07-09 23:44:47', NULL, NULL, 1);
INSERT INTO `ub_corrispettivi` (`id`, `data`, `corrispettivo`, `pos`, `posBanca`, `satispay`, `sumup`, `totale`, `fatture`, `fattureContante`, `fatturePOS`, `note`, `created_at`, `updated_at`, `sign`, `is_active`) VALUES (558, '2018-07-10', 1036.00, 254.00, 0.00, 0.00, 0.00, 1130.00, 0.00, 0.00, 0.00, NULL, '2018-07-10 23:59:35', NULL, NULL, 1);
INSERT INTO `ub_corrispettivi` (`id`, `data`, `corrispettivo`, `pos`, `posBanca`, `satispay`, `sumup`, `totale`, `fatture`, `fattureContante`, `fatturePOS`, `note`, `created_at`, `updated_at`, `sign`, `is_active`) VALUES (559, '2018-07-11', 983.50, 579.00, 0.00, 0.00, 0.00, 1039.50, 0.00, 0.00, 0.00, NULL, '2018-07-11 23:15:19', NULL, NULL, 1);
INSERT INTO `ub_corrispettivi` (`id`, `data`, `corrispettivo`, `pos`, `posBanca`, `satispay`, `sumup`, `totale`, `fatture`, `fattureContante`, `fatturePOS`, `note`, `created_at`, `updated_at`, `sign`, `is_active`) VALUES (560, '2018-07-12', 735.00, 416.00, 0.00, 0.00, 0.00, 886.00, 0.00, 0.00, 0.00, NULL, '2018-07-12 23:15:59', '2018-07-13 00:20:05', NULL, 1);
INSERT INTO `ub_corrispettivi` (`id`, `data`, `corrispettivo`, `pos`, `posBanca`, `satispay`, `sumup`, `totale`, `fatture`, `fattureContante`, `fatturePOS`, `note`, `created_at`, `updated_at`, `sign`, `is_active`) VALUES (561, '2018-07-13', 1217.50, 312.50, 0.00, 0.00, 0.00, 1376.50, 46.50, 0.00, 0.00, NULL, '2018-07-14 01:37:32', NULL, NULL, 1);
INSERT INTO `ub_corrispettivi` (`id`, `data`, `corrispettivo`, `pos`, `posBanca`, `satispay`, `sumup`, `totale`, `fatture`, `fattureContante`, `fatturePOS`, `note`, `created_at`, `updated_at`, `sign`, `is_active`) VALUES (562, '2018-07-14', 1301.50, 503.00, 0.00, 0.00, 0.00, 1379.50, 0.00, 0.00, 0.00, NULL, '2018-07-15 02:02:41', NULL, NULL, 1);
INSERT INTO `ub_corrispettivi` (`id`, `data`, `corrispettivo`, `pos`, `posBanca`, `satispay`, `sumup`, `totale`, `fatture`, `fattureContante`, `fatturePOS`, `note`, `created_at`, `updated_at`, `sign`, `is_active`) VALUES (563, '2018-07-15', 1196.50, 325.50, 0.00, 0.00, 0.00, 1206.00, 0.00, 0.00, 0.00, NULL, '2018-07-15 23:14:34', NULL, NULL, 1);
INSERT INTO `ub_corrispettivi` (`id`, `data`, `corrispettivo`, `pos`, `posBanca`, `satispay`, `sumup`, `totale`, `fatture`, `fattureContante`, `fatturePOS`, `note`, `created_at`, `updated_at`, `sign`, `is_active`) VALUES (564, '2018-07-16', 560.50, 220.50, 0.00, 0.00, 0.00, 691.00, 0.00, 0.00, 0.00, NULL, '2018-07-16 23:10:44', NULL, NULL, 1);
INSERT INTO `ub_corrispettivi` (`id`, `data`, `corrispettivo`, `pos`, `posBanca`, `satispay`, `sumup`, `totale`, `fatture`, `fattureContante`, `fatturePOS`, `note`, `created_at`, `updated_at`, `sign`, `is_active`) VALUES (565, '2018-07-17', 1070.00, 693.00, 0.00, 0.00, 0.00, 1078.00, 0.00, 0.00, 0.00, NULL, '2018-07-18 00:27:56', NULL, NULL, 1);
INSERT INTO `ub_corrispettivi` (`id`, `data`, `corrispettivo`, `pos`, `posBanca`, `satispay`, `sumup`, `totale`, `fatture`, `fattureContante`, `fatturePOS`, `note`, `created_at`, `updated_at`, `sign`, `is_active`) VALUES (566, '2018-07-18', 936.50, 332.00, 0.00, 0.00, 0.00, 984.50, 0.00, 0.00, 0.00, NULL, '2018-07-18 23:24:51', NULL, NULL, 1);
INSERT INTO `ub_corrispettivi` (`id`, `data`, `corrispettivo`, `pos`, `posBanca`, `satispay`, `sumup`, `totale`, `fatture`, `fattureContante`, `fatturePOS`, `note`, `created_at`, `updated_at`, `sign`, `is_active`) VALUES (567, '2018-07-19', 798.50, 338.10, 0.00, 0.00, 0.00, 820.60, 0.00, 0.00, 0.00, NULL, '2018-07-19 22:32:09', NULL, NULL, 1);
INSERT INTO `ub_corrispettivi` (`id`, `data`, `corrispettivo`, `pos`, `posBanca`, `satispay`, `sumup`, `totale`, `fatture`, `fattureContante`, `fatturePOS`, `note`, `created_at`, `updated_at`, `sign`, `is_active`) VALUES (568, '2018-07-20', 1155.00, 372.50, 0.00, 0.00, 0.00, 1172.50, 0.00, 0.00, 0.00, NULL, '2018-07-21 00:12:34', NULL, NULL, 1);
INSERT INTO `ub_corrispettivi` (`id`, `data`, `corrispettivo`, `pos`, `posBanca`, `satispay`, `sumup`, `totale`, `fatture`, `fattureContante`, `fatturePOS`, `note`, `created_at`, `updated_at`, `sign`, `is_active`) VALUES (569, '2018-07-21', 1786.00, 801.50, 0.00, 0.00, 0.00, 1968.50, 117.00, 0.00, 0.00, NULL, '2018-07-21 23:25:22', NULL, NULL, 1);
INSERT INTO `ub_corrispettivi` (`id`, `data`, `corrispettivo`, `pos`, `posBanca`, `satispay`, `sumup`, `totale`, `fatture`, `fattureContante`, `fatturePOS`, `note`, `created_at`, `updated_at`, `sign`, `is_active`) VALUES (570, '2018-07-22', 675.50, 158.00, 0.00, 0.00, 0.00, 713.00, 0.00, 0.00, 0.00, NULL, '2018-07-22 21:41:39', NULL, NULL, 1);
INSERT INTO `ub_corrispettivi` (`id`, `data`, `corrispettivo`, `pos`, `posBanca`, `satispay`, `sumup`, `totale`, `fatture`, `fattureContante`, `fatturePOS`, `note`, `created_at`, `updated_at`, `sign`, `is_active`) VALUES (571, '2018-07-23', 838.00, 487.50, 0.00, 0.00, 0.00, 930.00, 56.00, 0.00, 0.00, NULL, '2018-07-24 00:02:51', NULL, NULL, 1);
INSERT INTO `ub_corrispettivi` (`id`, `data`, `corrispettivo`, `pos`, `posBanca`, `satispay`, `sumup`, `totale`, `fatture`, `fattureContante`, `fatturePOS`, `note`, `created_at`, `updated_at`, `sign`, `is_active`) VALUES (572, '2018-07-24', 781.50, 93.00, 0.00, 0.00, 0.00, 815.50, 0.00, 0.00, 0.00, NULL, '2018-07-25 00:01:37', NULL, NULL, 1);
INSERT INTO `ub_corrispettivi` (`id`, `data`, `corrispettivo`, `pos`, `posBanca`, `satispay`, `sumup`, `totale`, `fatture`, `fattureContante`, `fatturePOS`, `note`, `created_at`, `updated_at`, `sign`, `is_active`) VALUES (573, '2018-07-25', 759.50, 453.50, 0.00, 0.00, 0.00, 909.00, 60.00, 0.00, 0.00, NULL, '2018-07-25 23:55:33', NULL, NULL, 1);
INSERT INTO `ub_corrispettivi` (`id`, `data`, `corrispettivo`, `pos`, `posBanca`, `satispay`, `sumup`, `totale`, `fatture`, `fattureContante`, `fatturePOS`, `note`, `created_at`, `updated_at`, `sign`, `is_active`) VALUES (574, '2018-07-26', 984.50, 488.00, 0.00, 0.00, 0.00, 1134.00, 69.00, 0.00, 0.00, NULL, '2018-07-27 00:44:11', NULL, NULL, 1);
INSERT INTO `ub_corrispettivi` (`id`, `data`, `corrispettivo`, `pos`, `posBanca`, `satispay`, `sumup`, `totale`, `fatture`, `fattureContante`, `fatturePOS`, `note`, `created_at`, `updated_at`, `sign`, `is_active`) VALUES (575, '2018-07-27', 1101.00, 547.50, 0.00, 0.00, 0.00, 1167.50, 0.00, 0.00, 0.00, NULL, '2018-07-28 01:34:45', NULL, NULL, 1);
INSERT INTO `ub_corrispettivi` (`id`, `data`, `corrispettivo`, `pos`, `posBanca`, `satispay`, `sumup`, `totale`, `fatture`, `fattureContante`, `fatturePOS`, `note`, `created_at`, `updated_at`, `sign`, `is_active`) VALUES (576, '2018-07-28', 1382.00, 775.50, 0.00, 0.00, 0.00, 1465.50, 0.00, 0.00, 0.00, NULL, '2018-07-29 00:19:19', NULL, NULL, 1);
INSERT INTO `ub_corrispettivi` (`id`, `data`, `corrispettivo`, `pos`, `posBanca`, `satispay`, `sumup`, `totale`, `fatture`, `fattureContante`, `fatturePOS`, `note`, `created_at`, `updated_at`, `sign`, `is_active`) VALUES (577, '2018-07-29', 1218.50, 375.00, 0.00, 0.00, 0.00, 1197.50, 0.00, 0.00, 0.00, NULL, '2018-07-29 23:38:40', NULL, NULL, 1);
INSERT INTO `ub_corrispettivi` (`id`, `data`, `corrispettivo`, `pos`, `posBanca`, `satispay`, `sumup`, `totale`, `fatture`, `fattureContante`, `fatturePOS`, `note`, `created_at`, `updated_at`, `sign`, `is_active`) VALUES (578, '2018-07-30', 1151.00, 495.50, 0.00, 0.00, 0.00, 1191.00, 0.00, 0.00, 0.00, NULL, '2018-07-30 23:11:22', NULL, NULL, 1);
INSERT INTO `ub_corrispettivi` (`id`, `data`, `corrispettivo`, `pos`, `posBanca`, `satispay`, `sumup`, `totale`, `fatture`, `fattureContante`, `fatturePOS`, `note`, `created_at`, `updated_at`, `sign`, `is_active`) VALUES (579, '2018-07-31', 1420.50, 445.50, 0.00, 0.00, 0.00, 1546.50, 0.00, 0.00, 0.00, NULL, '2018-08-01 00:19:08', '2018-08-01 22:53:56', NULL, 1);
INSERT INTO `ub_corrispettivi` (`id`, `data`, `corrispettivo`, `pos`, `posBanca`, `satispay`, `sumup`, `totale`, `fatture`, `fattureContante`, `fatturePOS`, `note`, `created_at`, `updated_at`, `sign`, `is_active`) VALUES (580, '2018-08-01', 974.50, 334.00, 0.00, 0.00, 0.00, 1051.00, 65.00, 0.00, 0.00, NULL, '2018-08-01 22:53:02', NULL, NULL, 1);
INSERT INTO `ub_corrispettivi` (`id`, `data`, `corrispettivo`, `pos`, `posBanca`, `satispay`, `sumup`, `totale`, `fatture`, `fattureContante`, `fatturePOS`, `note`, `created_at`, `updated_at`, `sign`, `is_active`) VALUES (581, '2018-08-02', 790.00, 385.50, 0.00, 0.00, 0.00, 821.00, 0.00, 0.00, 0.00, NULL, '2018-08-02 22:39:41', NULL, NULL, 1);
INSERT INTO `ub_corrispettivi` (`id`, `data`, `corrispettivo`, `pos`, `posBanca`, `satispay`, `sumup`, `totale`, `fatture`, `fattureContante`, `fatturePOS`, `note`, `created_at`, `updated_at`, `sign`, `is_active`) VALUES (582, '2018-08-03', 1167.00, 631.50, 0.00, 0.00, 0.00, 1247.00, 49.00, 0.00, 0.00, NULL, '2018-08-04 01:02:41', NULL, NULL, 1);
INSERT INTO `ub_corrispettivi` (`id`, `data`, `corrispettivo`, `pos`, `posBanca`, `satispay`, `sumup`, `totale`, `fatture`, `fattureContante`, `fatturePOS`, `note`, `created_at`, `updated_at`, `sign`, `is_active`) VALUES (583, '2018-08-04', 1365.50, 446.50, 0.00, 0.00, 0.00, 1457.50, 0.00, 0.00, 0.00, NULL, '2018-08-05 01:25:42', NULL, NULL, 1);
INSERT INTO `ub_corrispettivi` (`id`, `data`, `corrispettivo`, `pos`, `posBanca`, `satispay`, `sumup`, `totale`, `fatture`, `fattureContante`, `fatturePOS`, `note`, `created_at`, `updated_at`, `sign`, `is_active`) VALUES (584, '2018-08-05', 1047.00, 295.00, 0.00, 0.00, 0.00, 1057.00, 0.00, 0.00, 0.00, NULL, '2018-08-05 22:36:47', NULL, NULL, 1);
INSERT INTO `ub_corrispettivi` (`id`, `data`, `corrispettivo`, `pos`, `posBanca`, `satispay`, `sumup`, `totale`, `fatture`, `fattureContante`, `fatturePOS`, `note`, `created_at`, `updated_at`, `sign`, `is_active`) VALUES (585, '2018-08-06', 651.50, 99.00, 0.00, 0.00, 0.00, 812.00, 0.00, 0.00, 0.00, NULL, '2018-08-06 23:46:16', '2018-08-07 00:21:01', NULL, 1);
INSERT INTO `ub_corrispettivi` (`id`, `data`, `corrispettivo`, `pos`, `posBanca`, `satispay`, `sumup`, `totale`, `fatture`, `fattureContante`, `fatturePOS`, `note`, `created_at`, `updated_at`, `sign`, `is_active`) VALUES (586, '2018-08-07', 804.50, 368.50, 0.00, 0.00, 0.00, 887.50, 0.00, 0.00, 0.00, NULL, '2018-08-07 23:09:45', '2018-08-07 23:10:14', NULL, 1);
INSERT INTO `ub_corrispettivi` (`id`, `data`, `corrispettivo`, `pos`, `posBanca`, `satispay`, `sumup`, `totale`, `fatture`, `fattureContante`, `fatturePOS`, `note`, `created_at`, `updated_at`, `sign`, `is_active`) VALUES (587, '2018-08-08', 1262.00, 329.50, 0.00, 0.00, 0.00, 1331.00, 0.00, 0.00, 0.00, NULL, '2018-08-08 23:19:07', NULL, NULL, 1);
INSERT INTO `ub_corrispettivi` (`id`, `data`, `corrispettivo`, `pos`, `posBanca`, `satispay`, `sumup`, `totale`, `fatture`, `fattureContante`, `fatturePOS`, `note`, `created_at`, `updated_at`, `sign`, `is_active`) VALUES (588, '2018-08-09', 1446.50, 564.00, 0.00, 0.00, 0.00, 1381.00, 0.00, 0.00, 0.00, NULL, '2018-08-09 23:51:50', '2018-08-11 01:53:09', NULL, 1);
INSERT INTO `ub_corrispettivi` (`id`, `data`, `corrispettivo`, `pos`, `posBanca`, `satispay`, `sumup`, `totale`, `fatture`, `fattureContante`, `fatturePOS`, `note`, `created_at`, `updated_at`, `sign`, `is_active`) VALUES (589, '2018-08-10', 1631.50, 863.00, 0.00, 0.00, 0.00, 1714.00, 0.00, 0.00, 0.00, NULL, '2018-08-11 01:37:04', '2018-08-11 01:53:44', NULL, 1);
INSERT INTO `ub_corrispettivi` (`id`, `data`, `corrispettivo`, `pos`, `posBanca`, `satispay`, `sumup`, `totale`, `fatture`, `fattureContante`, `fatturePOS`, `note`, `created_at`, `updated_at`, `sign`, `is_active`) VALUES (590, '2018-08-11', 1887.50, 805.00, 0.00, 0.00, 0.00, 2140.50, 100.00, 0.00, 0.00, NULL, '2018-08-12 02:08:08', NULL, NULL, 1);
INSERT INTO `ub_corrispettivi` (`id`, `data`, `corrispettivo`, `pos`, `posBanca`, `satispay`, `sumup`, `totale`, `fatture`, `fattureContante`, `fatturePOS`, `note`, `created_at`, `updated_at`, `sign`, `is_active`) VALUES (591, '2018-08-12', 777.50, 242.50, 0.00, 0.00, 0.00, 806.00, 0.00, 0.00, 0.00, NULL, '2018-08-13 00:39:29', NULL, NULL, 1);
INSERT INTO `ub_corrispettivi` (`id`, `data`, `corrispettivo`, `pos`, `posBanca`, `satispay`, `sumup`, `totale`, `fatture`, `fattureContante`, `fatturePOS`, `note`, `created_at`, `updated_at`, `sign`, `is_active`) VALUES (592, '2018-08-13', 1523.00, 652.50, 0.00, 0.00, 0.00, 1684.50, 49.00, 0.00, 0.00, NULL, '2018-08-14 00:08:45', NULL, NULL, 1);
INSERT INTO `ub_corrispettivi` (`id`, `data`, `corrispettivo`, `pos`, `posBanca`, `satispay`, `sumup`, `totale`, `fatture`, `fattureContante`, `fatturePOS`, `note`, `created_at`, `updated_at`, `sign`, `is_active`) VALUES (593, '2018-08-14', 1685.00, 831.00, 0.00, 0.00, 0.00, 1766.50, 0.00, 0.00, 0.00, NULL, '2018-08-15 01:16:53', '2018-08-15 01:31:53', NULL, 1);
INSERT INTO `ub_corrispettivi` (`id`, `data`, `corrispettivo`, `pos`, `posBanca`, `satispay`, `sumup`, `totale`, `fatture`, `fattureContante`, `fatturePOS`, `note`, `created_at`, `updated_at`, `sign`, `is_active`) VALUES (594, '2018-08-15', 1680.00, 681.50, 0.00, 0.00, 0.00, 1758.50, 0.00, 0.00, 0.00, NULL, '2018-08-16 00:10:53', NULL, NULL, 1);
INSERT INTO `ub_corrispettivi` (`id`, `data`, `corrispettivo`, `pos`, `posBanca`, `satispay`, `sumup`, `totale`, `fatture`, `fattureContante`, `fatturePOS`, `note`, `created_at`, `updated_at`, `sign`, `is_active`) VALUES (595, '2018-08-16', 1116.50, 320.00, 0.00, 0.00, 0.00, 1310.00, 0.00, 0.00, 0.00, NULL, '2018-08-17 00:18:12', NULL, NULL, 1);
INSERT INTO `ub_corrispettivi` (`id`, `data`, `corrispettivo`, `pos`, `posBanca`, `satispay`, `sumup`, `totale`, `fatture`, `fattureContante`, `fatturePOS`, `note`, `created_at`, `updated_at`, `sign`, `is_active`) VALUES (596, '2018-08-17', 1096.50, 533.00, 0.00, 0.00, 0.00, 1149.50, 0.00, 0.00, 0.00, NULL, '2018-08-17 23:43:43', NULL, NULL, 1);
INSERT INTO `ub_corrispettivi` (`id`, `data`, `corrispettivo`, `pos`, `posBanca`, `satispay`, `sumup`, `totale`, `fatture`, `fattureContante`, `fatturePOS`, `note`, `created_at`, `updated_at`, `sign`, `is_active`) VALUES (597, '2018-08-18', 1896.00, 756.00, 0.00, 0.00, 0.00, 2008.50, 0.00, 0.00, 0.00, NULL, '2018-08-19 01:38:54', NULL, NULL, 1);
INSERT INTO `ub_corrispettivi` (`id`, `data`, `corrispettivo`, `pos`, `posBanca`, `satispay`, `sumup`, `totale`, `fatture`, `fattureContante`, `fatturePOS`, `note`, `created_at`, `updated_at`, `sign`, `is_active`) VALUES (598, '2018-08-19', 1366.50, 560.00, 0.00, 0.00, 0.00, 1443.50, 0.00, 0.00, 0.00, NULL, '2018-08-19 22:59:17', NULL, NULL, 1);
INSERT INTO `ub_corrispettivi` (`id`, `data`, `corrispettivo`, `pos`, `posBanca`, `satispay`, `sumup`, `totale`, `fatture`, `fattureContante`, `fatturePOS`, `note`, `created_at`, `updated_at`, `sign`, `is_active`) VALUES (599, '2018-08-20', 972.50, 622.50, 0.00, 0.00, 0.00, 1038.00, 0.00, 0.00, 0.00, NULL, '2018-08-21 00:43:20', NULL, NULL, 1);
INSERT INTO `ub_corrispettivi` (`id`, `data`, `corrispettivo`, `pos`, `posBanca`, `satispay`, `sumup`, `totale`, `fatture`, `fattureContante`, `fatturePOS`, `note`, `created_at`, `updated_at`, `sign`, `is_active`) VALUES (600, '2018-08-21', 1129.50, 322.50, 0.00, 0.00, 0.00, 1273.50, 0.00, 0.00, 0.00, NULL, '2018-08-21 23:36:10', NULL, NULL, 1);
INSERT INTO `ub_corrispettivi` (`id`, `data`, `corrispettivo`, `pos`, `posBanca`, `satispay`, `sumup`, `totale`, `fatture`, `fattureContante`, `fatturePOS`, `note`, `created_at`, `updated_at`, `sign`, `is_active`) VALUES (601, '2018-08-22', 1402.00, 427.00, 0.00, 0.00, 0.00, 1527.00, 22.00, 0.00, 0.00, NULL, '2018-08-23 00:59:24', NULL, NULL, 1);
INSERT INTO `ub_corrispettivi` (`id`, `data`, `corrispettivo`, `pos`, `posBanca`, `satispay`, `sumup`, `totale`, `fatture`, `fattureContante`, `fatturePOS`, `note`, `created_at`, `updated_at`, `sign`, `is_active`) VALUES (602, '2018-08-23', 1782.00, 576.00, 0.00, 0.00, 0.00, 2084.50, 36.00, 0.00, 0.00, NULL, '2018-08-24 00:45:45', NULL, NULL, 1);
INSERT INTO `ub_corrispettivi` (`id`, `data`, `corrispettivo`, `pos`, `posBanca`, `satispay`, `sumup`, `totale`, `fatture`, `fattureContante`, `fatturePOS`, `note`, `created_at`, `updated_at`, `sign`, `is_active`) VALUES (603, '2018-08-24', 1572.50, 479.50, 0.00, 0.00, 0.00, 1686.50, 0.00, 0.00, 0.00, NULL, '2018-08-25 00:48:21', '2018-08-26 01:07:38', NULL, 1);
INSERT INTO `ub_corrispettivi` (`id`, `data`, `corrispettivo`, `pos`, `posBanca`, `satispay`, `sumup`, `totale`, `fatture`, `fattureContante`, `fatturePOS`, `note`, `created_at`, `updated_at`, `sign`, `is_active`) VALUES (604, '2018-08-25', 1892.00, 628.00, 0.00, 0.00, 0.00, 1953.00, 0.00, 0.00, 0.00, NULL, '2018-08-26 01:08:13', NULL, NULL, 1);
INSERT INTO `ub_corrispettivi` (`id`, `data`, `corrispettivo`, `pos`, `posBanca`, `satispay`, `sumup`, `totale`, `fatture`, `fattureContante`, `fatturePOS`, `note`, `created_at`, `updated_at`, `sign`, `is_active`) VALUES (605, '2018-08-26', 1315.50, 340.50, 0.00, 0.00, 0.00, 1483.00, 90.00, 0.00, 0.00, NULL, '2018-08-26 23:32:25', '2018-08-26 23:35:58', NULL, 1);
INSERT INTO `ub_corrispettivi` (`id`, `data`, `corrispettivo`, `pos`, `posBanca`, `satispay`, `sumup`, `totale`, `fatture`, `fattureContante`, `fatturePOS`, `note`, `created_at`, `updated_at`, `sign`, `is_active`) VALUES (606, '2018-08-27', 938.50, 298.00, 0.00, 0.00, 0.00, 997.50, 0.00, 0.00, 0.00, NULL, '2018-08-27 23:01:51', NULL, NULL, 1);
INSERT INTO `ub_corrispettivi` (`id`, `data`, `corrispettivo`, `pos`, `posBanca`, `satispay`, `sumup`, `totale`, `fatture`, `fattureContante`, `fatturePOS`, `note`, `created_at`, `updated_at`, `sign`, `is_active`) VALUES (607, '2018-08-28', 840.00, 320.00, 0.00, 0.00, 0.00, 1021.00, 0.00, 0.00, 0.00, NULL, '2018-08-29 00:12:00', NULL, NULL, 1);
INSERT INTO `ub_corrispettivi` (`id`, `data`, `corrispettivo`, `pos`, `posBanca`, `satispay`, `sumup`, `totale`, `fatture`, `fattureContante`, `fatturePOS`, `note`, `created_at`, `updated_at`, `sign`, `is_active`) VALUES (608, '2018-08-29', 981.50, 621.00, 0.00, 0.00, 0.00, 1298.50, 268.00, 0.00, 0.00, NULL, '2018-08-29 23:49:39', NULL, NULL, 1);
INSERT INTO `ub_corrispettivi` (`id`, `data`, `corrispettivo`, `pos`, `posBanca`, `satispay`, `sumup`, `totale`, `fatture`, `fattureContante`, `fatturePOS`, `note`, `created_at`, `updated_at`, `sign`, `is_active`) VALUES (609, '2018-08-30', 1239.00, 694.00, 0.00, 0.00, 0.00, 1480.50, 91.50, 0.00, 0.00, NULL, '2018-08-30 23:41:57', '2018-08-31 09:28:49', NULL, 1);
INSERT INTO `ub_corrispettivi` (`id`, `data`, `corrispettivo`, `pos`, `posBanca`, `satispay`, `sumup`, `totale`, `fatture`, `fattureContante`, `fatturePOS`, `note`, `created_at`, `updated_at`, `sign`, `is_active`) VALUES (610, '2018-08-31', 1149.00, 447.50, 0.00, 0.00, 0.00, 1375.00, 56.00, 0.00, 0.00, NULL, '2018-09-01 00:16:47', NULL, NULL, 1);
INSERT INTO `ub_corrispettivi` (`id`, `data`, `corrispettivo`, `pos`, `posBanca`, `satispay`, `sumup`, `totale`, `fatture`, `fattureContante`, `fatturePOS`, `note`, `created_at`, `updated_at`, `sign`, `is_active`) VALUES (611, '2018-09-01', 1902.00, 509.00, 0.00, 0.00, 0.00, 2185.00, 0.00, 0.00, 0.00, NULL, '2018-09-02 02:26:02', NULL, NULL, 1);
INSERT INTO `ub_corrispettivi` (`id`, `data`, `corrispettivo`, `pos`, `posBanca`, `satispay`, `sumup`, `totale`, `fatture`, `fattureContante`, `fatturePOS`, `note`, `created_at`, `updated_at`, `sign`, `is_active`) VALUES (612, '2018-09-02', 955.50, 408.50, 0.00, 0.00, 0.00, 1060.00, 0.00, 0.00, 0.00, NULL, '2018-09-02 22:47:23', NULL, NULL, 1);
INSERT INTO `ub_corrispettivi` (`id`, `data`, `corrispettivo`, `pos`, `posBanca`, `satispay`, `sumup`, `totale`, `fatture`, `fattureContante`, `fatturePOS`, `note`, `created_at`, `updated_at`, `sign`, `is_active`) VALUES (613, '2018-09-03', 1324.50, 670.50, 0.00, 0.00, 0.00, 1436.50, 0.00, 0.00, 0.00, NULL, '2018-09-03 23:52:47', NULL, NULL, 1);
INSERT INTO `ub_corrispettivi` (`id`, `data`, `corrispettivo`, `pos`, `posBanca`, `satispay`, `sumup`, `totale`, `fatture`, `fattureContante`, `fatturePOS`, `note`, `created_at`, `updated_at`, `sign`, `is_active`) VALUES (614, '2018-09-04', 1176.50, 713.50, 0.00, 0.00, 0.00, 1445.50, 0.00, 0.00, 0.00, NULL, '2018-09-04 23:58:26', '2018-09-05 23:13:57', NULL, 1);
INSERT INTO `ub_corrispettivi` (`id`, `data`, `corrispettivo`, `pos`, `posBanca`, `satispay`, `sumup`, `totale`, `fatture`, `fattureContante`, `fatturePOS`, `note`, `created_at`, `updated_at`, `sign`, `is_active`) VALUES (615, '2018-09-05', 724.50, 224.00, 0.00, 0.00, 0.00, 809.50, 0.00, 0.00, 0.00, NULL, '2018-09-05 23:14:25', NULL, NULL, 1);
INSERT INTO `ub_corrispettivi` (`id`, `data`, `corrispettivo`, `pos`, `posBanca`, `satispay`, `sumup`, `totale`, `fatture`, `fattureContante`, `fatturePOS`, `note`, `created_at`, `updated_at`, `sign`, `is_active`) VALUES (616, '2018-09-06', 1593.50, 198.50, 0.00, 0.00, 0.00, 1738.00, 0.00, 0.00, 0.00, NULL, '2018-09-07 00:18:41', NULL, NULL, 1);
INSERT INTO `ub_corrispettivi` (`id`, `data`, `corrispettivo`, `pos`, `posBanca`, `satispay`, `sumup`, `totale`, `fatture`, `fattureContante`, `fatturePOS`, `note`, `created_at`, `updated_at`, `sign`, `is_active`) VALUES (617, '2018-09-07', 1427.00, 392.50, 0.00, 0.00, 0.00, 1533.50, NULL, 0.00, 0.00, NULL, '2018-09-08 00:46:55', '2018-09-09 00:24:56', NULL, 1);
INSERT INTO `ub_corrispettivi` (`id`, `data`, `corrispettivo`, `pos`, `posBanca`, `satispay`, `sumup`, `totale`, `fatture`, `fattureContante`, `fatturePOS`, `note`, `created_at`, `updated_at`, `sign`, `is_active`) VALUES (618, '2018-09-08', 1889.00, 854.50, 0.00, 0.00, 0.00, 2026.00, 0.00, 0.00, 0.00, NULL, '2018-09-09 00:26:12', NULL, NULL, 1);
INSERT INTO `ub_corrispettivi` (`id`, `data`, `corrispettivo`, `pos`, `posBanca`, `satispay`, `sumup`, `totale`, `fatture`, `fattureContante`, `fatturePOS`, `note`, `created_at`, `updated_at`, `sign`, `is_active`) VALUES (619, '2018-09-09', 953.50, 368.00, 0.00, 0.00, 0.00, 1050.50, 0.00, 0.00, 0.00, NULL, '2018-09-09 22:52:37', '2018-09-09 23:10:03', NULL, 1);
INSERT INTO `ub_corrispettivi` (`id`, `data`, `corrispettivo`, `pos`, `posBanca`, `satispay`, `sumup`, `totale`, `fatture`, `fattureContante`, `fatturePOS`, `note`, `created_at`, `updated_at`, `sign`, `is_active`) VALUES (620, '2018-09-10', 675.50, 247.00, 0.00, 0.00, 0.00, 791.50, 57.00, 0.00, 0.00, NULL, '2018-09-11 00:17:06', NULL, NULL, 1);
INSERT INTO `ub_corrispettivi` (`id`, `data`, `corrispettivo`, `pos`, `posBanca`, `satispay`, `sumup`, `totale`, `fatture`, `fattureContante`, `fatturePOS`, `note`, `created_at`, `updated_at`, `sign`, `is_active`) VALUES (621, '2018-09-11', 607.00, 207.00, 0.00, 0.00, 0.00, 773.50, 0.00, 0.00, 0.00, NULL, '2018-09-11 23:59:39', NULL, NULL, 1);
INSERT INTO `ub_corrispettivi` (`id`, `data`, `corrispettivo`, `pos`, `posBanca`, `satispay`, `sumup`, `totale`, `fatture`, `fattureContante`, `fatturePOS`, `note`, `created_at`, `updated_at`, `sign`, `is_active`) VALUES (622, '2018-09-12', 398.00, 224.00, 0.00, 0.00, 0.00, 647.50, 98.50, 0.00, 0.00, NULL, '2018-09-13 00:06:43', NULL, NULL, 1);
INSERT INTO `ub_corrispettivi` (`id`, `data`, `corrispettivo`, `pos`, `posBanca`, `satispay`, `sumup`, `totale`, `fatture`, `fattureContante`, `fatturePOS`, `note`, `created_at`, `updated_at`, `sign`, `is_active`) VALUES (623, '2018-09-13', 771.00, 385.50, 0.00, 0.00, 0.00, 950.50, 0.00, 0.00, 0.00, NULL, '2018-09-13 23:19:29', NULL, NULL, 1);
INSERT INTO `ub_corrispettivi` (`id`, `data`, `corrispettivo`, `pos`, `posBanca`, `satispay`, `sumup`, `totale`, `fatture`, `fattureContante`, `fatturePOS`, `note`, `created_at`, `updated_at`, `sign`, `is_active`) VALUES (624, '2018-09-14', 1348.00, 771.50, 0.00, 0.00, 0.00, 1558.50, 0.00, 0.00, 0.00, NULL, '2018-09-15 00:19:20', NULL, NULL, 1);
INSERT INTO `ub_corrispettivi` (`id`, `data`, `corrispettivo`, `pos`, `posBanca`, `satispay`, `sumup`, `totale`, `fatture`, `fattureContante`, `fatturePOS`, `note`, `created_at`, `updated_at`, `sign`, `is_active`) VALUES (625, '2018-09-15', 1935.50, 641.00, 0.00, 0.00, 0.00, 2152.00, 47.00, 0.00, 0.00, NULL, '2018-09-16 02:21:26', NULL, NULL, 1);
INSERT INTO `ub_corrispettivi` (`id`, `data`, `corrispettivo`, `pos`, `posBanca`, `satispay`, `sumup`, `totale`, `fatture`, `fattureContante`, `fatturePOS`, `note`, `created_at`, `updated_at`, `sign`, `is_active`) VALUES (626, '2018-09-16', 1204.50, 341.00, 0.00, 0.00, 0.00, 1318.50, 0.00, 0.00, 0.00, NULL, '2018-09-16 23:26:54', NULL, NULL, 1);
INSERT INTO `ub_corrispettivi` (`id`, `data`, `corrispettivo`, `pos`, `posBanca`, `satispay`, `sumup`, `totale`, `fatture`, `fattureContante`, `fatturePOS`, `note`, `created_at`, `updated_at`, `sign`, `is_active`) VALUES (627, '2018-09-17', 606.50, 104.50, 0.00, 0.00, 0.00, 715.50, 0.00, 0.00, 0.00, NULL, '2018-09-17 23:15:14', NULL, NULL, 1);
INSERT INTO `ub_corrispettivi` (`id`, `data`, `corrispettivo`, `pos`, `posBanca`, `satispay`, `sumup`, `totale`, `fatture`, `fattureContante`, `fatturePOS`, `note`, `created_at`, `updated_at`, `sign`, `is_active`) VALUES (628, '2018-09-18', 597.50, 155.50, 0.00, 0.00, 0.00, 941.50, 12.50, 0.00, 0.00, NULL, '2018-09-19 00:33:11', NULL, NULL, 1);
INSERT INTO `ub_corrispettivi` (`id`, `data`, `corrispettivo`, `pos`, `posBanca`, `satispay`, `sumup`, `totale`, `fatture`, `fattureContante`, `fatturePOS`, `note`, `created_at`, `updated_at`, `sign`, `is_active`) VALUES (629, '2018-09-19', 690.50, 130.40, 0.00, 0.00, 0.00, 795.90, 0.00, 0.00, 0.00, NULL, '2018-09-19 22:49:01', NULL, NULL, 1);
INSERT INTO `ub_corrispettivi` (`id`, `data`, `corrispettivo`, `pos`, `posBanca`, `satispay`, `sumup`, `totale`, `fatture`, `fattureContante`, `fatturePOS`, `note`, `created_at`, `updated_at`, `sign`, `is_active`) VALUES (630, '2018-09-20', 735.00, 479.50, 0.00, 0.00, 0.00, 1042.50, 0.00, 0.00, 0.00, NULL, '2018-09-21 00:42:44', NULL, NULL, 1);
INSERT INTO `ub_corrispettivi` (`id`, `data`, `corrispettivo`, `pos`, `posBanca`, `satispay`, `sumup`, `totale`, `fatture`, `fattureContante`, `fatturePOS`, `note`, `created_at`, `updated_at`, `sign`, `is_active`) VALUES (631, '2018-09-21', 1343.50, 546.50, 0.00, 0.00, 0.00, 1536.00, 0.00, 0.00, 0.00, NULL, '2018-09-21 23:47:43', NULL, NULL, 1);
INSERT INTO `ub_corrispettivi` (`id`, `data`, `corrispettivo`, `pos`, `posBanca`, `satispay`, `sumup`, `totale`, `fatture`, `fattureContante`, `fatturePOS`, `note`, `created_at`, `updated_at`, `sign`, `is_active`) VALUES (632, '2018-09-22', 1697.00, 779.00, 0.00, 0.00, 0.00, 1837.50, 0.00, 0.00, 0.00, NULL, '2018-09-23 00:44:49', NULL, NULL, 1);
INSERT INTO `ub_corrispettivi` (`id`, `data`, `corrispettivo`, `pos`, `posBanca`, `satispay`, `sumup`, `totale`, `fatture`, `fattureContante`, `fatturePOS`, `note`, `created_at`, `updated_at`, `sign`, `is_active`) VALUES (633, '2018-09-23', 1151.00, 483.00, 0.00, 0.00, 0.00, 1268.50, 0.00, 0.00, 0.00, NULL, '2018-09-23 22:26:50', NULL, NULL, 1);
INSERT INTO `ub_corrispettivi` (`id`, `data`, `corrispettivo`, `pos`, `posBanca`, `satispay`, `sumup`, `totale`, `fatture`, `fattureContante`, `fatturePOS`, `note`, `created_at`, `updated_at`, `sign`, `is_active`) VALUES (634, '2018-09-24', 601.50, 165.00, 0.00, 0.00, 0.00, 672.50, 23.00, 0.00, 0.00, NULL, '2018-09-24 21:52:07', NULL, NULL, 1);
INSERT INTO `ub_corrispettivi` (`id`, `data`, `corrispettivo`, `pos`, `posBanca`, `satispay`, `sumup`, `totale`, `fatture`, `fattureContante`, `fatturePOS`, `note`, `created_at`, `updated_at`, `sign`, `is_active`) VALUES (635, '2018-09-25', 763.00, 332.50, 0.00, 0.00, 0.00, 821.50, 0.00, 0.00, 0.00, NULL, '2018-09-25 23:23:56', NULL, NULL, 1);
INSERT INTO `ub_corrispettivi` (`id`, `data`, `corrispettivo`, `pos`, `posBanca`, `satispay`, `sumup`, `totale`, `fatture`, `fattureContante`, `fatturePOS`, `note`, `created_at`, `updated_at`, `sign`, `is_active`) VALUES (636, '2018-09-26', 503.50, 210.50, 0.00, 0.00, 0.00, 561.50, 25.50, 0.00, 0.00, NULL, '2018-09-26 23:34:12', NULL, NULL, 1);
